NOAA-Style Climate Reports

Select a Year or Month report
2018: Jan Feb Mar Apr May Jun Jul Aug Sep Oct Nov Dec
2017: Jan Feb Mar Apr May Jun Jul Aug Sep Oct Nov Dec
2016: Jan Feb Mar Apr May Jun Jul Aug Sep Oct Nov Dec
2015: Jan Feb Mar Apr May Jun Jul Aug Sep Oct Nov Dec
2014: Jan Feb Mar Apr May Jun Jul Aug Sep Oct Nov Dec
2013: Jan Feb Mar Apr May Jun Jul Aug Sep Oct Nov Dec
2012: Jan Feb Mar Apr May Jun Jul Aug Sep Oct Nov Dec
2011: Jan Feb Mar Apr May Jun Jul Aug Sep Oct Nov Dec
2010: Jan Feb Mar Apr May Jun Jul Aug Sep Oct Nov Dec
2009: Jan Feb Mar Apr May Jun Jul Aug Sep Oct Nov Dec
2008: Jan Feb Mar Apr May Jun Jul Aug Sep Oct Nov Dec
2007: Jan Feb Mar Apr May Jun Jul Aug Sep Oct Nov Dec
2006: Jan Feb Mar Apr May Jun Jul Aug Sep Oct Nov Dec
2005: Jan Feb Mar Apr May Jun Jul Aug Sep Oct Nov Dec
2004: Jan Feb Mar Apr May Jun Jul Aug Sep Oct Nov Dec
2003: Jan Feb Mar Apr May Jun Jul Aug Sep Oct Nov Dec
2002: Jan Feb Mar Apr May Jun Jul Aug Sep Oct Nov Dec
2001: Jan Feb Mar Apr May Jun Jul Aug Sep Oct Nov Dec
2000: Jan Feb Mar Apr May Jun Jul Aug Sep Oct Nov Dec
1999: Jan Feb Mar Apr May Jun Jul Aug Sep Oct Nov Dec
1998: Jan Feb Mar Apr May Jun Jul Aug Sep Oct Nov Dec
1997: Jan Feb Mar Apr May Jun Jul Aug Sep Oct Nov Dec
1996: Jan Feb Mar Apr May Jun Jul Aug Sep Oct Nov Dec
1995: Jan Feb Mar Apr May Jun Jul Aug Sep Oct Nov Dec
1994: Jan Feb Mar Apr May Jun Jul Aug Sep Oct Nov Dec
1993: Jan Feb Mar Apr May Jun Jul Aug Sep Oct Nov Dec
1992: Jan Feb Mar Apr May Jun Jul Aug Sep Oct Nov Dec
1991: Jan Feb Mar Apr May Jun Jul Aug Sep Oct Nov Dec
1990: Jan Feb Mar Apr May Jun Jul Aug Sep Oct Nov Dec
1989: Jan Feb Mar Apr May Jun Jul Aug Sep Oct Nov Dec
1988: Jan Feb Mar Apr May Jun Jul Aug Sep Oct Nov Dec
1987: Jan Feb Mar Apr May Jun Jul Aug Sep Oct Nov Dec
1986: Jan Feb Mar Apr May Jun Jul Aug Sep Oct Nov Dec

Report for 1999 July
                  MONTHLY CLIMATOLOGICAL SUMMARY FOR 7/1999
                                        HEAT  COOL        
     MEAN                               DEG   DEG       WIND SPEED       DOM MEAN  MEAN
DAY  TEMP  HIGH   TIME     LOW   TIME   DAYS  DAYS RAIN AVG  HI  TIME    DIR BAROM HUM
---------------------------------------------------------------------------------------
1    65.3  86.0  3:53pm   54.0  4:53am   0.0 10.7  0.00  14  28  00:00   SSE  28.8 63.0
2    76.5  93.2 12:12pm   63.0  4:53am   0.0 19.9  0.00  16  30  00:00   SSW  28.5 29.5
3      76  91.9  1:53pm   64.0  2:53am   0.0 19.0  0.00  13  25  00:00   SSW  28.6 29.7
4      78  93.0  2:53pm   69.1 11:53pm   0.0 20.5  0.00  12  24  00:00    SW  28.5 26.9
5    70.4  87.1  9:53am   63.0  5:53am   0.0 13.8  0.00   9  16  00:00   ESE  28.8 44.2
6    68.6  84.0  1:53pm   55.9  5:53am   0.0 11.3  0.00  14  27  00:00   SSE  28.9 62.3
7    74.4  91.9  1:53pm   62.1  5:53am   0.0 18.2  0.00  13  25  00:00     S  28.7 44.0
8    68.2  84.0 10:53am   63.0  5:53am   0.0 11.1  0.09  10  18  00:00    SW  28.8 56.8
9    63.7  75.9  5:53pm   59.0 10:53pm   0.0  4.8  0.00   9  17  00:00   SSW  28.9 53.2
10   64.3  80.1  2:53pm   54.0  5:53am   0.0  7.2  0.00  12  22  00:00   SSE  28.8 50.2
11   61.6  77.0 11:53am   55.0  4:53am   0.0  4.3  0.04  13  24  00:00     W  28.8 57.4
12   66.1  82.9  2:53pm   52.0  5:53am   0.0  9.5  0.00   7  14  00:00   SSE  28.8 46.5
13   74.6  91.9  4:53pm   57.9  3:53am   0.0 18.3  0.00   8  15  00:00     S  28.6 29.3
14   73.2  84.9 12:53pm   69.1  5:53am   0.0 14.1  0.00   9  18  00:00    SW  28.6 33.0
15   69.1  80.1 12:53pm   64.0  5:53am   0.0  9.6  0.00   9  17  00:00    SW  28.6 43.7
16   61.8  70.0  4:53pm   59.0  8:53am   0.0  0.9  0.00   7  14  00:00    SW  29.1 69.1
17   66.4  84.9  2:53pm   55.9  6:53am   0.0 10.7  0.02  13  24  00:00     S  29.0 64.6
18   65.9  84.0  2:53pm   59.0  5:53am   0.0 10.0  0.12  18  36  00:00    SE  29.0 62.0
19   64.6  86.0  2:53pm   57.0  4:53am   0.0 10.3  1.96  18  36  00:00     S  29.1 68.7
20     66  82.0  2:53pm   55.9  3:53am   0.0  9.0  0.00   7  13  00:00   SSE  28.8 57.4
21   69.1  88.0 12:53pm   57.0  3:53am   0.0 13.6  0.00  14  27  00:00    SE  28.9 45.3
22   67.9  84.0  1:53pm   60.1  2:53am   0.0 11.0  0.00   9  17  00:00   WSW  28.9 50.3
23   72.6  90.0  3:53pm   59.0  4:53am   0.0 16.3  0.00   9  16  00:00   SSW  28.8 38.0
24   71.2  89.1 12:53pm   62.1  1:53am   0.0 15.2  0.07  13  25  00:00   SSW  28.8 48.6
25   70.1  88.0  2:53pm   63.0 12:53am   0.0 14.1  0.48  18  35  00:00    SW  28.8 52.0
26     71  88.0  3:53pm   60.1  3:53am   0.0 14.5  0.00  13  24  00:00   SSE  28.9 44.0
27     72  88.0  1:53pm   66.0  4:53am   0.0 15.0  0.00  10  20  00:00    SW  28.8 44.6
28   70.9  89.1  1:53pm   63.0  2:53am   0.0 15.0  0.20  14  28  00:00     W  28.9 53.8
29   70.3  87.1  1:53pm   60.1  4:53am   0.0 13.7  0.00  17  32  00:00    SW  28.7 47.8
30   65.7  86.0  1:20pm   57.0  5:53am   0.0 10.9  0.98  19  37  00:00    SW  29.1 70.5
31   61.1  73.9 12:53pm   55.9  5:53am   0.0  2.5  0.88   8  15  00:00   SSE  29.2 85.1