NOAA-Style Climate Reports

Select a Year or Month report
2018: Jan Feb Mar Apr May Jun Jul Aug Sep Oct Nov Dec
2017: Jan Feb Mar Apr May Jun Jul Aug Sep Oct Nov Dec
2016: Jan Feb Mar Apr May Jun Jul Aug Sep Oct Nov Dec
2015: Jan Feb Mar Apr May Jun Jul Aug Sep Oct Nov Dec
2014: Jan Feb Mar Apr May Jun Jul Aug Sep Oct Nov Dec
2013: Jan Feb Mar Apr May Jun Jul Aug Sep Oct Nov Dec
2012: Jan Feb Mar Apr May Jun Jul Aug Sep Oct Nov Dec
2011: Jan Feb Mar Apr May Jun Jul Aug Sep Oct Nov Dec
2010: Jan Feb Mar Apr May Jun Jul Aug Sep Oct Nov Dec
2009: Jan Feb Mar Apr May Jun Jul Aug Sep Oct Nov Dec
2008: Jan Feb Mar Apr May Jun Jul Aug Sep Oct Nov Dec
2007: Jan Feb Mar Apr May Jun Jul Aug Sep Oct Nov Dec
2006: Jan Feb Mar Apr May Jun Jul Aug Sep Oct Nov Dec
2005: Jan Feb Mar Apr May Jun Jul Aug Sep Oct Nov Dec
2004: Jan Feb Mar Apr May Jun Jul Aug Sep Oct Nov Dec
2003: Jan Feb Mar Apr May Jun Jul Aug Sep Oct Nov Dec
2002: Jan Feb Mar Apr May Jun Jul Aug Sep Oct Nov Dec
2001: Jan Feb Mar Apr May Jun Jul Aug Sep Oct Nov Dec
2000: Jan Feb Mar Apr May Jun Jul Aug Sep Oct Nov Dec
1999: Jan Feb Mar Apr May Jun Jul Aug Sep Oct Nov Dec
1998: Jan Feb Mar Apr May Jun Jul Aug Sep Oct Nov Dec
1997: Jan Feb Mar Apr May Jun Jul Aug Sep Oct Nov Dec
1996: Jan Feb Mar Apr May Jun Jul Aug Sep Oct Nov Dec
1995: Jan Feb Mar Apr May Jun Jul Aug Sep Oct Nov Dec
1994: Jan Feb Mar Apr May Jun Jul Aug Sep Oct Nov Dec
1993: Jan Feb Mar Apr May Jun Jul Aug Sep Oct Nov Dec
1992: Jan Feb Mar Apr May Jun Jul Aug Sep Oct Nov Dec
1991: Jan Feb Mar Apr May Jun Jul Aug Sep Oct Nov Dec
1990: Jan Feb Mar Apr May Jun Jul Aug Sep Oct Nov Dec
1989: Jan Feb Mar Apr May Jun Jul Aug Sep Oct Nov Dec
1988: Jan Feb Mar Apr May Jun Jul Aug Sep Oct Nov Dec
1987: Jan Feb Mar Apr May Jun Jul Aug Sep Oct Nov Dec
1986: Jan Feb Mar Apr May Jun Jul Aug Sep Oct Nov Dec

Report for 1999 August
                  MONTHLY CLIMATOLOGICAL SUMMARY FOR 8/1999
                                        HEAT  COOL        
     MEAN                               DEG   DEG       WIND SPEED       DOM MEAN  MEAN
DAY  TEMP  HIGH   TIME     LOW   TIME   DAYS  DAYS RAIN AVG  HI  TIME    DIR BAROM HUM
---------------------------------------------------------------------------------------
1    58.6  63.0  3:53pm   57.0 10:53pm   4.2  0.0  0.01   7  13  00:00     S  29.6 92.0
2    60.2  73.9  5:53pm   55.4  5:13am   0.0  2.1  0.00   6  10  00:00     E  29.4 79.0
3    63.4  75.0  1:53pm   54.0  5:53am   0.0  4.2  0.00   6  12  00:00   ESE  29.0 66.7
4    61.1  71.1 11:53am   57.2 11:40pm   0.0  1.1  0.98  14  27  00:00   SSE  29.3 80.9
5    60.4  71.1  3:53pm   57.2  2:26am   0.0  0.8  0.07   7  13  00:00     W  29.3 86.5
6      63  75.9  2:53pm   55.4  5:32am   0.0  4.5  0.01   9  16  00:00   WSW  29.0 77.7
7    64.3  81.0  1:53pm   57.9  5:53am   0.0  7.7  0.46  14  28  00:00     S  29.0 63.8
8    68.2  84.9  2:53pm   59.0  1:53am   0.0 11.6  0.00  12  22  00:00   WSW  28.8 52.6
9    67.4  84.0  1:53pm   61.0  5:53am   0.0 10.7  0.01  17  32  00:00    SW  28.8 52.8
10   66.9  84.9  2:53pm   59.0  4:53am   0.0 10.9  0.03  16  30  00:00   SSW  28.8 62.8
11   68.3  82.9  2:53pm   57.9  3:53am   0.0 10.6  0.00   6  12  00:00   SSE  28.6 45.2
12   66.3  79.0 12:53pm   55.0  5:53am   0.0  7.7  0.00   5   9  00:00   SSW  28.8 38.9
13   67.8  82.0  2:53pm   52.0  6:53am   0.0  9.9  0.00   9  16  00:00     S  28.6 46.1
14   71.3  87.1  2:53pm   62.1  3:53am   0.0 14.2  0.00  17  33  00:00   SSW  28.7 40.4
15   67.6  78.1  5:53pm   60.1 10:53pm   0.0  7.9  0.00  10  20  00:00    SW  28.7 47.5
16   68.3  84.9  3:53pm   55.0  6:53am   0.0 11.6  0.00   6  12  00:00   SSW  28.9 40.4
17   67.7  84.9  1:53pm   60.1  4:53am   0.0 11.3  0.05  12  23  00:00   SSW  29.0 53.2
18   65.8  82.9  4:53pm   54.0  2:53am   0.0  9.4  0.00   8  15  00:00    SW  29.0 50.3
19   67.6  84.0 12:53pm   59.0  2:53am   0.0 10.8  0.00   9  18  00:00     S  29.0 52.5
20   67.6  82.0 12:53pm   57.9 12:53am   0.0  9.8  0.00   8  15  00:00     W  28.9 49.6
21   67.7  81.0 12:53pm   59.0  5:53am   0.0  9.4  0.00  14  27  00:00     W  28.8 51.3
22   67.4  82.4  3:18pm   57.9  6:53am   0.0  9.9  0.00  13  25  00:00    SW  28.9 51.5
23   67.6  84.9  4:53pm   55.9  4:53am   0.0 11.3  0.00   5  10  00:00     S  28.8 42.2
24   70.5  90.0  3:53pm   55.9  5:53am   0.0 15.3  0.00   6  12  00:00   SSE  28.7 39.0
25   69.1  88.0 12:53pm   57.0  4:53am   0.0 13.6  0.00  12  22  00:00   SSW  28.8 45.3
26   71.2  87.8  3:53pm   60.1  5:53am   0.0 14.5  0.00  14  27  00:00    SW  28.9 45.1
27     71  88.0 12:53pm   59.0  5:53am   0.0 14.5  0.24  14  27  00:00   SSW  28.8 49.4
28   63.2  81.0 12:53pm   57.9  4:53am   0.0  7.1  0.45  10  20  00:00   SSW  29.1 78.2
29     66  82.0 12:53pm   52.0  4:53am   0.0  9.0  0.00   9  17  00:00    SW  28.8 55.6
30   71.2  87.1  2:53pm   60.1  4:53am   0.0 14.2  0.00  13  24  00:00    SW  28.7 41.2
31     72  87.1  3:53pm   61.0 11:53pm   0.0 14.6  0.05  14  27  00:00   WSW  28.6 43.6