NOAA-Style Climate Reports

Select a Year or Month report
2018: Jan Feb Mar Apr May Jun Jul Aug Sep Oct Nov Dec
2017: Jan Feb Mar Apr May Jun Jul Aug Sep Oct Nov Dec
2016: Jan Feb Mar Apr May Jun Jul Aug Sep Oct Nov Dec
2015: Jan Feb Mar Apr May Jun Jul Aug Sep Oct Nov Dec
2014: Jan Feb Mar Apr May Jun Jul Aug Sep Oct Nov Dec
2013: Jan Feb Mar Apr May Jun Jul Aug Sep Oct Nov Dec
2012: Jan Feb Mar Apr May Jun Jul Aug Sep Oct Nov Dec
2011: Jan Feb Mar Apr May Jun Jul Aug Sep Oct Nov Dec
2010: Jan Feb Mar Apr May Jun Jul Aug Sep Oct Nov Dec
2009: Jan Feb Mar Apr May Jun Jul Aug Sep Oct Nov Dec
2008: Jan Feb Mar Apr May Jun Jul Aug Sep Oct Nov Dec
2007: Jan Feb Mar Apr May Jun Jul Aug Sep Oct Nov Dec
2006: Jan Feb Mar Apr May Jun Jul Aug Sep Oct Nov Dec
2005: Jan Feb Mar Apr May Jun Jul Aug Sep Oct Nov Dec
2004: Jan Feb Mar Apr May Jun Jul Aug Sep Oct Nov Dec
2003: Jan Feb Mar Apr May Jun Jul Aug Sep Oct Nov Dec
2002: Jan Feb Mar Apr May Jun Jul Aug Sep Oct Nov Dec
2001: Jan Feb Mar Apr May Jun Jul Aug Sep Oct Nov Dec
2000: Jan Feb Mar Apr May Jun Jul Aug Sep Oct Nov Dec
1999: Jan Feb Mar Apr May Jun Jul Aug Sep Oct Nov Dec
1998: Jan Feb Mar Apr May Jun Jul Aug Sep Oct Nov Dec
1997: Jan Feb Mar Apr May Jun Jul Aug Sep Oct Nov Dec
1996: Jan Feb Mar Apr May Jun Jul Aug Sep Oct Nov Dec
1995: Jan Feb Mar Apr May Jun Jul Aug Sep Oct Nov Dec
1994: Jan Feb Mar Apr May Jun Jul Aug Sep Oct Nov Dec
1993: Jan Feb Mar Apr May Jun Jul Aug Sep Oct Nov Dec
1992: Jan Feb Mar Apr May Jun Jul Aug Sep Oct Nov Dec
1991: Jan Feb Mar Apr May Jun Jul Aug Sep Oct Nov Dec
1990: Jan Feb Mar Apr May Jun Jul Aug Sep Oct Nov Dec
1989: Jan Feb Mar Apr May Jun Jul Aug Sep Oct Nov Dec
1988: Jan Feb Mar Apr May Jun Jul Aug Sep Oct Nov Dec
1987: Jan Feb Mar Apr May Jun Jul Aug Sep Oct Nov Dec
1986: Jan Feb Mar Apr May Jun Jul Aug Sep Oct Nov Dec

Report for 1999 September
                  MONTHLY CLIMATOLOGICAL SUMMARY FOR 9/1999
                                        HEAT  COOL        
     MEAN                               DEG   DEG       WIND SPEED       DOM MEAN  MEAN
DAY  TEMP  HIGH   TIME     LOW   TIME   DAYS  DAYS RAIN AVG  HI  TIME    DIR BAROM HUM
---------------------------------------------------------------------------------------
1    65.5  84.9  1:53pm   57.0  1:53am   0.0 10.2  0.12  17  33  00:00   SSW  28.7 62.6
2      62  80.1  3:53pm   55.9  9:53pm   0.0  6.1  0.09  14  27  00:00    SW  28.9 75.8
3    59.4  75.9  2:53pm   53.1  4:53am   0.0  2.7  0.02  12  22  00:00   WNW  28.9 75.3
4    58.2  73.9 12:53pm   46.9  4:53am   0.0  1.1  0.00  16  30  00:00   ESE  28.8 60.3
5    60.2  78.1  4:53pm   50.0  6:53am   0.0  4.2  0.00   8  15  00:00   SSE  28.8 55.1
6    65.5  84.0  2:53pm   52.0  4:53am   0.0  9.8  0.00   8  15  00:00     S  28.7 37.2
7    68.3  86.0  1:53pm   55.0 11:53pm   0.0 12.2  0.00  12  22  00:00   SSW  28.6 30.0
8    59.1  73.9  3:53pm   52.0 11:53pm   0.0  1.5  0.00  10  18  00:00    SW  28.9 43.4
9    59.7  82.0  2:53pm   42.1  6:53am   0.0  5.9  0.00   6  10  00:00    SE  28.8 44.9
10   64.1  79.0 11:53am   53.1  6:53am   0.0  6.6  0.00  11  21  00:00   WSW  28.6 35.2
11   59.4  73.0  1:53pm   48.0 11:53pm   0.0  1.2  0.00  13  24  00:00   WSW  28.9 49.1
12   44.5  53.1  4:53pm   39.0 10:53pm  16.2  0.0  0.00   8  15  00:00   SSE  29.2 73.4
13   47.7  66.0  3:53pm   36.0  2:53am   8.1  0.0  0.00   7  13  00:00    NW  29.1 67.9
14     52  66.0  3:53pm   39.9  6:53am   6.0  0.0  0.00   9  17  00:00    SW  28.9 56.2
15   53.5  64.9  1:53pm   46.0  6:53am   5.8  0.0  0.00   9  16  00:00   WSW  28.9 60.9
16   55.7  73.0  2:53pm   42.1  5:53am   0.6  0.0  0.00   6  12  00:00   SSE  28.8 55.0
17   58.6  78.1  1:53pm   48.9  2:53am   0.0  3.4  0.00   9  17  00:00     S  28.8 48.0
18   60.7  79.0  4:53pm   46.9  1:53am   0.0  4.9  0.00   9  16  00:00   SSW  28.7 33.2
19   44.4  54.0  1:53am   42.8  7:03am  15.8  0.0  0.31  10  20  00:00   SSE  29.3 91.4
20     44  51.1  4:53pm   39.9 11:53pm  17.4  0.0  0.03   5   9  00:00     W  29.4 92.1
21   50.4  68.0  2:53pm   37.9 12:53am   5.8  0.0  0.00   6  10  00:00    SW  29.1 53.4
22   57.1  78.1  2:53pm   39.9  6:53am   0.0  2.6  0.00   6  10  00:00    SE  28.8 37.3
23   63.3  78.1  3:53pm   46.9  6:53am   0.0  5.7  0.00   6  10  00:00    SE  28.3 29.9
24   60.7  73.9  2:53pm   48.9 11:53pm   0.0  2.3  0.00  12  22  00:00     W  28.7 41.3
25   65.5  82.9  2:53pm   51.1  3:53am   0.0  9.2  0.00  10  18  00:00    SW  28.5 33.3
26   46.8  63.0  2:53pm   37.4 11:02pm  10.1  0.0  0.00  18  36  00:00    NE  28.9 63.8
27   40.6  51.1 12:53pm   37.0 11:53pm  19.1  0.0  0.00  14  28  00:00    SW  29.1 75.3
28   32.6  37.4 12:06am   28.9 11:53pm  30.0  0.0  0.31  10  18  00:00   WNW  29.7 94.2
29   45.4  69.1  4:53pm   26.1  3:53am   7.7  0.0  0.00   7  14  00:00   SSE  28.9 51.9
30   50.6  70.0  3:53pm   39.0  6:53am   4.7  0.0  0.00   9  17  00:00    SW  28.9 42.5