NOAA-Style Climate Reports

Select a Year or Month report
2018: Jan Feb Mar Apr May Jun Jul Aug Sep Oct Nov Dec
2017: Jan Feb Mar Apr May Jun Jul Aug Sep Oct Nov Dec
2016: Jan Feb Mar Apr May Jun Jul Aug Sep Oct Nov Dec
2015: Jan Feb Mar Apr May Jun Jul Aug Sep Oct Nov Dec
2014: Jan Feb Mar Apr May Jun Jul Aug Sep Oct Nov Dec
2013: Jan Feb Mar Apr May Jun Jul Aug Sep Oct Nov Dec
2012: Jan Feb Mar Apr May Jun Jul Aug Sep Oct Nov Dec
2011: Jan Feb Mar Apr May Jun Jul Aug Sep Oct Nov Dec
2010: Jan Feb Mar Apr May Jun Jul Aug Sep Oct Nov Dec
2009: Jan Feb Mar Apr May Jun Jul Aug Sep Oct Nov Dec
2008: Jan Feb Mar Apr May Jun Jul Aug Sep Oct Nov Dec
2007: Jan Feb Mar Apr May Jun Jul Aug Sep Oct Nov Dec
2006: Jan Feb Mar Apr May Jun Jul Aug Sep Oct Nov Dec
2005: Jan Feb Mar Apr May Jun Jul Aug Sep Oct Nov Dec
2004: Jan Feb Mar Apr May Jun Jul Aug Sep Oct Nov Dec
2003: Jan Feb Mar Apr May Jun Jul Aug Sep Oct Nov Dec
2002: Jan Feb Mar Apr May Jun Jul Aug Sep Oct Nov Dec
2001: Jan Feb Mar Apr May Jun Jul Aug Sep Oct Nov Dec
2000: Jan Feb Mar Apr May Jun Jul Aug Sep Oct Nov Dec
1999: Jan Feb Mar Apr May Jun Jul Aug Sep Oct Nov Dec
1998: Jan Feb Mar Apr May Jun Jul Aug Sep Oct Nov Dec
1997: Jan Feb Mar Apr May Jun Jul Aug Sep Oct Nov Dec
1996: Jan Feb Mar Apr May Jun Jul Aug Sep Oct Nov Dec
1995: Jan Feb Mar Apr May Jun Jul Aug Sep Oct Nov Dec
1994: Jan Feb Mar Apr May Jun Jul Aug Sep Oct Nov Dec
1993: Jan Feb Mar Apr May Jun Jul Aug Sep Oct Nov Dec
1992: Jan Feb Mar Apr May Jun Jul Aug Sep Oct Nov Dec
1991: Jan Feb Mar Apr May Jun Jul Aug Sep Oct Nov Dec
1990: Jan Feb Mar Apr May Jun Jul Aug Sep Oct Nov Dec
1989: Jan Feb Mar Apr May Jun Jul Aug Sep Oct Nov Dec
1988: Jan Feb Mar Apr May Jun Jul Aug Sep Oct Nov Dec
1987: Jan Feb Mar Apr May Jun Jul Aug Sep Oct Nov Dec
1986: Jan Feb Mar Apr May Jun Jul Aug Sep Oct Nov Dec

Report for 1999 October
                  MONTHLY CLIMATOLOGICAL SUMMARY FOR 10/1999
                                        HEAT  COOL        
     MEAN                               DEG   DEG       WIND SPEED       DOM MEAN  MEAN
DAY  TEMP  HIGH   TIME     LOW   TIME   DAYS  DAYS RAIN AVG  HI  TIME    DIR BAROM HUM
---------------------------------------------------------------------------------------
1      49  77.0 12:53pm   33.1 10:53pm   2.0  0.0  0.00  17  32  00:00    SE  28.7 49.3
2    40.4  54.0  1:53pm   30.9  3:53am  17.8  0.0  0.00   7  14  00:00    SW  28.9 74.2
3    40.3  54.0  2:53pm   35.1  6:53am  17.8  0.0  0.00  12  23  00:00   WNW  29.1 71.7
4    51.1  73.9  2:53pm   32.0  3:53am   2.5  0.0  0.00   6  12  00:00   SSE  29.0 38.6
5    54.4  79.0  2:53pm   39.0 12:53am   0.0  1.7  0.00  10  18  00:00   SSW  28.8 31.1
6    63.6  77.0 12:53pm   52.0  1:53am   0.0  5.3  0.00  14  29  00:00    SW  28.5 29.3
7    49.5  60.1 12:53am   43.0  9:53pm  10.2  0.0  0.00  13  25  00:00   SSW  28.7 68.7
8    49.7  64.9  3:53pm   37.0  7:53am   7.7  0.0  0.00   7  14  00:00    SW  28.7 49.1
9    62.1  79.0  1:53pm   41.0  6:53am   0.0  5.6  0.00   7  13  00:00     S  28.5 27.5
10   53.4  79.0  3:53pm   37.9  6:53am   0.0  1.2  0.00   8  15  00:00    SW  28.9 50.0
11   60.5  80.1  2:53pm   41.0  5:53am   0.0  5.3  0.00  10  18  00:00    SW  28.9 32.4
12   62.9  80.1  1:53pm   51.1  2:53am   0.0  6.5  0.00   7  13  00:00    SW  28.6 18.3
13   54.6  75.9  1:53pm   37.9  5:53am   0.0  0.3  0.00  10  20  00:00   WSW  28.9 43.1
14   59.2  80.1  2:53pm   42.1  5:53am   0.0  4.7  0.00   7  13  00:00     S  28.6 24.3
15   40.9  51.1 12:53am   39.9  7:53am  19.0  0.0  0.00   6  12  00:00   SSE  28.8 61.2
16   30.2  39.9 12:53am   28.0  6:53pm  29.9  0.0  0.28   8  15  00:00   ESE  29.7 93.0
17   31.5  50.0  4:53pm   19.0  4:53am  24.2  0.0  0.00   5  10  00:00    SW  29.2 56.7
18     34  39.0  2:53am   32.0  7:53pm  28.5  0.0  0.17   7  13  00:00     W  29.4 84.7
19   36.8  51.1  2:53pm   28.0  6:53am  21.0  0.0  0.04   5   9  00:00    SW  29.2 65.2
20     46  64.9  2:53pm   30.9  1:53am   9.5  0.0  0.00   6  10  00:00     S  29.0 38.9
21   50.5  70.0  2:53pm   37.0  5:53am   4.7  0.0  0.00   6  10  00:00   SSE  29.1 28.8
22   47.6  69.1  2:53pm   33.1  6:53am   6.6  0.0  0.00   6  12  00:00     S  29.1 34.5
23   48.3  69.1  2:53pm   36.0  5:53am   6.3  0.0  0.00   6  10  00:00     S  29.0 35.4
24     55  75.0  2:53pm   36.0  6:53am   0.0  0.0  0.00   7  13  00:00   SSE  28.6 19.8
25   52.1  72.0  3:53pm   39.0  5:53am   2.9  0.0  0.00   8  15  00:00     S  29.0 21.2
26   53.5  78.1  1:53pm   37.9  4:53am   0.0  0.8  0.00  12  23  00:00   SSE  28.9 21.6
27   51.7  73.0  2:53pm   34.0 11:53pm   2.6  0.0  0.00  17  32  00:00     S  28.8 25.8
28   44.6  66.9  3:53pm   30.0  6:53am   9.2  0.0  0.00   6  12  00:00   WSW  28.8 49.7
29   41.6  51.1 12:53pm   33.1 10:53pm  18.6  0.0  0.03  15  29  00:00   SSW  28.7 53.8
30   39.7  59.0  2:53pm   23.0  6:53am  15.6  0.0  0.00   6  10  00:00     S  29.0 37.3
31   54.7  77.0  2:53pm   39.9 12:53am   0.0  0.9  0.00   6  10  00:00     S  27.8 23.2