NOAA-Style Climate Reports

Select a Year or Month report
2018: Jan Feb Mar Apr May Jun Jul Aug Sep Oct Nov Dec
2017: Jan Feb Mar Apr May Jun Jul Aug Sep Oct Nov Dec
2016: Jan Feb Mar Apr May Jun Jul Aug Sep Oct Nov Dec
2015: Jan Feb Mar Apr May Jun Jul Aug Sep Oct Nov Dec
2014: Jan Feb Mar Apr May Jun Jul Aug Sep Oct Nov Dec
2013: Jan Feb Mar Apr May Jun Jul Aug Sep Oct Nov Dec
2012: Jan Feb Mar Apr May Jun Jul Aug Sep Oct Nov Dec
2011: Jan Feb Mar Apr May Jun Jul Aug Sep Oct Nov Dec
2010: Jan Feb Mar Apr May Jun Jul Aug Sep Oct Nov Dec
2009: Jan Feb Mar Apr May Jun Jul Aug Sep Oct Nov Dec
2008: Jan Feb Mar Apr May Jun Jul Aug Sep Oct Nov Dec
2007: Jan Feb Mar Apr May Jun Jul Aug Sep Oct Nov Dec
2006: Jan Feb Mar Apr May Jun Jul Aug Sep Oct Nov Dec
2005: Jan Feb Mar Apr May Jun Jul Aug Sep Oct Nov Dec
2004: Jan Feb Mar Apr May Jun Jul Aug Sep Oct Nov Dec
2003: Jan Feb Mar Apr May Jun Jul Aug Sep Oct Nov Dec
2002: Jan Feb Mar Apr May Jun Jul Aug Sep Oct Nov Dec
2001: Jan Feb Mar Apr May Jun Jul Aug Sep Oct Nov Dec
2000: Jan Feb Mar Apr May Jun Jul Aug Sep Oct Nov Dec
1999: Jan Feb Mar Apr May Jun Jul Aug Sep Oct Nov Dec
1998: Jan Feb Mar Apr May Jun Jul Aug Sep Oct Nov Dec
1997: Jan Feb Mar Apr May Jun Jul Aug Sep Oct Nov Dec
1996: Jan Feb Mar Apr May Jun Jul Aug Sep Oct Nov Dec
1995: Jan Feb Mar Apr May Jun Jul Aug Sep Oct Nov Dec
1994: Jan Feb Mar Apr May Jun Jul Aug Sep Oct Nov Dec
1993: Jan Feb Mar Apr May Jun Jul Aug Sep Oct Nov Dec
1992: Jan Feb Mar Apr May Jun Jul Aug Sep Oct Nov Dec
1991: Jan Feb Mar Apr May Jun Jul Aug Sep Oct Nov Dec
1990: Jan Feb Mar Apr May Jun Jul Aug Sep Oct Nov Dec
1989: Jan Feb Mar Apr May Jun Jul Aug Sep Oct Nov Dec
1988: Jan Feb Mar Apr May Jun Jul Aug Sep Oct Nov Dec
1987: Jan Feb Mar Apr May Jun Jul Aug Sep Oct Nov Dec
1986: Jan Feb Mar Apr May Jun Jul Aug Sep Oct Nov Dec

Report for 1999 November
                  MONTHLY CLIMATOLOGICAL SUMMARY FOR 11/1999
                                        HEAT  COOL        
     MEAN                               DEG   DEG       WIND SPEED       DOM MEAN  MEAN
DAY  TEMP  HIGH   TIME     LOW   TIME   DAYS  DAYS RAIN AVG  HI  TIME    DIR BAROM HUM
---------------------------------------------------------------------------------------
1    35.6  50.0  1:53am   18.0 11:53pm  22.2  0.0  0.00  12  22  00:00   ENE  29.3 33.7
2    40.6  66.0  2:53pm   16.0  2:53am  11.7  0.0  0.00   6  12  00:00   SSW  29.1 27.8
3    47.4  66.9  1:53pm   37.9  5:53am   7.8  0.0  0.00   7  14  00:00   SSW  28.9 18.0
4    53.9  75.0  2:53pm   42.1  9:53pm   0.5  0.0  0.00   8  15  00:00   SSW  28.8 17.4
5    43.4  64.0  1:53pm   33.1  6:53am  11.3  0.0  0.00   6  12  00:00     W  29.0 35.0
6    49.6  72.0 12:53pm   36.0 12:53am   4.2  0.0  0.00   7  13  00:00     S  29.1 21.9
7    54.4  75.0 12:53pm   39.0  5:53am   0.3  0.0  0.00   8  15  00:00     S  28.9 17.1
8    56.3  73.0  1:53pm   46.0  9:53pm   0.3  0.0  0.00   9  17  00:00    SW  28.7 15.8
9    50.5  64.0 12:53pm   37.0  9:53pm   7.7  0.0  0.00   7  14  00:00   SSW  28.8 28.3
10   48.5  72.0  2:53pm   34.0  5:53am   4.7  0.0  0.00   7  14  00:00   SSW  28.9 31.2
11   50.8  68.0  1:53pm   42.1  7:53pm   5.6  0.0  0.00   6  12  00:00    SW  29.0 20.0
12   50.1  73.0  1:53pm   37.0  6:53am   3.4  0.0  0.00   7  13  00:00   WSW  29.0 21.1
13   49.9  75.0  1:53pm   36.0  6:53am   2.5  0.0  0.00   5   9  00:00   SSE  29.0 17.4
14   48.6  70.0  2:53pm   37.0  4:53am   5.7  0.0  0.00   5   9  00:00    SW  29.1 19.5
15   48.9  73.9  1:53pm   35.1  5:53am   3.6  0.0  0.00   5   8  00:00   SSE  29.0 21.6
16   50.7  73.0  2:53pm   36.0  5:53am   3.1  0.0  0.00   8  15  00:00     S  28.8 18.0
17   55.6  73.0  1:53pm   41.0 12:53am   0.7  0.0  0.00  14  28  00:00   SSW  28.5 20.7
18   41.9  54.0 12:53am   27.0 11:53pm  17.0  0.0  0.00  20  38  00:00     W  28.6 32.8
19   39.5  60.1  2:53pm   21.0  6:53am  15.2  0.0  0.00   7  14  00:00   SSE  28.9 27.2
20   48.6  63.0 12:53pm   39.0 11:53pm   9.2  0.0  0.00  11  21  00:00   SSE  28.6 20.4
21   34.3  50.0 10:53am   26.1  4:53am  22.8  0.0  0.00  12  24  00:00   ESE  29.0 65.1
22   26.2  30.2 10:15am   23.0  9:53pm  36.8  0.0  0.09   5   8  00:00   WSW  29.4 91.8
23     21  28.0 11:53am   12.0  5:53am  40.5  0.0  0.44   7  13  00:00     S  29.5 80.7
24   18.7  30.0  1:53pm   10.0  5:53am  40.6  0.0  0.00   8  15  00:00     S  29.1 61.8
25     37  48.9 10:53pm   23.0  1:53am  22.0  0.0  0.00  14  28  00:00   WSW  28.6 46.9
26   45.2  63.0  2:53pm   36.0  4:53am  10.9  0.0  0.00  17  32  00:00   SSE  28.6 44.4
27   38.7  51.1  2:53pm   28.0 11:53pm  20.1  0.0  0.00   7  14  00:00    SW  28.9 57.7
28   40.1  59.0 12:53pm   28.9  2:53am  15.4  0.0  0.00   6  12  00:00   SSW  29.2 55.0
29   39.7  61.0  1:53pm   25.0  2:53am  14.6  0.0  0.00   6  10  00:00     S  29.3 57.8
30   49.1  64.9 11:53am   36.0 12:53am   8.0  0.0  0.00   7  13  00:00    SW  29.0 28.5