NOAA-Style Climate Reports

Select a Year or Month report
2018: Jan Feb Mar Apr May Jun Jul Aug Sep Oct Nov Dec
2017: Jan Feb Mar Apr May Jun Jul Aug Sep Oct Nov Dec
2016: Jan Feb Mar Apr May Jun Jul Aug Sep Oct Nov Dec
2015: Jan Feb Mar Apr May Jun Jul Aug Sep Oct Nov Dec
2014: Jan Feb Mar Apr May Jun Jul Aug Sep Oct Nov Dec
2013: Jan Feb Mar Apr May Jun Jul Aug Sep Oct Nov Dec
2012: Jan Feb Mar Apr May Jun Jul Aug Sep Oct Nov Dec
2011: Jan Feb Mar Apr May Jun Jul Aug Sep Oct Nov Dec
2010: Jan Feb Mar Apr May Jun Jul Aug Sep Oct Nov Dec
2009: Jan Feb Mar Apr May Jun Jul Aug Sep Oct Nov Dec
2008: Jan Feb Mar Apr May Jun Jul Aug Sep Oct Nov Dec
2007: Jan Feb Mar Apr May Jun Jul Aug Sep Oct Nov Dec
2006: Jan Feb Mar Apr May Jun Jul Aug Sep Oct Nov Dec
2005: Jan Feb Mar Apr May Jun Jul Aug Sep Oct Nov Dec
2004: Jan Feb Mar Apr May Jun Jul Aug Sep Oct Nov Dec
2003: Jan Feb Mar Apr May Jun Jul Aug Sep Oct Nov Dec
2002: Jan Feb Mar Apr May Jun Jul Aug Sep Oct Nov Dec
2001: Jan Feb Mar Apr May Jun Jul Aug Sep Oct Nov Dec
2000: Jan Feb Mar Apr May Jun Jul Aug Sep Oct Nov Dec
1999: Jan Feb Mar Apr May Jun Jul Aug Sep Oct Nov Dec
1998: Jan Feb Mar Apr May Jun Jul Aug Sep Oct Nov Dec
1997: Jan Feb Mar Apr May Jun Jul Aug Sep Oct Nov Dec
1996: Jan Feb Mar Apr May Jun Jul Aug Sep Oct Nov Dec
1995: Jan Feb Mar Apr May Jun Jul Aug Sep Oct Nov Dec
1994: Jan Feb Mar Apr May Jun Jul Aug Sep Oct Nov Dec
1993: Jan Feb Mar Apr May Jun Jul Aug Sep Oct Nov Dec
1992: Jan Feb Mar Apr May Jun Jul Aug Sep Oct Nov Dec
1991: Jan Feb Mar Apr May Jun Jul Aug Sep Oct Nov Dec
1990: Jan Feb Mar Apr May Jun Jul Aug Sep Oct Nov Dec
1989: Jan Feb Mar Apr May Jun Jul Aug Sep Oct Nov Dec
1988: Jan Feb Mar Apr May Jun Jul Aug Sep Oct Nov Dec
1987: Jan Feb Mar Apr May Jun Jul Aug Sep Oct Nov Dec
1986: Jan Feb Mar Apr May Jun Jul Aug Sep Oct Nov Dec

Report for 1999 December
                  MONTHLY CLIMATOLOGICAL SUMMARY FOR 12/1999
                                        HEAT  COOL        
     MEAN                               DEG   DEG       WIND SPEED       DOM MEAN  MEAN
DAY  TEMP  HIGH   TIME     LOW   TIME   DAYS  DAYS RAIN AVG  HI  TIME    DIR BAROM HUM
---------------------------------------------------------------------------------------
1    45.8  63.0 12:53pm   36.0  8:53pm  10.6  0.0  0.00   7  13  00:00    SW  28.6 27.1
2    36.6  48.9  1:53pm   30.9  8:53pm  22.2  0.0  0.00   9  16  00:00    SE  28.6 51.1
3    28.3  34.0 12:53am   25.0 10:53pm  33.8  0.0  0.00  17  33  00:00    NW  29.2 87.8
4    21.8  30.0 12:53pm   10.0 10:53pm  39.1  0.0  0.01  11  21  00:00   WNW  29.2 69.6
5      28  42.1  1:53pm   16.0 12:53am  29.9  0.0  0.00   8  15  00:00     S  29.0 46.9
6    33.5  46.0 11:53am   25.0  6:53am  25.2  0.0  0.00   6  12  00:00   SSW  28.8 37.5
7    34.6  48.0  1:53pm   27.0 10:53pm  23.7  0.0  0.00  10  20  00:00     S  28.7 49.1
8    23.3  26.6 10:35am   12.9 11:53pm  40.0  0.0  0.16   6  10  00:00   ESE  29.4 83.8
9    21.1  33.1  1:53pm    7.0  5:53am  37.9  0.0  0.00   7  14  00:00     S  29.0 62.1
10   26.2  37.9  2:53pm   18.0  2:53am  32.9  0.0  0.00   5  10  00:00   WNW  28.8 51.6
11     24  32.0  1:53pm   16.0 11:53pm  37.0  0.0  0.00   6  12  00:00     S  28.9 61.2
12   28.1  37.0 11:53am   21.0  5:53am  32.4  0.0  0.00   7  14  00:00   SSW  29.0 45.8
13   34.6  46.9  2:53pm   25.0 12:53am  24.2  0.0  0.00  10  18  00:00     S  28.6 40.5
14   23.6  28.9  1:53pm   18.0 11:53pm  38.7  0.0  0.00  19  37  00:00   WNW  29.0 42.1
15   26.9  39.0 12:53pm   16.0 12:53am  32.0  0.0  0.00  17  32  00:00     W  29.0 41.8
16   39.8  51.1 12:53pm   28.9 12:53am  19.5  0.0  0.00  15  29  00:00     W  28.9 40.3
17   32.8  41.0 11:53am   26.1  7:53pm  28.1  0.0  0.00  16  30  00:00    SW  29.0 62.6
18   35.5  53.1  1:53pm   25.0  4:53am  20.7  0.0  0.00  21  40  00:00   SSW  28.7 44.9
19   23.6  35.1  9:53am   15.1  6:53pm  35.6  0.0  0.00  13  25  00:00    SE  28.9 59.8
20     20  30.0  2:53pm   12.9  2:53am  40.0  0.0  0.01   8  15  00:00    SW  29.3 74.4
21   22.1  28.9 10:53am   10.0 10:53pm  39.5  0.0  0.13   8  15  00:00   ESE  29.4 74.2
22   23.2  37.0  1:53pm    9.0 12:53am  34.9  0.0  0.01   7  13  00:00   WSW  29.2 60.1
23   33.4  48.0  1:53pm   27.0 12:53am  24.3  0.0  0.00   6  12  00:00    SW  29.3 52.8
24   36.4  54.0  1:53pm   25.0  2:53am  19.8  0.0  0.00   7  13  00:00    SW  29.4 45.8
25   35.5  52.0  2:53pm   27.0  6:53am  21.2  0.0  0.00   6  10  00:00   SSW  29.3 47.8
26   32.6  48.0  2:53pm   25.0  1:53am  24.7  0.0  0.00   8  15  00:00   SSW  29.3 52.7
27   34.7  45.0 12:53pm   25.0  5:53am  25.1  0.0  0.00   6  10  00:00    SW  29.2 50.5
28   41.5  59.0  1:53pm   32.0 10:53pm  14.7  0.0  0.00   7  14  00:00     S  29.0 39.1
29   39.2  60.1  2:53pm   28.9  5:53am  15.3  0.0  0.00   7  14  00:00   SSE  28.7 38.5
30   35.1  53.1  1:53pm   26.1  5:53am  20.9  0.0  0.00   7  14  00:00     S  28.9 42.2
31   37.1  53.1 12:53pm   28.0  5:53am  19.9  0.0  0.00   7  14  00:00   SSE  28.7 37.3