NOAA-Style Climate Reports

Select a Year or Month report
2018: Jan Feb Mar Apr May Jun Jul Aug Sep Oct Nov Dec
2017: Jan Feb Mar Apr May Jun Jul Aug Sep Oct Nov Dec
2016: Jan Feb Mar Apr May Jun Jul Aug Sep Oct Nov Dec
2015: Jan Feb Mar Apr May Jun Jul Aug Sep Oct Nov Dec
2014: Jan Feb Mar Apr May Jun Jul Aug Sep Oct Nov Dec
2013: Jan Feb Mar Apr May Jun Jul Aug Sep Oct Nov Dec
2012: Jan Feb Mar Apr May Jun Jul Aug Sep Oct Nov Dec
2011: Jan Feb Mar Apr May Jun Jul Aug Sep Oct Nov Dec
2010: Jan Feb Mar Apr May Jun Jul Aug Sep Oct Nov Dec
2009: Jan Feb Mar Apr May Jun Jul Aug Sep Oct Nov Dec
2008: Jan Feb Mar Apr May Jun Jul Aug Sep Oct Nov Dec
2007: Jan Feb Mar Apr May Jun Jul Aug Sep Oct Nov Dec
2006: Jan Feb Mar Apr May Jun Jul Aug Sep Oct Nov Dec
2005: Jan Feb Mar Apr May Jun Jul Aug Sep Oct Nov Dec
2004: Jan Feb Mar Apr May Jun Jul Aug Sep Oct Nov Dec
2003: Jan Feb Mar Apr May Jun Jul Aug Sep Oct Nov Dec
2002: Jan Feb Mar Apr May Jun Jul Aug Sep Oct Nov Dec
2001: Jan Feb Mar Apr May Jun Jul Aug Sep Oct Nov Dec
2000: Jan Feb Mar Apr May Jun Jul Aug Sep Oct Nov Dec
1999: Jan Feb Mar Apr May Jun Jul Aug Sep Oct Nov Dec
1998: Jan Feb Mar Apr May Jun Jul Aug Sep Oct Nov Dec
1997: Jan Feb Mar Apr May Jun Jul Aug Sep Oct Nov Dec
1996: Jan Feb Mar Apr May Jun Jul Aug Sep Oct Nov Dec
1995: Jan Feb Mar Apr May Jun Jul Aug Sep Oct Nov Dec
1994: Jan Feb Mar Apr May Jun Jul Aug Sep Oct Nov Dec
1993: Jan Feb Mar Apr May Jun Jul Aug Sep Oct Nov Dec
1992: Jan Feb Mar Apr May Jun Jul Aug Sep Oct Nov Dec
1991: Jan Feb Mar Apr May Jun Jul Aug Sep Oct Nov Dec
1990: Jan Feb Mar Apr May Jun Jul Aug Sep Oct Nov Dec
1989: Jan Feb Mar Apr May Jun Jul Aug Sep Oct Nov Dec
1988: Jan Feb Mar Apr May Jun Jul Aug Sep Oct Nov Dec
1987: Jan Feb Mar Apr May Jun Jul Aug Sep Oct Nov Dec
1986: Jan Feb Mar Apr May Jun Jul Aug Sep Oct Nov Dec

Report for 2000 January
                  MONTHLY CLIMATOLOGICAL SUMMARY FOR 1/2000
                                        HEAT  COOL        
     MEAN                               DEG   DEG       WIND SPEED       DOM MEAN  MEAN
DAY  TEMP  HIGH   TIME     LOW   TIME   DAYS  DAYS RAIN AVG  HI  TIME    DIR BAROM HUM
---------------------------------------------------------------------------------------
1    34.3  52.0 12:53pm   25.0 10:53pm  21.8  0.0  0.02  12  22  00:00   SSE  28.7 59.1
2    27.7  39.9  2:53pm   18.0  6:53am  31.2  0.0  0.00  16  30  00:00     S  28.7 70.2
3    19.9  25.0 12:53pm   10.9  8:53pm  42.5  0.0  0.00  14  27  00:00     W  29.2 68.1
4    27.8  43.0  2:53pm   12.0  4:53am  29.6  0.0  0.00   6  13  00:00   SSW  29.0 46.6
5    29.8  37.9 12:53pm   16.0 11:53pm  31.1  0.0  0.00  16  30  00:00     W  28.8 43.5
6    21.7  34.0  1:53pm   10.9  3:53am  37.1  0.0  0.00   7  13  00:00     S  29.2 46.2
7    29.7  45.0  1:53pm   17.1  3:53am  27.6  0.0  0.00   7  14  00:00     S  29.0 41.4
8    33.8  45.0  1:53pm   25.0  4:53am  25.6  0.0  0.00   8  15  00:00    SW  28.6 38.2
9    31.4  37.0 10:53am   26.1  7:53pm  30.8  0.0  0.00  17  32  00:00    NW  28.5 31.6
10   33.4  46.9 10:53am   23.0 10:53pm  24.8  0.0  0.00  16  30  00:00   SSW  28.6 49.5
11   43.7  61.0 12:53pm   26.1  4:53am  12.6  0.0  0.00  17  33  00:00    SW  28.5 30.8
12     41  53.1 10:53am   27.0 10:53pm  17.9  0.0  0.00  17  32  00:00   WSW  28.8 35.8
13   30.7  42.1  2:53pm   23.0 12:53am  28.6  0.0  0.00   6  10  00:00    SW  29.2 55.9
14   43.1  61.0  1:53pm   35.1  1:53am  12.9  0.0  0.00  10  20  00:00   SSE  29.0 25.3
15   42.4  63.0 12:53pm   30.9  2:53am  12.3  0.0  0.00   9  17  00:00     S  29.0 29.0
16   35.4  48.0 11:53pm   24.8  6:53am  23.3  0.0  0.00   6  12  00:00   WSW  29.0 49.8
17   44.7  61.0  1:53pm   34.0 10:53pm  12.1  0.0  0.00   7  14  00:00   ESE  28.9 41.4
18   40.2  55.0  1:53pm   32.0  8:53pm  17.4  0.0  0.00   9  16  00:00     S  28.9 56.6
19   38.3  54.0 12:53pm   25.0  9:53pm  18.8  0.0  0.00  16  31  00:00   SSW  28.9 55.9
20   36.8  57.0 12:53pm   25.0 12:53am  18.1  0.0  0.00   7  13  00:00   SSW  28.8 39.6
21   38.3  55.9  1:53pm   28.9  2:53am  17.9  0.0  0.00   6  10  00:00   SSE  28.6 41.2
22   31.8  45.0  1:53pm   25.0 12:53am  26.6  0.0  0.00  11  21  00:00   SSW  28.7 53.4
23     29  41.0  2:53pm   21.9  4:53am  30.0  0.0  0.00   9  16  00:00   SSW  28.9 41.0
24   35.3  51.1  1:53pm   23.0 12:53am  21.8  0.0  0.00   9  16  00:00   ESE  28.9 38.4
25   26.1  30.9  1:53pm   21.9  4:53am  36.5  0.0  0.00   4   7  00:00    SE  29.0 68.4
26   30.2  36.0 11:53am   21.9  5:53am  31.9  0.0  0.13   4   7  00:00    SW  29.0 83.9
27     26  30.2 12:56pm   15.1  9:53pm  36.9  0.0  0.43   3   5  00:00   ESE  29.4 89.5
28   19.8  26.1 12:53pm   12.0 11:53pm  42.0  0.0  0.03   3   6  00:00   SSE  29.4 83.3
29   13.8  27.0  1:53pm    5.0  2:53am  44.6  0.0  0.00   6  13  00:00    SE  29.1 70.0
30   17.5  33.1  2:53pm    7.0 12:53am  39.7  0.0  0.00   6  10  00:00   SSE  29.1 59.2
31     22  37.0  1:53pm   12.0 11:53pm  35.5  0.0  0.00   5   9  00:00   SSE  29.0 48.8