NOAA-Style Climate Reports

Select a Year or Month report
2018: Jan Feb Mar Apr May Jun Jul Aug Sep Oct Nov Dec
2017: Jan Feb Mar Apr May Jun Jul Aug Sep Oct Nov Dec
2016: Jan Feb Mar Apr May Jun Jul Aug Sep Oct Nov Dec
2015: Jan Feb Mar Apr May Jun Jul Aug Sep Oct Nov Dec
2014: Jan Feb Mar Apr May Jun Jul Aug Sep Oct Nov Dec
2013: Jan Feb Mar Apr May Jun Jul Aug Sep Oct Nov Dec
2012: Jan Feb Mar Apr May Jun Jul Aug Sep Oct Nov Dec
2011: Jan Feb Mar Apr May Jun Jul Aug Sep Oct Nov Dec
2010: Jan Feb Mar Apr May Jun Jul Aug Sep Oct Nov Dec
2009: Jan Feb Mar Apr May Jun Jul Aug Sep Oct Nov Dec
2008: Jan Feb Mar Apr May Jun Jul Aug Sep Oct Nov Dec
2007: Jan Feb Mar Apr May Jun Jul Aug Sep Oct Nov Dec
2006: Jan Feb Mar Apr May Jun Jul Aug Sep Oct Nov Dec
2005: Jan Feb Mar Apr May Jun Jul Aug Sep Oct Nov Dec
2004: Jan Feb Mar Apr May Jun Jul Aug Sep Oct Nov Dec
2003: Jan Feb Mar Apr May Jun Jul Aug Sep Oct Nov Dec
2002: Jan Feb Mar Apr May Jun Jul Aug Sep Oct Nov Dec
2001: Jan Feb Mar Apr May Jun Jul Aug Sep Oct Nov Dec
2000: Jan Feb Mar Apr May Jun Jul Aug Sep Oct Nov Dec
1999: Jan Feb Mar Apr May Jun Jul Aug Sep Oct Nov Dec
1998: Jan Feb Mar Apr May Jun Jul Aug Sep Oct Nov Dec
1997: Jan Feb Mar Apr May Jun Jul Aug Sep Oct Nov Dec
1996: Jan Feb Mar Apr May Jun Jul Aug Sep Oct Nov Dec
1995: Jan Feb Mar Apr May Jun Jul Aug Sep Oct Nov Dec
1994: Jan Feb Mar Apr May Jun Jul Aug Sep Oct Nov Dec
1993: Jan Feb Mar Apr May Jun Jul Aug Sep Oct Nov Dec
1992: Jan Feb Mar Apr May Jun Jul Aug Sep Oct Nov Dec
1991: Jan Feb Mar Apr May Jun Jul Aug Sep Oct Nov Dec
1990: Jan Feb Mar Apr May Jun Jul Aug Sep Oct Nov Dec
1989: Jan Feb Mar Apr May Jun Jul Aug Sep Oct Nov Dec
1988: Jan Feb Mar Apr May Jun Jul Aug Sep Oct Nov Dec
1987: Jan Feb Mar Apr May Jun Jul Aug Sep Oct Nov Dec
1986: Jan Feb Mar Apr May Jun Jul Aug Sep Oct Nov Dec

Report for 2000 February
                  MONTHLY CLIMATOLOGICAL SUMMARY FOR 2/2000
                                        HEAT  COOL        
     MEAN                               DEG   DEG       WIND SPEED       DOM MEAN  MEAN
DAY  TEMP  HIGH   TIME     LOW   TIME   DAYS  DAYS RAIN AVG  HI  TIME    DIR BAROM HUM
---------------------------------------------------------------------------------------
1    28.4  44.1  2:53pm   16.0 12:53am  28.7  0.0  0.00   7  13  00:00   SSW  29.1 44.1
2    43.4  57.9 11:53am   32.0  5:53am  14.3  0.0  0.00   7  14  00:00   WSW  29.0 28.8
3    32.6  50.0 12:53am   24.1 11:53pm  23.7  0.0  0.00   9  16  00:00     E  29.2 54.1
4      27  37.9  1:53pm   19.0  6:53am  32.5  0.0  0.00  10  18  00:00   SSE  29.2 61.7
5    37.7  55.0 11:53am   21.9  2:53am  18.6  0.0  0.00   6  12  00:00   SSW  28.9 43.0
6    39.8  55.9  1:53pm   28.9 11:53pm  17.1  0.0  0.00  12  23  00:00     W  29.0 37.4
7    36.8  53.1  3:53pm   25.0  2:53am  20.0  0.0  0.00   7  13  00:00     S  29.2 44.3
8      46  66.9 11:53am   34.0  9:53pm   8.5  0.0  0.00   9  17  00:00   SSW  28.9 20.5
9    40.7  53.1  2:53pm   33.1  8:53pm  18.1  0.0  0.00   6  12  00:00     S  28.6 31.0
10     37  51.1 11:53am   27.0 11:53pm  20.9  0.0  0.00   9  16  00:00   ESE  28.4 50.6
11   25.5  33.1 10:53pm   21.0  9:53pm  35.7  0.0  0.00   7  13  00:00   WNW  29.0 85.6
12   31.9  44.1  8:53am   23.0  9:53pm  27.0  0.0  0.00  11  21  00:00   SSE  28.5 56.0
13   31.2  46.9 12:53pm   21.2  7:23am  25.9  0.0  0.00  15  29  00:00   SSE  28.8 59.5
14   46.4  62.1  3:53pm   34.0  2:53am  10.7  0.0  0.00  10  18  00:00   SSW  28.6 31.7
15   41.6  55.0 12:53pm   30.9 11:53pm  16.7  0.0  0.00  21  41  00:00    SW  28.5 33.6
16   38.5  54.0 12:53pm   30.0 12:53am  18.7  0.0  0.00  12  24  00:00     S  28.8 37.6
17   25.4  30.9 12:53am   19.4 11:14pm  36.8  0.0  0.00   9  16  00:00   WSW  29.2 83.7
18   21.1  34.0  2:53pm   15.8  8:17am  37.4  0.0  0.15   7  14  00:00   WSW  29.3 79.7
19   28.3  44.1  3:53pm   16.0  2:53am  28.8  0.0  0.00   7  13  00:00   SSE  29.1 57.1
20   38.1  59.0  3:53pm   19.0  2:53am  16.4  0.0  0.00   7  14  00:00     S  29.0 37.5
21     47  64.9  2:53pm   35.1 12:53am   9.0  0.0  0.00   9  16  00:00    SW  28.7 32.8
22   33.2  46.9  8:53am   33.1  4:53am  24.9  0.0  0.00   5   9  00:00   WNW  26.5 45.8
23
24
25
26
27
28
29   35.6  48.0  5:53pm   37.0  7:53pm  23.2  0.0  0.00  10  20  00:00     S  26.3 36.8