NOAA-Style Climate Reports

Select a Year or Month report
2018: Jan Feb Mar Apr May Jun Jul Aug Sep Oct Nov Dec
2017: Jan Feb Mar Apr May Jun Jul Aug Sep Oct Nov Dec
2016: Jan Feb Mar Apr May Jun Jul Aug Sep Oct Nov Dec
2015: Jan Feb Mar Apr May Jun Jul Aug Sep Oct Nov Dec
2014: Jan Feb Mar Apr May Jun Jul Aug Sep Oct Nov Dec
2013: Jan Feb Mar Apr May Jun Jul Aug Sep Oct Nov Dec
2012: Jan Feb Mar Apr May Jun Jul Aug Sep Oct Nov Dec
2011: Jan Feb Mar Apr May Jun Jul Aug Sep Oct Nov Dec
2010: Jan Feb Mar Apr May Jun Jul Aug Sep Oct Nov Dec
2009: Jan Feb Mar Apr May Jun Jul Aug Sep Oct Nov Dec
2008: Jan Feb Mar Apr May Jun Jul Aug Sep Oct Nov Dec
2007: Jan Feb Mar Apr May Jun Jul Aug Sep Oct Nov Dec
2006: Jan Feb Mar Apr May Jun Jul Aug Sep Oct Nov Dec
2005: Jan Feb Mar Apr May Jun Jul Aug Sep Oct Nov Dec
2004: Jan Feb Mar Apr May Jun Jul Aug Sep Oct Nov Dec
2003: Jan Feb Mar Apr May Jun Jul Aug Sep Oct Nov Dec
2002: Jan Feb Mar Apr May Jun Jul Aug Sep Oct Nov Dec
2001: Jan Feb Mar Apr May Jun Jul Aug Sep Oct Nov Dec
2000: Jan Feb Mar Apr May Jun Jul Aug Sep Oct Nov Dec
1999: Jan Feb Mar Apr May Jun Jul Aug Sep Oct Nov Dec
1998: Jan Feb Mar Apr May Jun Jul Aug Sep Oct Nov Dec
1997: Jan Feb Mar Apr May Jun Jul Aug Sep Oct Nov Dec
1996: Jan Feb Mar Apr May Jun Jul Aug Sep Oct Nov Dec
1995: Jan Feb Mar Apr May Jun Jul Aug Sep Oct Nov Dec
1994: Jan Feb Mar Apr May Jun Jul Aug Sep Oct Nov Dec
1993: Jan Feb Mar Apr May Jun Jul Aug Sep Oct Nov Dec
1992: Jan Feb Mar Apr May Jun Jul Aug Sep Oct Nov Dec
1991: Jan Feb Mar Apr May Jun Jul Aug Sep Oct Nov Dec
1990: Jan Feb Mar Apr May Jun Jul Aug Sep Oct Nov Dec
1989: Jan Feb Mar Apr May Jun Jul Aug Sep Oct Nov Dec
1988: Jan Feb Mar Apr May Jun Jul Aug Sep Oct Nov Dec
1987: Jan Feb Mar Apr May Jun Jul Aug Sep Oct Nov Dec
1986: Jan Feb Mar Apr May Jun Jul Aug Sep Oct Nov Dec

Report for 2000 March
                  MONTHLY CLIMATOLOGICAL SUMMARY FOR 3/2000
                                        HEAT  COOL        
     MEAN                               DEG   DEG       WIND SPEED       DOM MEAN  MEAN
DAY  TEMP  HIGH   TIME     LOW   TIME   DAYS  DAYS RAIN AVG  HI  TIME    DIR BAROM HUM
---------------------------------------------------------------------------------------
1    40.2  52.0  2:53pm   28.9  6:53am  18.9  0.0  0.00   7  14  00:00     W  28.8 39.0
2    32.9  39.0  3:53am   30.2  1:34pm  29.0  0.0  0.14  11  21  00:00    SW  29.4 80.1
3    35.4  53.1  2:53pm   24.1  4:53am  20.7  0.0  0.00   7  14  00:00     S  29.1 67.7
4    45.2  64.9  2:53pm   28.0  4:53am   9.9  0.0  0.00   7  14  00:00    SE  28.7 40.5
5    46.6  66.0 11:53am   35.1  1:53am   8.7  0.0  0.00  25  48  00:00     S  28.5 37.1
6    47.6  61.0  1:53pm   37.0  4:53am  10.7  0.0  0.00  18  35  00:00    SW  28.6 24.9
7    42.2  60.1 12:53pm   35.1  3:53am  13.8  0.0  0.43  26  51  00:00     W  28.5 51.9
8    40.6  52.0 12:53pm   28.0 11:53pm  18.7  0.0  0.00  20  38  00:00     W  28.6 37.0
9    29.9  37.4  3:38pm   24.1  9:53pm  31.3  0.0  0.00   7  14  00:00     W  29.1 75.7
10   28.1  41.0 10:53am   19.4  5:17am  30.4  0.0  0.00  15  29  00:00   ESE  29.3 76.5
11     36  52.0  1:53pm   21.9  1:53am  21.0  0.0  0.00   6  10  00:00   SSE  29.0 43.5
12   33.2  45.0  3:53pm   27.0 10:53pm  25.9  0.0  0.00   7  13  00:00    SE  28.9 57.8
13   38.3  55.0  1:53pm   24.1  1:53am  18.3  0.0  0.00   9  17  00:00     S  28.9 42.6
14     41  59.0  1:53pm   23.0  5:53am  15.0  0.0  0.00  13  25  00:00    SW  28.7 42.4
15   30.2  39.0  7:53am   24.1 11:53pm  30.4  0.0  0.07  10  18  00:00   SSE  29.3 82.0
16   25.5  37.0  5:53pm   19.9  6:53am  33.7  0.0  0.31   7  13  00:00     S  28.9 77.3
17   32.8  46.0  2:53pm   23.0  5:53am  25.6  0.0  0.06   8  15  00:00    SW  29.0 71.7
18   30.1  39.0  2:53pm   26.1 10:53pm  30.4  0.0  0.00  17  32  00:00   WSW  29.2 64.3
19   42.7  59.0  2:53pm   26.1  2:53am  14.1  0.0  0.00   9  17  00:00     S  28.6 36.0
20   27.6  45.0 12:53am   24.1  9:53pm  28.7  0.0  0.00  14  28  00:00   NNW  29.2 85.3
21   26.5  34.0  2:53pm   24.1 12:53am  34.7  0.0  0.17   7  13  00:00   WNW  29.3 79.5
22   32.6  45.0  2:53pm   23.0  2:53am  26.2  0.0  0.00   7  13  00:00     S  29.1 74.1
23   43.3  61.0  2:53pm   28.9  5:53am  12.8  0.0  0.00  13  24  00:00   WSW  28.7 49.0
24   44.2  57.9 12:53pm   33.1  5:53am  13.9  0.0  0.00  17  33  00:00    SE  28.8 44.5
25   45.3  62.1  2:53pm   33.1  1:53am  11.3  0.0  0.00   9  17  00:00   SSW  28.9 47.9
26   49.2  62.1 12:53pm   37.0  5:53am   9.3  0.0  0.00  19  37  00:00     W  28.8 35.3
27   49.7  70.0  2:53pm   33.1  4:53am   5.1  0.0  0.00   9  17  00:00     S  28.6 31.4
28   45.5  61.0 11:53am   35.1  1:53am  11.7  0.0  0.01  17  32  00:00   SSW  28.4 43.5
29   40.9  54.0  1:53pm   35.6  3:00am  17.5  0.0  0.16  10  18  00:00   SSW  28.7 55.1
30   31.5  37.0  6:53am   28.4 11:02pm  30.7  0.0  0.08  12  23  00:00   NNW  29.4 86.9
31   27.5  30.2 11:44am   26.6  7:40pm  36.1  0.0  0.47   7  14  00:00   SSE  29.5 87.4