NOAA-Style Climate Reports

Select a Year or Month report
2018: Jan Feb Mar Apr May Jun Jul Aug Sep Oct Nov Dec
2017: Jan Feb Mar Apr May Jun Jul Aug Sep Oct Nov Dec
2016: Jan Feb Mar Apr May Jun Jul Aug Sep Oct Nov Dec
2015: Jan Feb Mar Apr May Jun Jul Aug Sep Oct Nov Dec
2014: Jan Feb Mar Apr May Jun Jul Aug Sep Oct Nov Dec
2013: Jan Feb Mar Apr May Jun Jul Aug Sep Oct Nov Dec
2012: Jan Feb Mar Apr May Jun Jul Aug Sep Oct Nov Dec
2011: Jan Feb Mar Apr May Jun Jul Aug Sep Oct Nov Dec
2010: Jan Feb Mar Apr May Jun Jul Aug Sep Oct Nov Dec
2009: Jan Feb Mar Apr May Jun Jul Aug Sep Oct Nov Dec
2008: Jan Feb Mar Apr May Jun Jul Aug Sep Oct Nov Dec
2007: Jan Feb Mar Apr May Jun Jul Aug Sep Oct Nov Dec
2006: Jan Feb Mar Apr May Jun Jul Aug Sep Oct Nov Dec
2005: Jan Feb Mar Apr May Jun Jul Aug Sep Oct Nov Dec
2004: Jan Feb Mar Apr May Jun Jul Aug Sep Oct Nov Dec
2003: Jan Feb Mar Apr May Jun Jul Aug Sep Oct Nov Dec
2002: Jan Feb Mar Apr May Jun Jul Aug Sep Oct Nov Dec
2001: Jan Feb Mar Apr May Jun Jul Aug Sep Oct Nov Dec
2000: Jan Feb Mar Apr May Jun Jul Aug Sep Oct Nov Dec
1999: Jan Feb Mar Apr May Jun Jul Aug Sep Oct Nov Dec
1998: Jan Feb Mar Apr May Jun Jul Aug Sep Oct Nov Dec
1997: Jan Feb Mar Apr May Jun Jul Aug Sep Oct Nov Dec
1996: Jan Feb Mar Apr May Jun Jul Aug Sep Oct Nov Dec
1995: Jan Feb Mar Apr May Jun Jul Aug Sep Oct Nov Dec
1994: Jan Feb Mar Apr May Jun Jul Aug Sep Oct Nov Dec
1993: Jan Feb Mar Apr May Jun Jul Aug Sep Oct Nov Dec
1992: Jan Feb Mar Apr May Jun Jul Aug Sep Oct Nov Dec
1991: Jan Feb Mar Apr May Jun Jul Aug Sep Oct Nov Dec
1990: Jan Feb Mar Apr May Jun Jul Aug Sep Oct Nov Dec
1989: Jan Feb Mar Apr May Jun Jul Aug Sep Oct Nov Dec
1988: Jan Feb Mar Apr May Jun Jul Aug Sep Oct Nov Dec
1987: Jan Feb Mar Apr May Jun Jul Aug Sep Oct Nov Dec
1986: Jan Feb Mar Apr May Jun Jul Aug Sep Oct Nov Dec

Report for 2000 April
                  MONTHLY CLIMATOLOGICAL SUMMARY FOR 4/2000
                                        HEAT  COOL        
     MEAN                               DEG   DEG       WIND SPEED       DOM MEAN  MEAN
DAY  TEMP  HIGH   TIME     LOW   TIME   DAYS  DAYS RAIN AVG  HI  TIME    DIR BAROM HUM
---------------------------------------------------------------------------------------
1    30.7  39.9  3:53pm   21.9  3:53am  29.7  0.0  0.11   7  14  00:00     S  28.8 56.7
2    31.7  46.0 12:53pm   25.0 12:53am  26.1  0.0  0.05  17  32  00:00    SE  29.2 73.0
3    25.2  36.0  5:53pm   14.0  6:53am  34.4  0.0  0.18   6  12  00:00   SSE  29.1 67.2
4    51.2  73.0  4:53pm   33.1 12:53am   2.9  0.0  0.00  14  27  00:00   WSW  28.8 31.2
5    60.7  73.0  3:53pm   51.1  1:53am   0.0  1.9  0.00  15  29  00:00   WNW  28.5 19.0
6    56.7  72.0  2:53pm   34.0  7:53am   0.6  0.0  0.00  16  31  00:00     W  28.5 26.5
7      39  60.1 12:53am   28.0 11:53pm  15.4  0.0  0.00  14  28  00:00   SSE  29.0 42.5
8    44.5  66.0  4:53pm   25.0  3:53am   9.7  0.0  0.00   7  13  00:00   SSE  28.9 33.2
9    54.8  73.9  2:53pm   35.1  3:53am   0.6  0.0  0.00  12  22  00:00    SW  28.6 26.0
10   47.7  57.9  3:53pm   37.0  6:53am  12.2  0.0  0.00  17  32  00:00     E  28.7 39.0
11   44.2  57.9  3:53pm   34.0  7:53am  13.9  0.0  0.00  15  29  00:00    SE  28.8 50.7
12   52.6  70.0  4:53pm   39.0  2:53am   3.7  0.0  0.00  11  21  00:00    SW  28.9 33.1
13   56.7  72.0  2:53pm   46.0  2:53am   0.6  0.0  0.00  10  18  00:00    SW  28.7 22.8
14   56.1  72.0  4:53pm   35.1 11:53pm   0.9  0.0  0.00  14  28  00:00   SSE  28.6 27.4
15   29.2  35.1  1:53am   27.0 10:53pm  32.8  0.0  0.09   6  10  00:00     E  29.1 85.5
16   41.1  62.1  3:53pm   26.1 12:53am  13.4  0.0  0.08   8  15  00:00     E  29.0 62.2
17   54.4  75.0  4:53pm   36.0  5:53am   0.3  0.0  0.00  12  23  00:00    SE  28.7 34.8
18     58  75.9  5:53pm   45.0  5:53am   0.0  2.0  0.00  23  45  00:00   SSW  28.4 20.5
19   42.1  53.1 10:53am   39.0  6:53am  17.4  0.0  0.00  18  35  00:00   WNW  28.8 42.9
20   44.1  64.0  4:53pm   28.9  5:53am  10.9  0.0  0.00  10  18  00:00   ESE  28.8 46.8
21   54.5  73.9  3:53pm   37.0  6:53am   0.8  0.0  0.00  12  23  00:00     S  28.7 30.4
22   49.8  66.9 12:53pm   39.9  5:53am   6.6  0.0  0.01  24  47  00:00    SW  28.5 49.7
23   48.7  59.0 11:53am   44.1  9:53pm  11.1  0.0  0.01  13  25  00:00   WSW  28.6 66.1
24   49.2  64.0  3:53pm   37.9  2:53am   8.4  0.0  0.00  17  32  00:00   WSW  28.7 48.2
25   46.7  66.9  5:53pm   28.9  6:53am   8.2  0.0  0.00   7  14  00:00   SSE  28.9 36.5
26     54  72.0  4:53pm   36.0  6:53am   2.0  0.0  0.00   8  15  00:00    SE  28.8 32.5
27   48.7  64.0  4:53pm   35.1  6:53am   8.6  0.0  0.00   9  16  00:00   ESE  29.0 50.8
28   52.6  68.0  2:53pm   41.0  6:53am   4.7  0.0  0.00  11  21  00:00   WSW  28.7 37.2
29   57.1  78.1  2:53pm   41.0 11:53pm   0.0  2.6  0.30  15  29  00:00   SSW  28.6 44.3
30   38.9  45.0  4:53pm   37.0  2:53am  23.0  0.0  0.31  16  31  00:00   WSW  29.1 74.3