NOAA-Style Climate Reports

Select a Year or Month report
2018: Jan Feb Mar Apr May Jun Jul Aug Sep Oct Nov Dec
2017: Jan Feb Mar Apr May Jun Jul Aug Sep Oct Nov Dec
2016: Jan Feb Mar Apr May Jun Jul Aug Sep Oct Nov Dec
2015: Jan Feb Mar Apr May Jun Jul Aug Sep Oct Nov Dec
2014: Jan Feb Mar Apr May Jun Jul Aug Sep Oct Nov Dec
2013: Jan Feb Mar Apr May Jun Jul Aug Sep Oct Nov Dec
2012: Jan Feb Mar Apr May Jun Jul Aug Sep Oct Nov Dec
2011: Jan Feb Mar Apr May Jun Jul Aug Sep Oct Nov Dec
2010: Jan Feb Mar Apr May Jun Jul Aug Sep Oct Nov Dec
2009: Jan Feb Mar Apr May Jun Jul Aug Sep Oct Nov Dec
2008: Jan Feb Mar Apr May Jun Jul Aug Sep Oct Nov Dec
2007: Jan Feb Mar Apr May Jun Jul Aug Sep Oct Nov Dec
2006: Jan Feb Mar Apr May Jun Jul Aug Sep Oct Nov Dec
2005: Jan Feb Mar Apr May Jun Jul Aug Sep Oct Nov Dec
2004: Jan Feb Mar Apr May Jun Jul Aug Sep Oct Nov Dec
2003: Jan Feb Mar Apr May Jun Jul Aug Sep Oct Nov Dec
2002: Jan Feb Mar Apr May Jun Jul Aug Sep Oct Nov Dec
2001: Jan Feb Mar Apr May Jun Jul Aug Sep Oct Nov Dec
2000: Jan Feb Mar Apr May Jun Jul Aug Sep Oct Nov Dec
1999: Jan Feb Mar Apr May Jun Jul Aug Sep Oct Nov Dec
1998: Jan Feb Mar Apr May Jun Jul Aug Sep Oct Nov Dec
1997: Jan Feb Mar Apr May Jun Jul Aug Sep Oct Nov Dec
1996: Jan Feb Mar Apr May Jun Jul Aug Sep Oct Nov Dec
1995: Jan Feb Mar Apr May Jun Jul Aug Sep Oct Nov Dec
1994: Jan Feb Mar Apr May Jun Jul Aug Sep Oct Nov Dec
1993: Jan Feb Mar Apr May Jun Jul Aug Sep Oct Nov Dec
1992: Jan Feb Mar Apr May Jun Jul Aug Sep Oct Nov Dec
1991: Jan Feb Mar Apr May Jun Jul Aug Sep Oct Nov Dec
1990: Jan Feb Mar Apr May Jun Jul Aug Sep Oct Nov Dec
1989: Jan Feb Mar Apr May Jun Jul Aug Sep Oct Nov Dec
1988: Jan Feb Mar Apr May Jun Jul Aug Sep Oct Nov Dec
1987: Jan Feb Mar Apr May Jun Jul Aug Sep Oct Nov Dec
1986: Jan Feb Mar Apr May Jun Jul Aug Sep Oct Nov Dec

Report for 2000 May
                  MONTHLY CLIMATOLOGICAL SUMMARY FOR 5/2000
                                        HEAT  COOL        
     MEAN                               DEG   DEG       WIND SPEED       DOM MEAN  MEAN
DAY  TEMP  HIGH   TIME     LOW   TIME   DAYS  DAYS RAIN AVG  HI  TIME    DIR BAROM HUM
---------------------------------------------------------------------------------------
1    45.9  62.1  5:53pm   35.1 12:53am  11.0  0.0  0.00  10  20  00:00   SSW  29.0 51.4
2    54.4  73.0  3:53pm   37.0  5:53am   1.3  0.0  0.00  11  21  00:00    SE  28.7 44.4
3    59.5  75.9  3:53pm   45.0  3:53am   0.0  2.7  0.00  10  20  00:00   SSE  28.6 40.4
4    65.1  84.9  4:53pm   51.1  3:53am   0.0 10.0  0.00  11  21  00:00   SSW  28.5 32.3
5      69  88.0  5:53pm   52.0  6:53am   0.0 13.5  0.00  11  21  00:00   SSW  28.4 23.0
6    62.8  80.1  5:53pm   52.0  6:53am   0.0  6.5  0.00  12  22  00:00     S  28.5 34.9
7    64.1  81.0  3:53pm   52.0 11:53pm   0.0  7.6  0.00  12  23  00:00   SSW  28.4 27.7
8    41.6  52.0 12:53am   36.0 10:53pm  18.2  0.0  0.90   7  13  00:00     E  29.1 84.9
9    49.7  68.0  4:53pm   35.1  2:53am   6.1  0.0  0.00  11  21  00:00     S  28.7 53.7
10   58.3  75.9  3:53pm   45.0  6:53am   0.0  2.1  0.00  16  30  00:00   SSW  28.4 48.2
11   52.6  69.1 12:53am   42.1 11:53pm   4.1  0.0  0.00  17  33  00:00    SE  28.5 47.4
12   42.5  52.0  1:53pm   37.0  2:53am  17.7  0.0  0.00  17  33  00:00    NW  28.9 34.5
13   45.2  62.1  4:53pm   27.0  3:53am  11.3  0.0  0.00   9  16  00:00   ESE  29.0 30.0
14   52.6  68.0  1:53pm   37.0  5:53am   4.7  0.0  0.00   9  16  00:00   SSW  28.8 32.6
15     62  81.0  3:53pm   45.0 12:53am   0.0  6.5  0.00   7  13  00:00   SSE  28.6 25.4
16   62.5  82.9  3:53pm   45.0  5:53am   0.0  7.7  0.00  20  39  00:00   SSE  28.4 22.2
17   46.1  62.1 12:53am   39.2  4:24pm  10.9  0.0  1.67  22  43  00:00    NW  28.7 46.0
18   39.7  46.0  5:53pm   37.4  4:44am  22.1  0.0  0.33  14  28  00:00    NW  29.0 54.2
19   49.9  64.9  5:53pm   39.0  2:53am   7.6  0.0  0.00   9  16  00:00   SSE  28.9 53.2
20   53.3  64.0  3:53pm   46.9  6:53am   6.3  0.0  0.02   9  17  00:00   SSE  28.9 54.0
21   57.7  73.0  2:53pm   42.1  6:53am   0.0  0.4  0.00   9  16  00:00   SSW  28.8 47.2
22   63.1  81.0  3:53pm   46.9  6:53am   0.0  7.1  0.00   9  16  00:00    SW  28.7 37.7
23   68.6  86.0  5:53pm   53.1  4:53am   0.0 12.3  0.00  14  28  00:00   SSW  28.6 34.5
24   59.3  72.0 12:53pm   51.1  6:53am   0.0  0.7  0.37  26  52  00:00    SW  28.8 61.7
25   57.8  75.9 12:53pm   50.0 12:44am   0.0  1.9  0.09  14  27  00:00     S  28.6 68.4
26   57.2  71.1  1:53pm   46.0  6:53am   0.8  0.0  0.00  14  28  00:00   WNW  28.5 53.4
27     59  75.0  4:53pm   44.1  4:53am   0.0  2.0  0.00   9  16  00:00   SSW  28.8 42.7
28   69.3  89.1  3:53pm   51.1  4:53am   0.0 14.2  0.00  18  36  00:00     S  28.7 30.3
29   71.6  90.0  2:53pm   53.1  5:53am   0.0 15.8  0.00   8  15  00:00     S  28.6 30.8
30   62.9  73.0  4:53pm   54.0  6:53am   0.0  3.0  0.00  10  18  00:00     E  28.6 51.2
31   59.5  84.9  3:53pm   48.0  4:53am   0.0  7.2  0.00  12  23  00:00     S  28.3 68.4