NOAA-Style Climate Reports

Select a Year or Month report
2018: Jan Feb Mar Apr May Jun Jul Aug Sep Oct Nov Dec
2017: Jan Feb Mar Apr May Jun Jul Aug Sep Oct Nov Dec
2016: Jan Feb Mar Apr May Jun Jul Aug Sep Oct Nov Dec
2015: Jan Feb Mar Apr May Jun Jul Aug Sep Oct Nov Dec
2014: Jan Feb Mar Apr May Jun Jul Aug Sep Oct Nov Dec
2013: Jan Feb Mar Apr May Jun Jul Aug Sep Oct Nov Dec
2012: Jan Feb Mar Apr May Jun Jul Aug Sep Oct Nov Dec
2011: Jan Feb Mar Apr May Jun Jul Aug Sep Oct Nov Dec
2010: Jan Feb Mar Apr May Jun Jul Aug Sep Oct Nov Dec
2009: Jan Feb Mar Apr May Jun Jul Aug Sep Oct Nov Dec
2008: Jan Feb Mar Apr May Jun Jul Aug Sep Oct Nov Dec
2007: Jan Feb Mar Apr May Jun Jul Aug Sep Oct Nov Dec
2006: Jan Feb Mar Apr May Jun Jul Aug Sep Oct Nov Dec
2005: Jan Feb Mar Apr May Jun Jul Aug Sep Oct Nov Dec
2004: Jan Feb Mar Apr May Jun Jul Aug Sep Oct Nov Dec
2003: Jan Feb Mar Apr May Jun Jul Aug Sep Oct Nov Dec
2002: Jan Feb Mar Apr May Jun Jul Aug Sep Oct Nov Dec
2001: Jan Feb Mar Apr May Jun Jul Aug Sep Oct Nov Dec
2000: Jan Feb Mar Apr May Jun Jul Aug Sep Oct Nov Dec
1999: Jan Feb Mar Apr May Jun Jul Aug Sep Oct Nov Dec
1998: Jan Feb Mar Apr May Jun Jul Aug Sep Oct Nov Dec
1997: Jan Feb Mar Apr May Jun Jul Aug Sep Oct Nov Dec
1996: Jan Feb Mar Apr May Jun Jul Aug Sep Oct Nov Dec
1995: Jan Feb Mar Apr May Jun Jul Aug Sep Oct Nov Dec
1994: Jan Feb Mar Apr May Jun Jul Aug Sep Oct Nov Dec
1993: Jan Feb Mar Apr May Jun Jul Aug Sep Oct Nov Dec
1992: Jan Feb Mar Apr May Jun Jul Aug Sep Oct Nov Dec
1991: Jan Feb Mar Apr May Jun Jul Aug Sep Oct Nov Dec
1990: Jan Feb Mar Apr May Jun Jul Aug Sep Oct Nov Dec
1989: Jan Feb Mar Apr May Jun Jul Aug Sep Oct Nov Dec
1988: Jan Feb Mar Apr May Jun Jul Aug Sep Oct Nov Dec
1987: Jan Feb Mar Apr May Jun Jul Aug Sep Oct Nov Dec
1986: Jan Feb Mar Apr May Jun Jul Aug Sep Oct Nov Dec

Report for 2000 June
                  MONTHLY CLIMATOLOGICAL SUMMARY FOR 6/2000
                                        HEAT  COOL        
     MEAN                               DEG   DEG       WIND SPEED       DOM MEAN  MEAN
DAY  TEMP  HIGH   TIME     LOW   TIME   DAYS  DAYS RAIN AVG  HI  TIME    DIR BAROM HUM
---------------------------------------------------------------------------------------
1
2
3
4
5
6
7
8
9    35.6  71.1  9:53pm   71.1  9:53pm  11.6  0.0  0.00   3   5  00:00     N  14.8 10.0
10   67.8  79.0 12:53pm   59.0 11:53pm   0.0  8.4  0.02  21  40  00:00     S  27.8 27.5
11   65.8  82.9 12:53pm   52.0  4:53am   0.0  9.4  0.04  20  38  00:00     S  28.9 39.2
12     72  91.4  3:25pm   51.1  4:53am   0.0 16.7  0.00  13  24  00:00   WSW  28.6 22.3
13     65  81.0  3:53pm   46.9 11:53pm   0.0  8.0  0.00  19  38  00:00    SW  28.8 30.4
14   60.7  79.0  3:53pm   43.0  4:53am   0.0  4.9  0.00   7  14  00:00   ESE  28.8 39.6
15   66.6  91.0  3:53pm   50.0  9:53pm   0.0 13.8  0.00  21  40  00:00   SSW  28.6 32.8
16   46.2  52.0  2:53am   42.8 11:07pm  15.9  0.0  0.01   6  13  00:00   ESE  28.9 65.4
17   46.1  62.1  5:53pm   42.1  2:53am  10.9  0.0  0.21   9  16  00:00    SE  29.2 77.1
18   63.2  86.0  3:53pm   43.0  5:53am   0.0  9.6  0.00  19  37  00:00   SSW  28.8 42.9
19   65.4  79.0  1:53pm   51.1 11:53pm   0.0  7.2  0.00  17  33  00:00   WSW  28.6 38.3
20     63  80.1  4:53pm   51.1 12:53am   0.0  6.6  0.00  10  18  00:00     S  28.7 36.1
21   62.9  82.0  3:53pm   43.0  5:53am   0.0  7.5  0.00  10  18  00:00    SE  28.8 37.6
22   71.9  90.0  1:53pm   57.9  4:53am   0.0 16.0  0.00   8  15  00:00     S  28.6 29.4
23   69.9  84.9  1:53pm   57.9  4:53am   0.0 12.4  0.00  10  18  00:00   WSW  28.6 29.2
24   67.8  86.0  2:53pm   59.0  1:53am   0.0 11.9  0.00  11  21  00:00     W  27.7 27.9
25   63.2  82.9 10:53am   57.0  9:53pm   0.0  8.1  0.23   9  16  00:00     S  29.2 58.2
26   53.3  63.0 12:53pm   51.8  3:10am   6.8  0.0  0.53  10  20  00:00    SE  29.4 88.5
27   57.3  71.1  4:53pm   53.1  5:53am   0.8  0.0  0.00  14  27  00:00     W  29.4 78.4
28   56.1  69.1  3:53pm   51.1  4:53am   2.4  0.0  0.04   9  16  00:00   WSW  29.3 75.4
29     70  89.1  2:53pm   55.0  1:53am   0.0 14.6  0.00  12  23  00:00   SSW  28.7 39.4
30   67.3  86.0  2:53pm   51.1  4:53am   0.0 11.7  0.00  16  31  00:00     S  28.6 46.1