NOAA-Style Climate Reports

Select a Year or Month report
2018: Jan Feb Mar Apr May Jun Jul Aug Sep Oct Nov Dec
2017: Jan Feb Mar Apr May Jun Jul Aug Sep Oct Nov Dec
2016: Jan Feb Mar Apr May Jun Jul Aug Sep Oct Nov Dec
2015: Jan Feb Mar Apr May Jun Jul Aug Sep Oct Nov Dec
2014: Jan Feb Mar Apr May Jun Jul Aug Sep Oct Nov Dec
2013: Jan Feb Mar Apr May Jun Jul Aug Sep Oct Nov Dec
2012: Jan Feb Mar Apr May Jun Jul Aug Sep Oct Nov Dec
2011: Jan Feb Mar Apr May Jun Jul Aug Sep Oct Nov Dec
2010: Jan Feb Mar Apr May Jun Jul Aug Sep Oct Nov Dec
2009: Jan Feb Mar Apr May Jun Jul Aug Sep Oct Nov Dec
2008: Jan Feb Mar Apr May Jun Jul Aug Sep Oct Nov Dec
2007: Jan Feb Mar Apr May Jun Jul Aug Sep Oct Nov Dec
2006: Jan Feb Mar Apr May Jun Jul Aug Sep Oct Nov Dec
2005: Jan Feb Mar Apr May Jun Jul Aug Sep Oct Nov Dec
2004: Jan Feb Mar Apr May Jun Jul Aug Sep Oct Nov Dec
2003: Jan Feb Mar Apr May Jun Jul Aug Sep Oct Nov Dec
2002: Jan Feb Mar Apr May Jun Jul Aug Sep Oct Nov Dec
2001: Jan Feb Mar Apr May Jun Jul Aug Sep Oct Nov Dec
2000: Jan Feb Mar Apr May Jun Jul Aug Sep Oct Nov Dec
1999: Jan Feb Mar Apr May Jun Jul Aug Sep Oct Nov Dec
1998: Jan Feb Mar Apr May Jun Jul Aug Sep Oct Nov Dec
1997: Jan Feb Mar Apr May Jun Jul Aug Sep Oct Nov Dec
1996: Jan Feb Mar Apr May Jun Jul Aug Sep Oct Nov Dec
1995: Jan Feb Mar Apr May Jun Jul Aug Sep Oct Nov Dec
1994: Jan Feb Mar Apr May Jun Jul Aug Sep Oct Nov Dec
1993: Jan Feb Mar Apr May Jun Jul Aug Sep Oct Nov Dec
1992: Jan Feb Mar Apr May Jun Jul Aug Sep Oct Nov Dec
1991: Jan Feb Mar Apr May Jun Jul Aug Sep Oct Nov Dec
1990: Jan Feb Mar Apr May Jun Jul Aug Sep Oct Nov Dec
1989: Jan Feb Mar Apr May Jun Jul Aug Sep Oct Nov Dec
1988: Jan Feb Mar Apr May Jun Jul Aug Sep Oct Nov Dec
1987: Jan Feb Mar Apr May Jun Jul Aug Sep Oct Nov Dec
1986: Jan Feb Mar Apr May Jun Jul Aug Sep Oct Nov Dec

Report for 2000 July
                  MONTHLY CLIMATOLOGICAL SUMMARY FOR 7/2000
                                        HEAT  COOL        
     MEAN                               DEG   DEG       WIND SPEED       DOM MEAN  MEAN
DAY  TEMP  HIGH   TIME     LOW   TIME   DAYS  DAYS RAIN AVG  HI  TIME    DIR BAROM HUM
---------------------------------------------------------------------------------------
1    70.8  88.0  1:53pm   60.1  4:53am   0.0 14.4  0.00  12  23  00:00   WSW  28.6 32.8
2    70.6  88.0 12:53pm   57.0  2:53am   0.0 14.3  0.00  15  29  00:00   SSW  28.8 39.5
3    71.5  86.0  2:53pm   64.0 12:53am   0.0 13.8  0.00  14  28  00:00   SSW  28.6 38.5
4    75.2  93.0  3:53pm   62.1  5:53am   0.0 19.1  0.00  13  25  00:00    SW  28.5 21.6
5    73.3  91.4  4:39pm   57.9  5:53am   0.0 17.4  0.00  13  24  00:00     S  28.7 28.0
6    77.3  96.1  4:53pm   61.0  3:53am   0.0 21.7  0.00  13  24  00:00    SW  28.6 32.5
7    76.5  93.9  3:53pm   70.0  5:53am   0.0 20.2  0.01  12  23  00:00   WSW  28.6 26.7
8    73.6  90.0 12:53pm   59.0  5:53am   0.0 16.8  0.00  13  24  00:00   WSW  28.7 33.1
9    71.9  86.0  1:53pm   63.0  5:53am   0.0 14.0  0.06  17  33  00:00   SSW  28.6 40.5
10   70.7  89.1  3:53pm   57.0  2:53am   0.0 14.9  0.15  15  29  00:00     S  28.8 51.9
11   71.7  90.0  4:53pm   59.0  5:53am   0.0 15.9  0.00  10  20  00:00     S  28.7 46.9
12   67.5  89.1 12:53pm   62.1  4:53pm   0.0 13.3  2.38  17  32  00:00    SW  29.2 57.0
13     71  88.0  2:53pm   57.9  3:53am   0.0 14.5  0.00   9  17  00:00     S  28.9 51.0
14   73.6  91.9  3:53pm   60.1  5:53am   0.0 17.8  0.85  21  41  00:00     S  29.0 44.8
15   73.6  93.0  2:53pm   60.1  5:53am   0.0 18.3  0.01  15  29  00:00   WSW  28.7 39.2
16   66.5  77.0  4:53pm   59.0 11:23pm   0.0  6.8  2.47   8  15  00:00   SSW  29.0 62.5
17   62.3  77.0  1:53pm   57.2  6:30am   0.0  4.7  0.42  15  29  00:00   SSW  29.3 79.7
18     71  87.1  2:53pm   57.0  5:53am   0.0 14.1  0.00   8  15  00:00     S  28.9 45.3
19     67  86.0  3:53pm   57.0  6:53am   0.0 11.5  0.00   8  15  00:00   WSW  29.0 56.9
20   66.9  82.9  5:53pm   61.0  5:53am   0.0  9.9  0.00  11  21  00:00   SSW  28.8 53.3
21   67.9  86.0  4:53pm   55.9  2:53am   0.0 12.0  0.00  10  20  00:00    SW  28.8 51.6
22     68  84.0  4:53pm   55.9  5:53am   0.0 11.0  0.00   7  13  00:00   SSW  28.9 56.6
23     73  91.9  2:53pm   57.0  4:53am   0.0 17.5  0.00  10  20  00:00     S  28.8 36.7
24   75.6  91.0 12:53pm   64.0  4:53am   0.0 18.3  0.00  16  31  00:00   WSW  28.8 25.4
25   72.6  88.0 12:53pm   59.0  4:53am   0.0 15.3  0.00  10  20  00:00     S  28.7 30.4
26   73.9  88.0 11:53am   63.0  3:53am   0.0 16.0  0.00  17  32  00:00   WSW  28.7 31.7
27     70  86.0  3:53pm   57.9  3:53am   0.0 13.0  0.00  11  21  00:00   WSW  28.9 39.4
28   68.3  86.0  3:53pm   55.9  3:53am   0.0 12.2  0.00   9  16  00:00    SW  28.8 49.2
29   67.5  86.0  2:53pm   55.0  3:53am   0.0 11.8  0.00  10  18  00:00   SSE  28.9 47.2
30   67.9  84.9  3:53pm   55.0  5:53am   0.0 11.4  0.00   9  17  00:00    SW  28.9 40.0
31   68.6  87.1  3:53pm   54.0  3:53am   0.0 12.9  0.00   8  15  00:00   SSW  28.9 38.5