NOAA-Style Climate Reports

Select a Year or Month report
2018: Jan Feb Mar Apr May Jun Jul Aug Sep Oct Nov Dec
2017: Jan Feb Mar Apr May Jun Jul Aug Sep Oct Nov Dec
2016: Jan Feb Mar Apr May Jun Jul Aug Sep Oct Nov Dec
2015: Jan Feb Mar Apr May Jun Jul Aug Sep Oct Nov Dec
2014: Jan Feb Mar Apr May Jun Jul Aug Sep Oct Nov Dec
2013: Jan Feb Mar Apr May Jun Jul Aug Sep Oct Nov Dec
2012: Jan Feb Mar Apr May Jun Jul Aug Sep Oct Nov Dec
2011: Jan Feb Mar Apr May Jun Jul Aug Sep Oct Nov Dec
2010: Jan Feb Mar Apr May Jun Jul Aug Sep Oct Nov Dec
2009: Jan Feb Mar Apr May Jun Jul Aug Sep Oct Nov Dec
2008: Jan Feb Mar Apr May Jun Jul Aug Sep Oct Nov Dec
2007: Jan Feb Mar Apr May Jun Jul Aug Sep Oct Nov Dec
2006: Jan Feb Mar Apr May Jun Jul Aug Sep Oct Nov Dec
2005: Jan Feb Mar Apr May Jun Jul Aug Sep Oct Nov Dec
2004: Jan Feb Mar Apr May Jun Jul Aug Sep Oct Nov Dec
2003: Jan Feb Mar Apr May Jun Jul Aug Sep Oct Nov Dec
2002: Jan Feb Mar Apr May Jun Jul Aug Sep Oct Nov Dec
2001: Jan Feb Mar Apr May Jun Jul Aug Sep Oct Nov Dec
2000: Jan Feb Mar Apr May Jun Jul Aug Sep Oct Nov Dec
1999: Jan Feb Mar Apr May Jun Jul Aug Sep Oct Nov Dec
1998: Jan Feb Mar Apr May Jun Jul Aug Sep Oct Nov Dec
1997: Jan Feb Mar Apr May Jun Jul Aug Sep Oct Nov Dec
1996: Jan Feb Mar Apr May Jun Jul Aug Sep Oct Nov Dec
1995: Jan Feb Mar Apr May Jun Jul Aug Sep Oct Nov Dec
1994: Jan Feb Mar Apr May Jun Jul Aug Sep Oct Nov Dec
1993: Jan Feb Mar Apr May Jun Jul Aug Sep Oct Nov Dec
1992: Jan Feb Mar Apr May Jun Jul Aug Sep Oct Nov Dec
1991: Jan Feb Mar Apr May Jun Jul Aug Sep Oct Nov Dec
1990: Jan Feb Mar Apr May Jun Jul Aug Sep Oct Nov Dec
1989: Jan Feb Mar Apr May Jun Jul Aug Sep Oct Nov Dec
1988: Jan Feb Mar Apr May Jun Jul Aug Sep Oct Nov Dec
1987: Jan Feb Mar Apr May Jun Jul Aug Sep Oct Nov Dec
1986: Jan Feb Mar Apr May Jun Jul Aug Sep Oct Nov Dec

Report for 2000 August
                  MONTHLY CLIMATOLOGICAL SUMMARY FOR 8/2000
                                        HEAT  COOL        
     MEAN                               DEG   DEG       WIND SPEED       DOM MEAN  MEAN
DAY  TEMP  HIGH   TIME     LOW   TIME   DAYS  DAYS RAIN AVG  HI  TIME    DIR BAROM HUM
---------------------------------------------------------------------------------------
1    73.1  93.0  2:53pm   59.0  2:53am   0.0 18.1  0.00  10  20  00:00   SSE  28.8 29.7
2    75.6  91.9  3:53pm   64.9  5:53am   0.0 18.8  0.00   9  17  00:00    SW  28.8 32.0
3    72.5  91.0  2:53pm   64.0  6:53am   0.0 16.8  0.25   8  15  00:00   SSW  28.9 42.1
4    71.6  88.0  2:53pm   61.0  5:53am   0.0 14.8  0.01  13  24  00:00     S  28.8 42.8
5    72.6  88.0 12:53pm   64.9 12:53am   0.0 15.3  0.00  18  36  00:00     W  28.8 36.9
6    68.6  87.1  1:53pm   52.0  4:53am   0.0 12.9  0.00  14  28  00:00   SSW  28.8 43.3
7    72.8  91.0  1:53pm   61.0 11:53pm   0.0 16.9  0.00  12  22  00:00   SSW  28.6 29.1
8    74.8  93.9  3:53pm   60.1  3:53am   0.0 19.4  0.00   9  16  00:00     S  28.6 21.4
9    73.1  95.0  2:53pm   57.9  2:53am   0.0 19.1  0.00  13  25  00:00     S  28.6 27.0
10   70.2  87.1  4:53pm   57.9  4:53am   0.0 13.7  0.00   9  17  00:00   WSW  28.8 44.4
11   66.7  93.0 12:53pm   59.0  4:53am   0.0 14.9  0.00   5   8  00:00    SW  27.8 42.9
12
13
14
15
16
17
18
19
20
21
22     37  73.9  9:53am   73.9  9:53am   9.5  0.0  0.00   5   9  00:00     N  15.0 20.0
23
24
25
26
27   50.9  61.0  1:53am   57.0  3:53am   9.0  0.0  0.00   6  12  00:00   WSW  25.6 60.4
28
29
30
31   53.9  61.0  5:53pm   55.0 11:53pm   7.5  0.0  0.52   7  13  00:00     W  27.9 83.4