NOAA-Style Climate Reports

Select a Year or Month report
2018: Jan Feb Mar Apr May Jun Jul Aug Sep Oct Nov Dec
2017: Jan Feb Mar Apr May Jun Jul Aug Sep Oct Nov Dec
2016: Jan Feb Mar Apr May Jun Jul Aug Sep Oct Nov Dec
2015: Jan Feb Mar Apr May Jun Jul Aug Sep Oct Nov Dec
2014: Jan Feb Mar Apr May Jun Jul Aug Sep Oct Nov Dec
2013: Jan Feb Mar Apr May Jun Jul Aug Sep Oct Nov Dec
2012: Jan Feb Mar Apr May Jun Jul Aug Sep Oct Nov Dec
2011: Jan Feb Mar Apr May Jun Jul Aug Sep Oct Nov Dec
2010: Jan Feb Mar Apr May Jun Jul Aug Sep Oct Nov Dec
2009: Jan Feb Mar Apr May Jun Jul Aug Sep Oct Nov Dec
2008: Jan Feb Mar Apr May Jun Jul Aug Sep Oct Nov Dec
2007: Jan Feb Mar Apr May Jun Jul Aug Sep Oct Nov Dec
2006: Jan Feb Mar Apr May Jun Jul Aug Sep Oct Nov Dec
2005: Jan Feb Mar Apr May Jun Jul Aug Sep Oct Nov Dec
2004: Jan Feb Mar Apr May Jun Jul Aug Sep Oct Nov Dec
2003: Jan Feb Mar Apr May Jun Jul Aug Sep Oct Nov Dec
2002: Jan Feb Mar Apr May Jun Jul Aug Sep Oct Nov Dec
2001: Jan Feb Mar Apr May Jun Jul Aug Sep Oct Nov Dec
2000: Jan Feb Mar Apr May Jun Jul Aug Sep Oct Nov Dec
1999: Jan Feb Mar Apr May Jun Jul Aug Sep Oct Nov Dec
1998: Jan Feb Mar Apr May Jun Jul Aug Sep Oct Nov Dec
1997: Jan Feb Mar Apr May Jun Jul Aug Sep Oct Nov Dec
1996: Jan Feb Mar Apr May Jun Jul Aug Sep Oct Nov Dec
1995: Jan Feb Mar Apr May Jun Jul Aug Sep Oct Nov Dec
1994: Jan Feb Mar Apr May Jun Jul Aug Sep Oct Nov Dec
1993: Jan Feb Mar Apr May Jun Jul Aug Sep Oct Nov Dec
1992: Jan Feb Mar Apr May Jun Jul Aug Sep Oct Nov Dec
1991: Jan Feb Mar Apr May Jun Jul Aug Sep Oct Nov Dec
1990: Jan Feb Mar Apr May Jun Jul Aug Sep Oct Nov Dec
1989: Jan Feb Mar Apr May Jun Jul Aug Sep Oct Nov Dec
1988: Jan Feb Mar Apr May Jun Jul Aug Sep Oct Nov Dec
1987: Jan Feb Mar Apr May Jun Jul Aug Sep Oct Nov Dec
1986: Jan Feb Mar Apr May Jun Jul Aug Sep Oct Nov Dec

Report for 2000 September
                  MONTHLY CLIMATOLOGICAL SUMMARY FOR 9/2000
                                        HEAT  COOL        
     MEAN                               DEG   DEG       WIND SPEED       DOM MEAN  MEAN
DAY  TEMP  HIGH   TIME     LOW   TIME   DAYS  DAYS RAIN AVG  HI  TIME    DIR BAROM HUM
---------------------------------------------------------------------------------------
1    63.9  80.1  3:53pm   55.0  5:53am   0.0  7.0  0.00   9  16  00:00    SW  28.8 59.2
2    63.9  80.1  2:53pm   52.0  5:53am   0.0  7.0  0.00   9  17  00:00     S  28.7 45.9
3    63.8  81.0  3:53pm   52.0  6:53am   0.0  7.4  0.00   9  17  00:00   SSW  28.8 39.7
4    70.3  88.0  2:53pm   53.1  6:53am   0.0 14.2  0.00  27  53  00:00   SSW  28.9 33.8
5    71.1  90.0  3:53pm   61.0 11:53pm   0.0 15.6  0.02  27  53  00:00    SW  28.9 39.6
6    70.3  86.0  1:53pm   62.1 12:53am   0.0 13.2  0.00  15  29  00:00   WNW  28.8 32.5
7    59.4  77.0  2:53pm   45.0  5:53am   0.0  3.2  0.00  16  30  00:00   SSE  28.9 48.9
8    66.6  81.0 11:53am   57.9  5:53am   0.0  8.8  0.00  16  31  00:00   SSW  28.6 37.5
9    66.3  82.0  2:53pm   54.0  6:53am   0.0  9.2  0.00  12  23  00:00     S  28.5 29.9
10   66.9  87.1  2:53pm   52.0  5:53am   0.0 12.0  0.00   6  12  00:00   WSW  28.6 28.2
11   64.7  81.0 12:53pm   54.0 11:53pm   0.0  7.9  0.00   7  14  00:00   SSW  28.7 26.1
12   63.8  84.0  3:53pm   50.0  5:53am   0.0  8.9  0.00   9  16  00:00     S  28.8 33.5
13   66.7  87.1  2:53pm   52.0  4:53am   0.0 11.9  0.00   6  12  00:00     S  28.8 28.5
14   65.4  84.0  2:53pm   48.9  3:53am   0.0  9.7  0.00  14  27  00:00   SSE  29.0 33.1
15     69  90.0  3:53pm   53.1  5:53am   0.0 14.5  0.00   9  16  00:00   SSE  28.8 31.6
16   70.9  91.0  3:53pm   53.1  5:53am   0.0 16.0  0.00   6  12  00:00   SSW  28.8 21.2
17   71.6  91.0  3:53pm   55.0  5:53am   0.0 16.3  0.00  24  46  00:00    SW  28.8 22.1
18   63.7  78.1  3:53pm   57.0  2:53am   0.0  5.9  0.00  10  18  00:00   WSW  28.6 34.5
19   59.7  77.0  2:53pm   44.1 11:53pm   0.0  3.4  0.15  15  29  00:00    SE  28.7 47.7
20   43.4  55.0  3:53pm   37.9  3:53am  15.8  0.0  0.39  13  24  00:00   ESE  29.2 73.5
21   56.3  78.8 11:34am   37.9  6:53am   0.0  2.6  0.18  16  30  00:00     S  28.7 59.0
22   39.7  52.0 12:53am   32.0 11:53pm  19.1  0.0  0.11   8  15  00:00    NE  29.0 95.6
23   32.7  37.9 12:53pm   30.2 11:24pm  29.7  0.0  0.46   7  13  00:00   ESE  29.3 95.7
24   31.2  39.9  3:53pm   28.4  6:57am  29.4  0.0  0.26   5   8  00:00     E  29.4 86.2
25   44.1  66.0  3:53pm   28.0  6:53am   9.9  0.0  0.01   6  12  00:00   SSW  29.1 59.0
26   49.1  69.1  3:53pm   34.0  5:53am   5.9  0.0  0.00  10  18  00:00     S  29.0 50.4
27   52.7  72.0  2:53pm   37.0  5:53am   2.6  0.0  0.00   6  10  00:00   SSE  29.0 45.1
28   57.1  75.9  3:53pm   43.0  6:53am   0.0  1.5  0.00   6  12  00:00     S  28.9 41.5
29   59.9  75.9  1:53pm   51.1  2:53am   0.0  2.9  0.00  16  31  00:00   SSW  28.9 46.3
30   59.9  77.0  1:53pm   46.9  6:53am   0.0  3.5  0.00   7  14  00:00     W  28.7 43.7