NOAA-Style Climate Reports

Select a Year or Month report
2018: Jan Feb Mar Apr May Jun Jul Aug Sep Oct Nov Dec
2017: Jan Feb Mar Apr May Jun Jul Aug Sep Oct Nov Dec
2016: Jan Feb Mar Apr May Jun Jul Aug Sep Oct Nov Dec
2015: Jan Feb Mar Apr May Jun Jul Aug Sep Oct Nov Dec
2014: Jan Feb Mar Apr May Jun Jul Aug Sep Oct Nov Dec
2013: Jan Feb Mar Apr May Jun Jul Aug Sep Oct Nov Dec
2012: Jan Feb Mar Apr May Jun Jul Aug Sep Oct Nov Dec
2011: Jan Feb Mar Apr May Jun Jul Aug Sep Oct Nov Dec
2010: Jan Feb Mar Apr May Jun Jul Aug Sep Oct Nov Dec
2009: Jan Feb Mar Apr May Jun Jul Aug Sep Oct Nov Dec
2008: Jan Feb Mar Apr May Jun Jul Aug Sep Oct Nov Dec
2007: Jan Feb Mar Apr May Jun Jul Aug Sep Oct Nov Dec
2006: Jan Feb Mar Apr May Jun Jul Aug Sep Oct Nov Dec
2005: Jan Feb Mar Apr May Jun Jul Aug Sep Oct Nov Dec
2004: Jan Feb Mar Apr May Jun Jul Aug Sep Oct Nov Dec
2003: Jan Feb Mar Apr May Jun Jul Aug Sep Oct Nov Dec
2002: Jan Feb Mar Apr May Jun Jul Aug Sep Oct Nov Dec
2001: Jan Feb Mar Apr May Jun Jul Aug Sep Oct Nov Dec
2000: Jan Feb Mar Apr May Jun Jul Aug Sep Oct Nov Dec
1999: Jan Feb Mar Apr May Jun Jul Aug Sep Oct Nov Dec
1998: Jan Feb Mar Apr May Jun Jul Aug Sep Oct Nov Dec
1997: Jan Feb Mar Apr May Jun Jul Aug Sep Oct Nov Dec
1996: Jan Feb Mar Apr May Jun Jul Aug Sep Oct Nov Dec
1995: Jan Feb Mar Apr May Jun Jul Aug Sep Oct Nov Dec
1994: Jan Feb Mar Apr May Jun Jul Aug Sep Oct Nov Dec
1993: Jan Feb Mar Apr May Jun Jul Aug Sep Oct Nov Dec
1992: Jan Feb Mar Apr May Jun Jul Aug Sep Oct Nov Dec
1991: Jan Feb Mar Apr May Jun Jul Aug Sep Oct Nov Dec
1990: Jan Feb Mar Apr May Jun Jul Aug Sep Oct Nov Dec
1989: Jan Feb Mar Apr May Jun Jul Aug Sep Oct Nov Dec
1988: Jan Feb Mar Apr May Jun Jul Aug Sep Oct Nov Dec
1987: Jan Feb Mar Apr May Jun Jul Aug Sep Oct Nov Dec
1986: Jan Feb Mar Apr May Jun Jul Aug Sep Oct Nov Dec

Report for 2000 October
                  MONTHLY CLIMATOLOGICAL SUMMARY FOR 10/2000
                                        HEAT  COOL        
     MEAN                               DEG   DEG       WIND SPEED       DOM MEAN  MEAN
DAY  TEMP  HIGH   TIME     LOW   TIME   DAYS  DAYS RAIN AVG  HI  TIME    DIR BAROM HUM
---------------------------------------------------------------------------------------
1    65.1  81.0  3:53pm   55.9  4:53am   0.0  8.1  0.00   7  14  00:00     S  28.5 28.9
2    57.3  78.1  3:53pm   42.1  5:53am   0.0  2.7  0.00  11  21  00:00    SE  28.6 53.4
3    55.4  73.9  1:53pm   46.9  6:53am   0.3  0.0  0.00  16  31  00:00   SSE  28.7 55.6
4    50.4  60.1  7:53pm   44.6  8:36am   9.7  0.0  0.00   9  16  00:00     W  28.9 70.3
5    40.1  53.1 12:53am   30.2  9:02pm  18.4  0.0  0.09  12  23  00:00   ENE  29.5 94.3
6    31.1  33.8  1:22pm   30.0  5:53am  32.5  0.0  0.15   6  10  00:00   WNW  29.6 95.0
7    34.5  39.0 12:53pm   33.1 12:53am  28.2  0.0  0.00   5   9  00:00   SSE  29.4 74.5
8    37.1  48.0  3:53pm   32.0  6:53am  22.4  0.0  0.00   8  15  00:00   SSE  29.2 69.8
9    43.7  64.9  2:53pm   30.0  3:53am  10.7  0.0  0.00   6  10  00:00   SSE  28.9 63.1
10   52.1  72.0  2:53pm   36.0  4:53am   2.9  0.0  0.00  14  28  00:00   SSE  28.6 47.8
11   59.6  77.0  2:53pm   45.0  5:53am   0.0  3.3  0.00  18  36  00:00   SSW  28.5 33.8
12     55  73.4  3:08pm   42.1  6:53am   0.8  0.0  0.00  15  30  00:00     W  28.7 44.7
13   45.4  60.1  2:53pm   37.0 10:53pm  12.2  0.0  0.00   9  16  00:00    SE  28.8 49.8
14   42.1  57.9  3:53pm   27.0  6:53am  15.0  0.0  0.00   6  12  00:00   SSW  28.9 47.3
15   44.2  63.0  2:53pm   30.9  4:53am  11.4  0.0  0.00   6  12  00:00    SE  28.9 54.2
16     46  64.0  3:53pm   33.1  6:53am  10.0  0.0  0.00   9  17  00:00    SE  28.9 51.6
17   48.6  66.0  2:53pm   36.0  4:53am   7.7  0.0  0.00   6  10  00:00    SW  29.1 43.7
18   53.6  75.0  1:53pm   36.0  3:53am   0.7  0.0  0.00   7  14  00:00     S  28.9 35.5
19   54.2  71.1  1:53pm   39.0  5:53am   2.3  0.0  0.00   6  13  00:00   SSW  28.8 27.6
20   50.1  68.0  2:53pm   37.9  5:53am   5.9  0.0  0.00  15  29  00:00     S  28.9 38.9
21   54.6  72.0  1:53pm   43.0  4:53am   1.7  0.0  0.00  13  24  00:00   SSE  28.6 34.2
22   40.4  51.1 12:53am   37.4 10:25pm  19.2  0.0  0.49  14  28  00:00    NW  29.6 92.7
23     43  55.9  2:53pm   37.4 12:35am  15.5  0.0  0.02   7  13  00:00   SSW  29.4 83.9
24   47.6  61.0  1:53pm   41.0 10:53pm  10.7  0.0  0.00   6  12  00:00   WNW  29.1 77.1
25   44.8  61.0  2:53pm   33.1  4:53am  12.1  0.0  0.00   6  10  00:00   WSW  28.8 50.8
26     44  62.1  2:53pm   32.0  3:53am  11.9  0.0  0.00   6  10  00:00   SSE  28.8 46.0
27   43.8  59.0  1:53pm   34.0  5:53am  13.6  0.0  0.00   6  10  00:00     W  28.8 63.8
28   48.9  60.1  1:53pm   46.0 11:53pm  10.5  0.0  0.00   9  16  00:00     W  28.6 75.3
29   47.2  62.1 12:53pm   39.9  9:53pm  10.3  0.0  0.10  13  24  00:00    SW  28.9 70.7
30   42.8  57.9  1:53pm   34.0  2:53am  14.6  0.0  0.00   6  10  00:00    SW  28.7 55.7
31   37.7  43.0  5:53pm   33.1 12:53am  24.6  0.0  0.05   5  10  00:00     W  28.9 82.2