NOAA-Style Climate Reports

Select a Year or Month report
2018: Jan Feb Mar Apr May Jun Jul Aug Sep Oct Nov Dec
2017: Jan Feb Mar Apr May Jun Jul Aug Sep Oct Nov Dec
2016: Jan Feb Mar Apr May Jun Jul Aug Sep Oct Nov Dec
2015: Jan Feb Mar Apr May Jun Jul Aug Sep Oct Nov Dec
2014: Jan Feb Mar Apr May Jun Jul Aug Sep Oct Nov Dec
2013: Jan Feb Mar Apr May Jun Jul Aug Sep Oct Nov Dec
2012: Jan Feb Mar Apr May Jun Jul Aug Sep Oct Nov Dec
2011: Jan Feb Mar Apr May Jun Jul Aug Sep Oct Nov Dec
2010: Jan Feb Mar Apr May Jun Jul Aug Sep Oct Nov Dec
2009: Jan Feb Mar Apr May Jun Jul Aug Sep Oct Nov Dec
2008: Jan Feb Mar Apr May Jun Jul Aug Sep Oct Nov Dec
2007: Jan Feb Mar Apr May Jun Jul Aug Sep Oct Nov Dec
2006: Jan Feb Mar Apr May Jun Jul Aug Sep Oct Nov Dec
2005: Jan Feb Mar Apr May Jun Jul Aug Sep Oct Nov Dec
2004: Jan Feb Mar Apr May Jun Jul Aug Sep Oct Nov Dec
2003: Jan Feb Mar Apr May Jun Jul Aug Sep Oct Nov Dec
2002: Jan Feb Mar Apr May Jun Jul Aug Sep Oct Nov Dec
2001: Jan Feb Mar Apr May Jun Jul Aug Sep Oct Nov Dec
2000: Jan Feb Mar Apr May Jun Jul Aug Sep Oct Nov Dec
1999: Jan Feb Mar Apr May Jun Jul Aug Sep Oct Nov Dec
1998: Jan Feb Mar Apr May Jun Jul Aug Sep Oct Nov Dec
1997: Jan Feb Mar Apr May Jun Jul Aug Sep Oct Nov Dec
1996: Jan Feb Mar Apr May Jun Jul Aug Sep Oct Nov Dec
1995: Jan Feb Mar Apr May Jun Jul Aug Sep Oct Nov Dec
1994: Jan Feb Mar Apr May Jun Jul Aug Sep Oct Nov Dec
1993: Jan Feb Mar Apr May Jun Jul Aug Sep Oct Nov Dec
1992: Jan Feb Mar Apr May Jun Jul Aug Sep Oct Nov Dec
1991: Jan Feb Mar Apr May Jun Jul Aug Sep Oct Nov Dec
1990: Jan Feb Mar Apr May Jun Jul Aug Sep Oct Nov Dec
1989: Jan Feb Mar Apr May Jun Jul Aug Sep Oct Nov Dec
1988: Jan Feb Mar Apr May Jun Jul Aug Sep Oct Nov Dec
1987: Jan Feb Mar Apr May Jun Jul Aug Sep Oct Nov Dec
1986: Jan Feb Mar Apr May Jun Jul Aug Sep Oct Nov Dec

Report for 2000 November
                  MONTHLY CLIMATOLOGICAL SUMMARY FOR 11/2000
                                        HEAT  COOL        
     MEAN                               DEG   DEG       WIND SPEED       DOM MEAN  MEAN
DAY  TEMP  HIGH   TIME     LOW   TIME   DAYS  DAYS RAIN AVG  HI  TIME    DIR BAROM HUM
---------------------------------------------------------------------------------------
1    39.2  53.1 12:53pm   32.0 10:53pm  18.8  0.0  0.00  14  27  00:00    SW  28.6 49.8
2    34.8  43.0  1:53pm   28.9  6:53am  26.1  0.0  0.00  11  21  00:00   SSE  28.9 58.7
3    32.5  44.1  2:53pm   28.0  5:53am  26.7  0.0  0.00   6  10  00:00   WNW  29.3 76.6
4    41.2  62.1  1:53pm   26.1  2:53am  13.3  0.0  0.00   9  16  00:00     S  28.7 54.2
5    33.7  48.0 12:53am   25.0  8:53pm  24.1  0.0  0.83   7  14  00:00   WSW  28.8 79.4
6    22.6  28.9 11:53am   17.6  6:23am  39.2  0.0  0.11   6  12  00:00     E  29.1 83.8
7    22.3  30.9  2:53pm   12.9  5:53am  38.4  0.0  0.01   7  14  00:00    SE  28.9 64.9
8    28.9  39.0  1:53pm   24.1  3:53am  31.0  0.0  0.00   7  13  00:00   SSE  28.7 55.9
9      30  42.1  2:53pm   23.0  6:53am  28.9  0.0  0.00   6  12  00:00   WSW  28.6 61.2
10   23.4  33.1 12:53pm   19.0  2:53am  36.7  0.0  0.00   8  15  00:00   WNW  28.9 77.1
11   15.8  23.0 12:07am   10.4  9:38pm  45.6  0.0  0.00   8  15  00:00   WSW  29.4 87.2
12     12  21.9 11:53am    3.9  7:53am  48.0  0.0  0.15   6  10  00:00    SE  29.0 73.1
13   16.4  28.9 12:53pm    6.1  2:53am  42.3  0.0  0.06   6  12  00:00     S  29.1 48.6
14   19.8  36.0  1:53pm    9.0  2:53am  37.1  0.0  0.00   6  12  00:00   SSW  28.9 61.4
15   21.9  35.1 12:53pm   12.9  3:53am  36.5  0.0  0.06  15  29  00:00     W  28.9 65.3
16   17.9  30.0 12:53pm   10.0  5:53am  41.0  0.0  0.00   6  10  00:00   ESE  28.9 60.5
17     17  28.9 11:53am    7.0 11:53pm  42.0  0.0  0.00  13  24  00:00   ESE  29.3 69.5
18   24.3  42.1  2:53pm    7.0  4:53am  31.8  0.0  0.00  10  20  00:00    SW  29.0 47.3
19   27.2  44.1  1:53pm   16.0  6:53am  29.3  0.0  0.00   7  13  00:00     S  29.0 53.2
20   29.8  45.0 12:53pm   16.0  1:53am  27.6  0.0  0.00   7  14  00:00   SSE  29.2 48.5
21   36.9  51.1 12:53pm   27.0  4:53am  21.0  0.0  0.00   8  15  00:00   SSW  29.1 32.6
22   36.5  53.1  1:53pm   30.0 10:53pm  20.2  0.0  0.00   4   7  00:00    SE  28.9 43.5
23   29.8  42.1  2:53pm   24.1  7:53am  29.0  0.0  0.00   6  10  00:00    SW  29.0 53.5
24   33.1  50.0 12:53pm   23.0 12:53am  23.4  0.0  0.00   6  12  00:00   SSE  28.9 46.9
25   30.4  41.0  2:53pm   23.0  6:53am  29.3  0.0  0.00   7  13  00:00   SSW  29.0 53.6
26   33.7  48.0  1:53pm   23.0  5:53am  24.1  0.0  0.00  13  25  00:00   SSW  28.8 43.8
27   33.2  46.9  2:53pm   28.0  8:53pm  24.9  0.0  0.00   5   9  00:00   SSW  28.8 56.6
28   27.8  35.1 12:53pm   21.0  9:53pm  33.5  0.0  0.00   7  14  00:00   ESE  29.0 62.4
29   26.3  39.0  2:53pm   19.0  3:53am  32.3  0.0  0.00   7  14  00:00   SSW  29.0 60.0
30   36.7  48.9 11:53am   28.0  1:53am  22.2  0.0  0.00  19  37  00:00   WSW  28.9 36.8