NOAA-Style Climate Reports

Select a Year or Month report
2018: Jan Feb Mar Apr May Jun Jul Aug Sep Oct Nov Dec
2017: Jan Feb Mar Apr May Jun Jul Aug Sep Oct Nov Dec
2016: Jan Feb Mar Apr May Jun Jul Aug Sep Oct Nov Dec
2015: Jan Feb Mar Apr May Jun Jul Aug Sep Oct Nov Dec
2014: Jan Feb Mar Apr May Jun Jul Aug Sep Oct Nov Dec
2013: Jan Feb Mar Apr May Jun Jul Aug Sep Oct Nov Dec
2012: Jan Feb Mar Apr May Jun Jul Aug Sep Oct Nov Dec
2011: Jan Feb Mar Apr May Jun Jul Aug Sep Oct Nov Dec
2010: Jan Feb Mar Apr May Jun Jul Aug Sep Oct Nov Dec
2009: Jan Feb Mar Apr May Jun Jul Aug Sep Oct Nov Dec
2008: Jan Feb Mar Apr May Jun Jul Aug Sep Oct Nov Dec
2007: Jan Feb Mar Apr May Jun Jul Aug Sep Oct Nov Dec
2006: Jan Feb Mar Apr May Jun Jul Aug Sep Oct Nov Dec
2005: Jan Feb Mar Apr May Jun Jul Aug Sep Oct Nov Dec
2004: Jan Feb Mar Apr May Jun Jul Aug Sep Oct Nov Dec
2003: Jan Feb Mar Apr May Jun Jul Aug Sep Oct Nov Dec
2002: Jan Feb Mar Apr May Jun Jul Aug Sep Oct Nov Dec
2001: Jan Feb Mar Apr May Jun Jul Aug Sep Oct Nov Dec
2000: Jan Feb Mar Apr May Jun Jul Aug Sep Oct Nov Dec
1999: Jan Feb Mar Apr May Jun Jul Aug Sep Oct Nov Dec
1998: Jan Feb Mar Apr May Jun Jul Aug Sep Oct Nov Dec
1997: Jan Feb Mar Apr May Jun Jul Aug Sep Oct Nov Dec
1996: Jan Feb Mar Apr May Jun Jul Aug Sep Oct Nov Dec
1995: Jan Feb Mar Apr May Jun Jul Aug Sep Oct Nov Dec
1994: Jan Feb Mar Apr May Jun Jul Aug Sep Oct Nov Dec
1993: Jan Feb Mar Apr May Jun Jul Aug Sep Oct Nov Dec
1992: Jan Feb Mar Apr May Jun Jul Aug Sep Oct Nov Dec
1991: Jan Feb Mar Apr May Jun Jul Aug Sep Oct Nov Dec
1990: Jan Feb Mar Apr May Jun Jul Aug Sep Oct Nov Dec
1989: Jan Feb Mar Apr May Jun Jul Aug Sep Oct Nov Dec
1988: Jan Feb Mar Apr May Jun Jul Aug Sep Oct Nov Dec
1987: Jan Feb Mar Apr May Jun Jul Aug Sep Oct Nov Dec
1986: Jan Feb Mar Apr May Jun Jul Aug Sep Oct Nov Dec

Report for 2000 December
                  MONTHLY CLIMATOLOGICAL SUMMARY FOR 12/2000
                                        HEAT  COOL        
     MEAN                               DEG   DEG       WIND SPEED       DOM MEAN  MEAN
DAY  TEMP  HIGH   TIME     LOW   TIME   DAYS  DAYS RAIN AVG  HI  TIME    DIR BAROM HUM
---------------------------------------------------------------------------------------
1    26.7  39.0  1:53pm   18.0  3:53am  32.1  0.0  0.00   7  14  00:00     S  29.2 48.8
2    29.4  51.1  1:53pm   17.1  6:53am  24.7  0.0  0.00   6  12  00:00   SSW  29.1 50.4
3    37.1  59.0 12:53pm   25.0 12:53am  16.9  0.0  0.00   7  13  00:00    SW  28.9 35.4
4    27.7  39.9  2:53pm   21.9  2:53am  31.2  0.0  0.00   6  12  00:00   WSW  29.2 56.2
5    29.6  50.0 10:53am   17.1 11:53pm  25.2  0.0  0.00  20  39  00:00     E  29.4 68.7
6    31.2  48.0  1:53pm   12.9  2:53am  25.4  0.0  0.05   7  13  00:00     S  29.1 57.7
7    40.2  54.0 11:53am   30.9 11:53pm  17.9  0.0  0.00   9  17  00:00   SSE  28.8 46.1
8    30.9  42.1  1:53pm   24.1  5:53am  28.5  0.0  0.00   5   8  00:00    SW  28.8 73.2
9    37.4  54.0  1:53pm   28.0  1:53am  19.3  0.0  0.00   5   8  00:00   SSE  28.7 51.4
10   19.7  34.0 12:53am    6.8 11:56pm  38.1  0.0  0.00   8  15  00:00    SE  29.3 88.3
11    4.7  12.9 10:53pm    1.0  8:53am  56.2  0.0  0.01   7  14  00:00   ESE  29.4 79.0
12   11.1  21.9  2:53pm    3.0  6:53am  48.5  0.0  0.08   6  12  00:00   NNE  28.9 72.7
13   17.4  32.0 12:53pm    5.0  4:53am  40.3  0.0  0.00   6  13  00:00     S  28.9 73.5
14     33  46.9  1:53pm   19.0 12:53am  25.0  0.0  0.00  17  32  00:00   WSW  28.8 42.6
15   32.5  46.0 12:53pm   24.1  3:53am  25.7  0.0  0.00  17  33  00:00     W  28.6 39.3
16   23.7  39.9  2:53pm   10.0  4:53am  33.2  0.0  0.00  16  30  00:00     S  29.1 52.9
17   38.5  60.1 12:53pm   25.0 11:53pm  15.7  0.0  0.00  25  50  00:00     W  28.7 28.9
18   24.3  33.1  1:53pm   19.0  7:53pm  36.3  0.0  0.00  16  30  00:00    NW  29.1 32.0
19   36.2  55.9  1:53pm   21.9  1:53am  18.9  0.0  0.00  13  24  00:00   WSW  28.8 26.8
20   20.4  41.0  3:53am    8.1 11:53pm  34.3  0.0  0.00  19  37  00:00   SSE  29.2 68.4
21   16.1  36.0  2:53pm    3.9  2:53am  38.9  0.0  0.00   5   9  00:00   WSW  29.1 67.7
22   35.1  52.0 12:53pm   19.0  3:53am  21.4  0.0  0.00  17  35  00:00   WSW  28.8 43.3
23   30.1  46.0 12:53pm   19.9  3:53am  26.9  0.0  0.00   7  14  00:00    SE  29.0 54.2
24   24.6  36.0  2:53pm   19.0  4:53am  34.7  0.0  0.00   6  10  00:00   WNW  29.1 72.3
25   20.1  23.0  6:53pm   17.6  6:20am  43.4  0.0  0.00   7  14  00:00    NW  29.4 86.4
26   23.2  39.0  2:53pm   10.0  5:53am  33.9  0.0  0.07   5  10  00:00     S  29.3 71.4
27   35.6  51.1 12:53pm   19.9 12:53am  21.6  0.0  0.00   6  12  00:00    SW  29.0 44.8
28   30.7  43.0  2:53am   19.9 11:53pm  28.1  0.0  0.00  10  18  00:00   ESE  29.1 57.3
29     24  37.0  1:53pm   16.0  4:53am  34.5  0.0  0.00   7  14  00:00   SSE  29.1 60.7
30   25.8  39.9 10:53am   16.0  3:53am  32.1  0.0  0.00   6  12  00:00    SE  29.0 59.3
31   24.9  36.0  2:53pm   17.1 11:53pm  34.5  0.0  0.00   6  12  00:00     S  29.2 75.1