NOAA-Style Climate Reports

Select a Year or Month report
2018: Jan Feb Mar Apr May Jun Jul Aug Sep Oct Nov Dec
2017: Jan Feb Mar Apr May Jun Jul Aug Sep Oct Nov Dec
2016: Jan Feb Mar Apr May Jun Jul Aug Sep Oct Nov Dec
2015: Jan Feb Mar Apr May Jun Jul Aug Sep Oct Nov Dec
2014: Jan Feb Mar Apr May Jun Jul Aug Sep Oct Nov Dec
2013: Jan Feb Mar Apr May Jun Jul Aug Sep Oct Nov Dec
2012: Jan Feb Mar Apr May Jun Jul Aug Sep Oct Nov Dec
2011: Jan Feb Mar Apr May Jun Jul Aug Sep Oct Nov Dec
2010: Jan Feb Mar Apr May Jun Jul Aug Sep Oct Nov Dec
2009: Jan Feb Mar Apr May Jun Jul Aug Sep Oct Nov Dec
2008: Jan Feb Mar Apr May Jun Jul Aug Sep Oct Nov Dec
2007: Jan Feb Mar Apr May Jun Jul Aug Sep Oct Nov Dec
2006: Jan Feb Mar Apr May Jun Jul Aug Sep Oct Nov Dec
2005: Jan Feb Mar Apr May Jun Jul Aug Sep Oct Nov Dec
2004: Jan Feb Mar Apr May Jun Jul Aug Sep Oct Nov Dec
2003: Jan Feb Mar Apr May Jun Jul Aug Sep Oct Nov Dec
2002: Jan Feb Mar Apr May Jun Jul Aug Sep Oct Nov Dec
2001: Jan Feb Mar Apr May Jun Jul Aug Sep Oct Nov Dec
2000: Jan Feb Mar Apr May Jun Jul Aug Sep Oct Nov Dec
1999: Jan Feb Mar Apr May Jun Jul Aug Sep Oct Nov Dec
1998: Jan Feb Mar Apr May Jun Jul Aug Sep Oct Nov Dec
1997: Jan Feb Mar Apr May Jun Jul Aug Sep Oct Nov Dec
1996: Jan Feb Mar Apr May Jun Jul Aug Sep Oct Nov Dec
1995: Jan Feb Mar Apr May Jun Jul Aug Sep Oct Nov Dec
1994: Jan Feb Mar Apr May Jun Jul Aug Sep Oct Nov Dec
1993: Jan Feb Mar Apr May Jun Jul Aug Sep Oct Nov Dec
1992: Jan Feb Mar Apr May Jun Jul Aug Sep Oct Nov Dec
1991: Jan Feb Mar Apr May Jun Jul Aug Sep Oct Nov Dec
1990: Jan Feb Mar Apr May Jun Jul Aug Sep Oct Nov Dec
1989: Jan Feb Mar Apr May Jun Jul Aug Sep Oct Nov Dec
1988: Jan Feb Mar Apr May Jun Jul Aug Sep Oct Nov Dec
1987: Jan Feb Mar Apr May Jun Jul Aug Sep Oct Nov Dec
1986: Jan Feb Mar Apr May Jun Jul Aug Sep Oct Nov Dec

Report for 2001 January
                  MONTHLY CLIMATOLOGICAL SUMMARY FOR 1/2001
                                        HEAT  COOL        
     MEAN                               DEG   DEG       WIND SPEED       DOM MEAN  MEAN
DAY  TEMP  HIGH   TIME     LOW   TIME   DAYS  DAYS RAIN AVG  HI  TIME    DIR BAROM HUM
---------------------------------------------------------------------------------------
1    24.4  45.0 11:53am   17.1 12:53am  30.3  0.0  0.00   6  10  00:00    SW  29.1 66.3
2    27.9  41.0  2:53pm   19.0  6:53am  30.5  0.0  0.00   6  12  00:00     S  29.3 53.4
3    38.8  55.0  2:53pm   30.0  3:53am  18.1  0.0  0.00   7  13  00:00    SW  29.2 27.5
4    45.3  68.0 12:53pm   32.0  4:53am   8.3  0.0  0.00  16  30  00:00    SW  29.0 28.1
5      47  66.0  1:53pm   30.9  6:53am   8.5  0.0  0.00  10  20  00:00    SW  28.8 25.7
6    40.9  57.9  1:53pm   28.0  9:53pm  15.6  0.0  0.00  13  24  00:00     S  28.8 36.2
7    26.9  36.0  1:53pm   21.0 11:53pm  33.5  0.0  0.00   7  13  00:00   SSW  29.2 63.3
8    32.7  52.0 12:53pm   19.0  2:53am  22.6  0.0  0.00   9  16  00:00   SSE  29.0 27.8
9    37.5  52.0  1:53pm   26.1  2:53am  20.2  0.0  0.00  10  20  00:00   SSW  28.7 21.8
10   38.3  54.0  1:53pm   26.1 10:53pm  18.8  0.0  0.00   6  10  00:00   SSE  28.6 37.0
11     33  55.0  1:53pm   21.0  1:53am  21.0  0.0  0.00   6  12  00:00     S  28.8 33.3
12   39.8  57.9  1:53pm   30.9 12:53am  16.1  0.0  0.00  14  28  00:00    SW  28.6 21.1
13   29.9  37.9  1:53pm   17.1 11:53pm  31.1  0.0  0.00  13  24  00:00   WSW  28.6 53.8
14   25.1  37.9  1:53pm   14.0 11:53pm  33.5  0.0  0.00   7  13  00:00   WSW  28.9 37.3
15   21.3  32.0  1:53pm   10.0  6:53am  38.3  0.0  0.00   9  16  00:00   ESE  29.2 65.1
16     18  21.9  2:53pm   12.0  7:53pm  45.0  0.0  0.01   6  10  00:00     S  29.5 87.8
17   12.6  27.0  2:53pm    1.9  5:53am  45.2  0.0  0.21   6  10  00:00    SW  29.2 71.7
18   21.6  33.1  1:53pm   12.9  1:53am  37.6  0.0  0.00   5   9  00:00     S  29.0 64.5
19   20.1  33.1  1:53pm   10.0  7:53am  38.4  0.0  0.00   6  12  00:00   SSE  29.1 64.6
20   27.7  39.0  2:53pm   19.0 12:53am  31.6  0.0  0.00   9  16  00:00   SSW  29.1 60.7
21   27.9  42.1  1:53pm   15.1  4:53am  30.0  0.0  0.00   6  12  00:00     S  29.2 47.0
22   31.3  46.4  1:53pm   24.1 12:53am  26.1  0.0  0.00   6  10  00:00    SW  29.0 41.5
23   27.5  37.0  1:53pm   23.0 10:53pm  32.7  0.0  0.00   5   9  00:00    SW  29.0 63.2
24   27.3  39.9  2:53pm   18.0  6:53am  31.4  0.0  0.00  14  28  00:00   SSW  29.1 68.1
25   32.8  43.0  9:53am   24.1  4:53am  27.1  0.0  0.00  18  36  00:00    SW  28.7 48.6
26   28.7  36.0 12:53am   21.9  7:53am  32.6  0.0  0.00  12  23  00:00   SSW  28.9 50.3
27   24.7  28.9 11:53am   23.0  6:53am  38.2  0.0  0.08  12  23  00:00    SW  29.2 80.6
28   20.6  24.8  6:18am   19.0  4:53pm  42.3  0.0  0.00   6  12  00:00    NW  29.0 90.1
29   24.6  36.0  3:53pm   19.0  3:53am  34.7  0.0  0.49  12  22  00:00   WNW  28.9 75.7
30   24.3  32.0 11:53am   18.0 11:53pm  36.8  0.0  0.03   9  16  00:00   SSE  28.7 52.6
31   20.5  30.9  1:53pm   10.0  5:53am  39.3  0.0  0.00   7  14  00:00     S  29.0 45.8