NOAA-Style Climate Reports

Select a Year or Month report
2018: Jan Feb Mar Apr May Jun Jul Aug Sep Oct Nov Dec
2017: Jan Feb Mar Apr May Jun Jul Aug Sep Oct Nov Dec
2016: Jan Feb Mar Apr May Jun Jul Aug Sep Oct Nov Dec
2015: Jan Feb Mar Apr May Jun Jul Aug Sep Oct Nov Dec
2014: Jan Feb Mar Apr May Jun Jul Aug Sep Oct Nov Dec
2013: Jan Feb Mar Apr May Jun Jul Aug Sep Oct Nov Dec
2012: Jan Feb Mar Apr May Jun Jul Aug Sep Oct Nov Dec
2011: Jan Feb Mar Apr May Jun Jul Aug Sep Oct Nov Dec
2010: Jan Feb Mar Apr May Jun Jul Aug Sep Oct Nov Dec
2009: Jan Feb Mar Apr May Jun Jul Aug Sep Oct Nov Dec
2008: Jan Feb Mar Apr May Jun Jul Aug Sep Oct Nov Dec
2007: Jan Feb Mar Apr May Jun Jul Aug Sep Oct Nov Dec
2006: Jan Feb Mar Apr May Jun Jul Aug Sep Oct Nov Dec
2005: Jan Feb Mar Apr May Jun Jul Aug Sep Oct Nov Dec
2004: Jan Feb Mar Apr May Jun Jul Aug Sep Oct Nov Dec
2003: Jan Feb Mar Apr May Jun Jul Aug Sep Oct Nov Dec
2002: Jan Feb Mar Apr May Jun Jul Aug Sep Oct Nov Dec
2001: Jan Feb Mar Apr May Jun Jul Aug Sep Oct Nov Dec
2000: Jan Feb Mar Apr May Jun Jul Aug Sep Oct Nov Dec
1999: Jan Feb Mar Apr May Jun Jul Aug Sep Oct Nov Dec
1998: Jan Feb Mar Apr May Jun Jul Aug Sep Oct Nov Dec
1997: Jan Feb Mar Apr May Jun Jul Aug Sep Oct Nov Dec
1996: Jan Feb Mar Apr May Jun Jul Aug Sep Oct Nov Dec
1995: Jan Feb Mar Apr May Jun Jul Aug Sep Oct Nov Dec
1994: Jan Feb Mar Apr May Jun Jul Aug Sep Oct Nov Dec
1993: Jan Feb Mar Apr May Jun Jul Aug Sep Oct Nov Dec
1992: Jan Feb Mar Apr May Jun Jul Aug Sep Oct Nov Dec
1991: Jan Feb Mar Apr May Jun Jul Aug Sep Oct Nov Dec
1990: Jan Feb Mar Apr May Jun Jul Aug Sep Oct Nov Dec
1989: Jan Feb Mar Apr May Jun Jul Aug Sep Oct Nov Dec
1988: Jan Feb Mar Apr May Jun Jul Aug Sep Oct Nov Dec
1987: Jan Feb Mar Apr May Jun Jul Aug Sep Oct Nov Dec
1986: Jan Feb Mar Apr May Jun Jul Aug Sep Oct Nov Dec

Report for 2001 February
                  MONTHLY CLIMATOLOGICAL SUMMARY FOR 2/2001
                                        HEAT  COOL        
     MEAN                               DEG   DEG       WIND SPEED       DOM MEAN  MEAN
DAY  TEMP  HIGH   TIME     LOW   TIME   DAYS  DAYS RAIN AVG  HI  TIME    DIR BAROM HUM
---------------------------------------------------------------------------------------
1    22.6  34.0 12:53pm   12.9  1:53am  36.7  0.0  0.00  12  22  00:00    SW  29.1 43.5
2    33.9  50.0  1:53pm   18.0 12:53am  23.0  0.0  0.00   6  12  00:00   SSE  29.0 50.2
3    33.7  44.1  3:53am   24.1 10:53pm  26.1  0.0  0.00  13  24  00:00   SSE  29.0 59.8
4    31.6  46.9  2:53pm   18.0  5:53am  25.7  0.0  0.00   9  17  00:00   SSE  29.1 60.8
5    39.3  57.0  3:53pm   26.1  2:53am  16.8  0.0  0.00  14  27  00:00    SE  28.7 46.4
6    29.9  39.9 12:53pm   25.0  4:53am  30.1  0.0  0.00   6  12  00:00   SSW  28.7 75.4
7    23.4  39.9  4:53am   19.0 10:53pm  33.3  0.0  0.00   7  13  00:00    SE  29.1 90.6
8     9.5  19.0 12:53am    3.2 11:22pm  50.7  0.0  0.00   7  13  00:00   ENE  29.4 84.8
9     5.6  18.0  1:53pm   -8.0  6:53am  53.2  0.0  0.16   5   9  00:00    SE  29.2 71.1
10   23.8  39.9 11:53am    7.0 12:53am  33.1  0.0  0.04  10  18  00:00   WSW  28.8 57.2
11   32.2  46.0 12:53pm   18.0 12:53am  25.9  0.0  0.00  16  31  00:00    SW  28.7 40.7
12   31.8  44.1  2:53pm   25.0  2:53am  27.0  0.0  0.00  14  28  00:00   SSW  28.9 52.8
13   30.3  52.0 12:53pm   15.1 11:53pm  23.8  0.0  0.00  11  21  00:00    SE  29.0 67.1
14   13.4  18.0 11:53pm    9.0  8:53pm  49.3  0.0  0.01   6  12  00:00    SE  29.3 84.0
15   28.3  41.0  1:53pm   18.0 12:53am  30.3  0.0  0.16   7  13  00:00   SSW  28.8 51.4
16   23.6  30.0  9:53am   19.0  6:53am  38.2  0.0  0.00   5  10  00:00     W  29.3 82.9
17   29.4  50.0  2:53pm   19.0  6:53am  25.3  0.0  0.00   5   9  00:00    SW  29.4 77.6
18   37.1  53.1  3:53pm   28.0  1:53am  19.9  0.0  0.00   7  13  00:00    SW  28.8 48.2
19   39.4  51.1 10:53am   28.0 11:53pm  19.7  0.0  0.00   8  15  00:00    SE  28.7 50.6
20   35.1  53.1 11:53am   28.0 11:53pm  20.9  0.0  0.00  11  21  00:00   SSW  29.2 69.6
21   31.1  46.9  2:53pm   28.0 12:53am  26.0  0.0  0.00   6  12  00:00     S  29.4 82.2
22     39  54.0 12:53pm   30.0 12:53am  18.5  0.0  0.00  12  22  00:00     S  28.8 46.4
23   32.8  41.0  2:53pm   28.0  6:53am  28.1  0.0  0.00   6  12  00:00   WNW  28.6 77.3
24   30.2  36.0  3:53pm   23.0 11:53pm  31.9  0.0  0.00   7  14  00:00   SSE  28.7 85.4
25   34.8  52.0  2:53pm   21.9  2:53am  21.6  0.0  0.00   9  17  00:00   SSE  28.8 39.6
26   30.8  48.0  1:53pm   24.1  8:53pm  25.6  0.0  0.00  15  29  00:00   SSE  29.2 66.4
27   17.9  23.0 12:53am   15.1  9:53am  44.5  0.0  0.08   6  10  00:00   ENE  29.5 85.8
28   25.6  35.1  1:53pm   14.0  2:53am  34.6  0.0  0.02   6  12  00:00     W  29.1 74.5