NOAA-Style Climate Reports

Select a Year or Month report
2018: Jan Feb Mar Apr May Jun Jul Aug Sep Oct Nov Dec
2017: Jan Feb Mar Apr May Jun Jul Aug Sep Oct Nov Dec
2016: Jan Feb Mar Apr May Jun Jul Aug Sep Oct Nov Dec
2015: Jan Feb Mar Apr May Jun Jul Aug Sep Oct Nov Dec
2014: Jan Feb Mar Apr May Jun Jul Aug Sep Oct Nov Dec
2013: Jan Feb Mar Apr May Jun Jul Aug Sep Oct Nov Dec
2012: Jan Feb Mar Apr May Jun Jul Aug Sep Oct Nov Dec
2011: Jan Feb Mar Apr May Jun Jul Aug Sep Oct Nov Dec
2010: Jan Feb Mar Apr May Jun Jul Aug Sep Oct Nov Dec
2009: Jan Feb Mar Apr May Jun Jul Aug Sep Oct Nov Dec
2008: Jan Feb Mar Apr May Jun Jul Aug Sep Oct Nov Dec
2007: Jan Feb Mar Apr May Jun Jul Aug Sep Oct Nov Dec
2006: Jan Feb Mar Apr May Jun Jul Aug Sep Oct Nov Dec
2005: Jan Feb Mar Apr May Jun Jul Aug Sep Oct Nov Dec
2004: Jan Feb Mar Apr May Jun Jul Aug Sep Oct Nov Dec
2003: Jan Feb Mar Apr May Jun Jul Aug Sep Oct Nov Dec
2002: Jan Feb Mar Apr May Jun Jul Aug Sep Oct Nov Dec
2001: Jan Feb Mar Apr May Jun Jul Aug Sep Oct Nov Dec
2000: Jan Feb Mar Apr May Jun Jul Aug Sep Oct Nov Dec
1999: Jan Feb Mar Apr May Jun Jul Aug Sep Oct Nov Dec
1998: Jan Feb Mar Apr May Jun Jul Aug Sep Oct Nov Dec
1997: Jan Feb Mar Apr May Jun Jul Aug Sep Oct Nov Dec
1996: Jan Feb Mar Apr May Jun Jul Aug Sep Oct Nov Dec
1995: Jan Feb Mar Apr May Jun Jul Aug Sep Oct Nov Dec
1994: Jan Feb Mar Apr May Jun Jul Aug Sep Oct Nov Dec
1993: Jan Feb Mar Apr May Jun Jul Aug Sep Oct Nov Dec
1992: Jan Feb Mar Apr May Jun Jul Aug Sep Oct Nov Dec
1991: Jan Feb Mar Apr May Jun Jul Aug Sep Oct Nov Dec
1990: Jan Feb Mar Apr May Jun Jul Aug Sep Oct Nov Dec
1989: Jan Feb Mar Apr May Jun Jul Aug Sep Oct Nov Dec
1988: Jan Feb Mar Apr May Jun Jul Aug Sep Oct Nov Dec
1987: Jan Feb Mar Apr May Jun Jul Aug Sep Oct Nov Dec
1986: Jan Feb Mar Apr May Jun Jul Aug Sep Oct Nov Dec

Report for 2001 March
                  MONTHLY CLIMATOLOGICAL SUMMARY FOR 3/2001
                                        HEAT  COOL        
     MEAN                               DEG   DEG       WIND SPEED       DOM MEAN  MEAN
DAY  TEMP  HIGH   TIME     LOW   TIME   DAYS  DAYS RAIN AVG  HI  TIME    DIR BAROM HUM
---------------------------------------------------------------------------------------
1      35  50.0 12:53pm   21.9  4:53am  22.5  0.0  0.06  13  24  00:00   WSW  28.7 50.6
2    34.9  48.0  2:53pm   23.0  5:53am  23.5  0.0  0.00   8  15  00:00   WSW  28.5 46.0
3    33.7  46.0  1:53pm   23.0  3:53am  25.1  0.0  0.00   9  16  00:00   SSE  28.7 51.8
4    34.5  53.1  3:53pm   21.0  6:53am  21.2  0.0  0.00   7  13  00:00     S  29.0 49.9
5    42.8  62.1  2:53pm   27.0  4:53am  12.5  0.0  0.00   7  14  00:00   WSW  29.0 36.2
6    43.3  55.0 11:53am   36.0  2:53am  15.8  0.0  0.00  10  18  00:00   SSE  29.0 45.5
7    42.9  55.0  1:53pm   35.1  5:53am  16.0  0.0  0.03  10  21  00:00     W  29.0 56.6
8    40.9  57.0  2:53pm   28.9  4:53am  16.0  0.0  0.00   6  12  00:00   SSW  28.7 52.7
9    45.7  61.0  3:53pm   33.1  3:53am  11.6  0.0  0.00   9  17  00:00   WSW  28.6 40.4
10   29.1  41.0 12:53am   24.1  7:53pm  29.9  0.0  0.10   9  16  00:00   SSE  29.1 86.0
11   23.8  27.0 10:53am   19.0  8:53pm  39.6  0.0  0.38   7  14  00:00   WSW  29.1 88.0
12   30.1  46.0  3:53pm   14.0  6:53am  26.9  0.0  0.18  14  28  00:00   WSW  28.6 55.0
13   37.6  52.0  3:53pm   30.9  2:53am  20.2  0.0  0.00   7  13  00:00   SSW  28.7 52.8
14     35  51.1 10:53am   30.0  6:53am  21.9  0.0  0.00  25  48  00:00     W  28.6 44.0
15   28.2  37.0 11:53am   21.9  9:53pm  32.4  0.0  0.00  18  35  00:00   SSE  28.9 56.0
16   30.3  43.0  1:53pm   19.0  2:53am  28.3  0.0  0.00  10  20  00:00   SSE  28.8 56.7
17   28.8  36.0  2:53pm   26.6  1:09am  32.6  0.0  0.00  13  24  00:00   SSE  29.0 70.8
18   32.6  46.0 11:53am   21.0  4:53am  25.7  0.0  0.00  13  24  00:00     W  29.0 61.4
19   41.1  60.1  3:53pm   23.0  4:53am  14.4  0.0  0.00   7  14  00:00     W  29.0 40.4
20     48  64.0  3:53pm   35.1  5:53am   9.0  0.0  0.00   6  10  00:00   SSW  28.9 38.9
21   47.4  66.0 12:53pm   36.0  3:53am   8.3  0.0  0.00  10  20  00:00   SSW  28.8 52.9
22     45  59.0 11:53am   36.0  3:53am  13.0  0.0  0.07   9  16  00:00   SSW  28.8 65.1
23   42.4  57.9 11:53am   33.1 10:53pm  14.8  0.0  0.01  14  27  00:00    SE  28.9 64.1
24   32.2  36.0 10:53am   30.2  8:10pm  30.9  0.0  0.00   5  10  00:00   WSW  29.3 88.0
25   30.6  34.0 11:53am   30.0  4:53am  32.7  0.0  0.04   5   9  00:00   ESE  29.6 92.6
26   32.1  42.1  9:53pm   30.0  5:53am  27.9  0.0  0.37  11  21  00:00    SW  29.5 93.8
27   38.1  55.0 12:53pm   30.0  6:53am  18.4  0.0  0.03  16  31  00:00    SE  29.2 69.0
28   37.9  52.0  2:53pm   30.0  3:53am  20.0  0.0  0.00  14  28  00:00   SSE  28.6 59.5
29   36.4  46.0 12:53pm   27.0  4:53am  23.8  0.0  0.09   8  15  00:00     S  28.9 69.3
30   36.3  55.0 12:53pm   28.9 11:53pm  19.3  0.0  0.00  17  33  00:00   SSW  29.1 68.9
31   33.5  50.0  3:53pm   26.6  6:07am  23.2  0.0  0.04   9  17  00:00     E  29.1 70.8