NOAA-Style Climate Reports

Select a Year or Month report
2018: Jan Feb Mar Apr May Jun Jul Aug Sep Oct Nov Dec
2017: Jan Feb Mar Apr May Jun Jul Aug Sep Oct Nov Dec
2016: Jan Feb Mar Apr May Jun Jul Aug Sep Oct Nov Dec
2015: Jan Feb Mar Apr May Jun Jul Aug Sep Oct Nov Dec
2014: Jan Feb Mar Apr May Jun Jul Aug Sep Oct Nov Dec
2013: Jan Feb Mar Apr May Jun Jul Aug Sep Oct Nov Dec
2012: Jan Feb Mar Apr May Jun Jul Aug Sep Oct Nov Dec
2011: Jan Feb Mar Apr May Jun Jul Aug Sep Oct Nov Dec
2010: Jan Feb Mar Apr May Jun Jul Aug Sep Oct Nov Dec
2009: Jan Feb Mar Apr May Jun Jul Aug Sep Oct Nov Dec
2008: Jan Feb Mar Apr May Jun Jul Aug Sep Oct Nov Dec
2007: Jan Feb Mar Apr May Jun Jul Aug Sep Oct Nov Dec
2006: Jan Feb Mar Apr May Jun Jul Aug Sep Oct Nov Dec
2005: Jan Feb Mar Apr May Jun Jul Aug Sep Oct Nov Dec
2004: Jan Feb Mar Apr May Jun Jul Aug Sep Oct Nov Dec
2003: Jan Feb Mar Apr May Jun Jul Aug Sep Oct Nov Dec
2002: Jan Feb Mar Apr May Jun Jul Aug Sep Oct Nov Dec
2001: Jan Feb Mar Apr May Jun Jul Aug Sep Oct Nov Dec
2000: Jan Feb Mar Apr May Jun Jul Aug Sep Oct Nov Dec
1999: Jan Feb Mar Apr May Jun Jul Aug Sep Oct Nov Dec
1998: Jan Feb Mar Apr May Jun Jul Aug Sep Oct Nov Dec
1997: Jan Feb Mar Apr May Jun Jul Aug Sep Oct Nov Dec
1996: Jan Feb Mar Apr May Jun Jul Aug Sep Oct Nov Dec
1995: Jan Feb Mar Apr May Jun Jul Aug Sep Oct Nov Dec
1994: Jan Feb Mar Apr May Jun Jul Aug Sep Oct Nov Dec
1993: Jan Feb Mar Apr May Jun Jul Aug Sep Oct Nov Dec
1992: Jan Feb Mar Apr May Jun Jul Aug Sep Oct Nov Dec
1991: Jan Feb Mar Apr May Jun Jul Aug Sep Oct Nov Dec
1990: Jan Feb Mar Apr May Jun Jul Aug Sep Oct Nov Dec
1989: Jan Feb Mar Apr May Jun Jul Aug Sep Oct Nov Dec
1988: Jan Feb Mar Apr May Jun Jul Aug Sep Oct Nov Dec
1987: Jan Feb Mar Apr May Jun Jul Aug Sep Oct Nov Dec
1986: Jan Feb Mar Apr May Jun Jul Aug Sep Oct Nov Dec

Report for 2001 April
                  MONTHLY CLIMATOLOGICAL SUMMARY FOR 4/2001
                                        HEAT  COOL        
     MEAN                               DEG   DEG       WIND SPEED       DOM MEAN  MEAN
DAY  TEMP  HIGH   TIME     LOW   TIME   DAYS  DAYS RAIN AVG  HI  TIME    DIR BAROM HUM
---------------------------------------------------------------------------------------
1    50.4  68.0  1:53pm   32.0  3:53am   5.8  0.0  0.00  14  28  00:00   SSW  28.5 35.4
2    51.8  68.0  2:53pm   39.0  5:53am   5.1  0.0  0.00  16  31  00:00   SSW  28.4 36.3
3    52.4  70.0  2:53pm   43.0  5:53am   3.8  0.0  0.00  18  36  00:00   SSW  28.7 47.1
4    47.2  59.0  2:53pm   39.2  5:21am  11.9  0.0  0.00   9  17  00:00   SSE  28.9 73.5
5    51.3  69.1  3:53pm   36.0  6:53am   4.8  0.0  0.00  18  36  00:00   SSW  28.6 49.3
6    45.6  62.1 11:53am   39.0 11:53pm  11.1  0.0  0.04  16  30  00:00    SW  28.5 59.7
7    48.3  64.0  4:53pm   36.0  3:53am   8.8  0.0  0.00  15  29  00:00    SW  28.4 28.6
8    47.3  63.0  2:53pm   30.9  6:53am   9.8  0.0  0.00  16  31  00:00   WSW  28.5 37.3
9    45.1  63.0  2:53pm   33.1  5:53am  10.9  0.0  0.00  18  35  00:00    SW  28.7 43.1
10   33.8  39.0  1:53pm   30.0 11:53pm  28.6  0.0  0.17   7  14  00:00     S  28.9 85.9
11   31.8  37.0 12:53pm   30.0 12:53am  30.6  0.0  0.43  23  45  00:00    NW  28.8 82.6
12   34.3  44.1  3:53pm   30.0  3:53am  25.8  0.0  0.00   7  14  00:00     S  28.8 68.3
13   37.5  50.0  3:53pm   28.9  5:53am  21.2  0.0  0.00   9  16  00:00   SSE  28.9 50.8
14   43.5  57.0  3:53pm   34.0  2:53am  14.7  0.0  0.00  17  33  00:00   SSW  28.7 44.0
15   40.8  55.9  3:53pm   28.0  6:53am  16.6  0.0  0.00  14  27  00:00   SSE  28.9 54.0
16   32.7  37.9  5:53pm   26.6  8:25am  29.7  0.0  0.00  13  25  00:00     S  29.5 73.6
17   42.9  63.0  3:53pm   30.9  3:53am  12.0  0.0  0.00   8  15  00:00   SSE  29.1 57.8
18   55.5  78.1  3:53pm   37.9  1:53am   0.0  1.8  0.00  10  18  00:00     S  28.7 34.2
19   60.7  75.0  2:53pm   50.0 12:53am   0.0  2.9  0.00  18  36  00:00   WSW  28.4 17.4
20   52.4  62.1  5:53pm   37.9 11:53pm   7.7  0.0  0.06  19  37  00:00    SW  28.7 28.4
21     41  54.0  1:53pm   33.1  6:53am  17.5  0.0  0.03  11  21  00:00    NW  28.9 57.9
22   29.6  34.0 12:53am   28.0  1:53pm  33.2  0.0  0.06  17  32  00:00   NNW  29.1 92.3
23   38.1  54.0  4:53pm   21.9  5:53am  18.9  0.0  0.07   9  17  00:00    SW  29.1 54.8
24   47.6  62.1  2:53pm   34.0  4:53am  10.1  0.0  0.00  10  18  00:00   ESE  29.1 42.2
25   52.7  68.0  2:53pm   41.0  1:53am   4.6  0.0  0.00   7  13  00:00    SE  29.0 40.4
26   55.5  73.0  1:53pm   42.1  4:53am   0.7  0.0  0.00   9  16  00:00     S  28.9 39.7
27   59.6  75.0  1:53pm   45.0  5:53am   0.0  2.3  0.00  14  27  00:00     S  28.8 34.8
28   59.8  75.9  1:53pm   46.0  4:53am   0.0  2.9  0.04   9  17  00:00     S  28.8 40.9
29   59.6  75.9  2:53pm   48.0  2:53am   0.0  2.8  0.00  13  25  00:00   SSE  28.6 34.8
30   56.5  72.0  5:53pm   43.0  3:53am   0.7  0.0  0.00   7  13  00:00   SSE  28.7 33.1