NOAA-Style Climate Reports

Select a Year or Month report
2018: Jan Feb Mar Apr May Jun Jul Aug Sep Oct Nov Dec
2017: Jan Feb Mar Apr May Jun Jul Aug Sep Oct Nov Dec
2016: Jan Feb Mar Apr May Jun Jul Aug Sep Oct Nov Dec
2015: Jan Feb Mar Apr May Jun Jul Aug Sep Oct Nov Dec
2014: Jan Feb Mar Apr May Jun Jul Aug Sep Oct Nov Dec
2013: Jan Feb Mar Apr May Jun Jul Aug Sep Oct Nov Dec
2012: Jan Feb Mar Apr May Jun Jul Aug Sep Oct Nov Dec
2011: Jan Feb Mar Apr May Jun Jul Aug Sep Oct Nov Dec
2010: Jan Feb Mar Apr May Jun Jul Aug Sep Oct Nov Dec
2009: Jan Feb Mar Apr May Jun Jul Aug Sep Oct Nov Dec
2008: Jan Feb Mar Apr May Jun Jul Aug Sep Oct Nov Dec
2007: Jan Feb Mar Apr May Jun Jul Aug Sep Oct Nov Dec
2006: Jan Feb Mar Apr May Jun Jul Aug Sep Oct Nov Dec
2005: Jan Feb Mar Apr May Jun Jul Aug Sep Oct Nov Dec
2004: Jan Feb Mar Apr May Jun Jul Aug Sep Oct Nov Dec
2003: Jan Feb Mar Apr May Jun Jul Aug Sep Oct Nov Dec
2002: Jan Feb Mar Apr May Jun Jul Aug Sep Oct Nov Dec
2001: Jan Feb Mar Apr May Jun Jul Aug Sep Oct Nov Dec
2000: Jan Feb Mar Apr May Jun Jul Aug Sep Oct Nov Dec
1999: Jan Feb Mar Apr May Jun Jul Aug Sep Oct Nov Dec
1998: Jan Feb Mar Apr May Jun Jul Aug Sep Oct Nov Dec
1997: Jan Feb Mar Apr May Jun Jul Aug Sep Oct Nov Dec
1996: Jan Feb Mar Apr May Jun Jul Aug Sep Oct Nov Dec
1995: Jan Feb Mar Apr May Jun Jul Aug Sep Oct Nov Dec
1994: Jan Feb Mar Apr May Jun Jul Aug Sep Oct Nov Dec
1993: Jan Feb Mar Apr May Jun Jul Aug Sep Oct Nov Dec
1992: Jan Feb Mar Apr May Jun Jul Aug Sep Oct Nov Dec
1991: Jan Feb Mar Apr May Jun Jul Aug Sep Oct Nov Dec
1990: Jan Feb Mar Apr May Jun Jul Aug Sep Oct Nov Dec
1989: Jan Feb Mar Apr May Jun Jul Aug Sep Oct Nov Dec
1988: Jan Feb Mar Apr May Jun Jul Aug Sep Oct Nov Dec
1987: Jan Feb Mar Apr May Jun Jul Aug Sep Oct Nov Dec
1986: Jan Feb Mar Apr May Jun Jul Aug Sep Oct Nov Dec

Report for 2001 May
                  MONTHLY CLIMATOLOGICAL SUMMARY FOR 5/2001
                                        HEAT  COOL        
     MEAN                               DEG   DEG       WIND SPEED       DOM MEAN  MEAN
DAY  TEMP  HIGH   TIME     LOW   TIME   DAYS  DAYS RAIN AVG  HI  TIME    DIR BAROM HUM
---------------------------------------------------------------------------------------
1    64.6  82.0  2:53pm   55.9 11:53pm   0.0  8.3  0.00  13  24  00:00   SSE  28.4 24.7
2    34.2  54.0 12:53am   30.9 11:53pm  20.9  0.0  0.18  14  27  00:00     W  29.2 85.2
3      31  34.0  3:53pm   30.2  2:20am  32.5  0.0  0.56   6  10  00:00    NW  29.4 88.6
4    32.2  36.0  2:53pm   32.0 12:53am  30.9  0.0  0.81   6  12  00:00   NNW  29.3 91.6
5    37.1  44.6  6:12pm   32.0  4:53am  24.1  0.0  2.03  14  28  00:00     W  28.8 85.4
6    47.6  57.0  2:53pm   39.9  5:53am  12.7  0.0  0.01  10  18  00:00     S  28.7 58.2
7    46.4  63.0  4:53pm   39.2  3:07am  10.3  0.0  0.00  12  22  00:00   WSW  29.3 64.1
8    57.2  73.0  3:53pm   43.0  5:53am   0.0  0.1  0.00   9  16  00:00     S  28.9 36.9
9    60.1  75.9 12:53pm   50.0  2:53am   0.0  3.0  0.00   9  16  00:00    SW  28.7 31.5
10   59.4  73.0  3:53pm   51.1  1:53am   0.0  1.2  0.00  17  33  00:00    SW  28.7 36.9
11   51.1  69.1  4:53pm   45.0  1:53am   4.9  0.0  0.00   9  17  00:00   WSW  29.3 73.5
12   62.4  80.1  3:53pm   48.9  5:53am   0.0  6.3  0.00  14  27  00:00     S  28.9 41.0
13   63.9  82.0  3:53pm   51.1  4:53am   0.0  8.0  0.00  13  24  00:00     S  28.7 32.4
14     61  78.1  1:53pm   52.0  5:53am   0.0  4.6  0.00  13  25  00:00   SSW  28.8 47.8
15   64.7  81.0  3:53pm   52.0  2:53am   0.0  7.9  0.00   8  15  00:00    SW  28.6 36.5
16   62.4  73.9  3:53pm   54.0  5:53am   0.0  3.2  0.00   8  15  00:00   SSE  28.6 44.2
17   52.1  62.1  3:53am   48.0 10:53pm   7.9  0.0  0.50   8  15  00:00   SSW  29.2 78.8
18   54.8  72.0  2:53pm   44.6  4:16am   1.6  0.0  0.03   9  16  00:00    SW  29.0 66.6
19   53.3  60.1 11:53am   48.0  5:53am   8.3  0.0  0.01   6  12  00:00    SE  28.9 72.4
20   44.5  72.0 12:53pm   28.4  8:31pm   6.7  0.0  0.06  26  51  00:00     S  29.0 67.2
21   39.3  54.0  4:53pm   25.0  5:53am  18.3  0.0  0.00  11  21  00:00   WSW  29.0 49.2
22     54  69.1  3:53pm   37.0  4:53am   3.4  0.0  0.00  13  25  00:00   SSE  28.9 35.2
23   58.7  73.0  1:53pm   43.0  3:53am   0.0  0.9  0.00  11  21  00:00   WSW  28.9 37.7
24   55.7  71.1  3:53pm   42.1  3:53am   1.6  0.0  0.00  14  28  00:00     S  28.8 38.6
25   55.2  70.0  2:53pm   39.0  4:53am   2.4  0.0  0.00   7  13  00:00   ESE  28.8 45.0
26   58.3  73.9  3:53pm   46.0  4:53am   0.0  1.1  0.00   9  17  00:00   SSE  28.7 49.8
27   61.1  78.1  1:53pm   51.1  3:53am   0.0  4.6  0.00  19  37  00:00    SE  28.7 52.7
28   59.3  78.1  1:53pm   51.1  4:53am   0.0  3.7  0.00  13  25  00:00    SW  28.9 61.9
29   58.1  73.0 12:53pm   52.0  4:53am   0.0  0.6  0.00  16  30  00:00     S  29.0 62.7
30   54.5  64.0 12:53pm   46.9  2:53am   5.7  0.0  0.00  11  21  00:00    SE  28.8 64.9
31   57.5  73.0  3:53pm   44.1  5:53am   0.0  0.3  0.00  12  23  00:00    SE  28.8 56.2