NOAA-Style Climate Reports

Select a Year or Month report
2018: Jan Feb Mar Apr May Jun Jul Aug Sep Oct Nov Dec
2017: Jan Feb Mar Apr May Jun Jul Aug Sep Oct Nov Dec
2016: Jan Feb Mar Apr May Jun Jul Aug Sep Oct Nov Dec
2015: Jan Feb Mar Apr May Jun Jul Aug Sep Oct Nov Dec
2014: Jan Feb Mar Apr May Jun Jul Aug Sep Oct Nov Dec
2013: Jan Feb Mar Apr May Jun Jul Aug Sep Oct Nov Dec
2012: Jan Feb Mar Apr May Jun Jul Aug Sep Oct Nov Dec
2011: Jan Feb Mar Apr May Jun Jul Aug Sep Oct Nov Dec
2010: Jan Feb Mar Apr May Jun Jul Aug Sep Oct Nov Dec
2009: Jan Feb Mar Apr May Jun Jul Aug Sep Oct Nov Dec
2008: Jan Feb Mar Apr May Jun Jul Aug Sep Oct Nov Dec
2007: Jan Feb Mar Apr May Jun Jul Aug Sep Oct Nov Dec
2006: Jan Feb Mar Apr May Jun Jul Aug Sep Oct Nov Dec
2005: Jan Feb Mar Apr May Jun Jul Aug Sep Oct Nov Dec
2004: Jan Feb Mar Apr May Jun Jul Aug Sep Oct Nov Dec
2003: Jan Feb Mar Apr May Jun Jul Aug Sep Oct Nov Dec
2002: Jan Feb Mar Apr May Jun Jul Aug Sep Oct Nov Dec
2001: Jan Feb Mar Apr May Jun Jul Aug Sep Oct Nov Dec
2000: Jan Feb Mar Apr May Jun Jul Aug Sep Oct Nov Dec
1999: Jan Feb Mar Apr May Jun Jul Aug Sep Oct Nov Dec
1998: Jan Feb Mar Apr May Jun Jul Aug Sep Oct Nov Dec
1997: Jan Feb Mar Apr May Jun Jul Aug Sep Oct Nov Dec
1996: Jan Feb Mar Apr May Jun Jul Aug Sep Oct Nov Dec
1995: Jan Feb Mar Apr May Jun Jul Aug Sep Oct Nov Dec
1994: Jan Feb Mar Apr May Jun Jul Aug Sep Oct Nov Dec
1993: Jan Feb Mar Apr May Jun Jul Aug Sep Oct Nov Dec
1992: Jan Feb Mar Apr May Jun Jul Aug Sep Oct Nov Dec
1991: Jan Feb Mar Apr May Jun Jul Aug Sep Oct Nov Dec
1990: Jan Feb Mar Apr May Jun Jul Aug Sep Oct Nov Dec
1989: Jan Feb Mar Apr May Jun Jul Aug Sep Oct Nov Dec
1988: Jan Feb Mar Apr May Jun Jul Aug Sep Oct Nov Dec
1987: Jan Feb Mar Apr May Jun Jul Aug Sep Oct Nov Dec
1986: Jan Feb Mar Apr May Jun Jul Aug Sep Oct Nov Dec

Report for 2001 June
                  MONTHLY CLIMATOLOGICAL SUMMARY FOR 6/2001
                                        HEAT  COOL        
     MEAN                               DEG   DEG       WIND SPEED       DOM MEAN  MEAN
DAY  TEMP  HIGH   TIME     LOW   TIME   DAYS  DAYS RAIN AVG  HI  TIME    DIR BAROM HUM
---------------------------------------------------------------------------------------
1    63.2  79.0  4:53pm   48.0  5:53am   0.0  6.1  0.00   9  16  00:00   SSE  28.6 41.6
2    67.3  89.1  1:53pm   48.9  3:53am   0.0 13.2  0.00  12  22  00:00   SSW  28.4 37.1
3    57.4  69.1  1:53pm   53.6  6:40am   1.7  0.0  0.00   9  16  00:00     W  28.9 77.9
4    53.3  63.0  3:53pm   48.2 11:46pm   6.8  0.0  0.00   9  16  00:00     S  29.1 85.9
5    55.5  73.0  3:53pm   41.0  3:53am   0.7  0.0  0.00  10  20  00:00    SE  28.8 60.0
6    65.2  82.0  5:53pm   48.0  5:53am   0.0  8.6  0.00  12  22  00:00    SE  28.7 48.0
7    60.7  73.9  1:53pm   53.1  5:53am   0.0  2.3  0.00   7  14  00:00    SW  29.1 65.7
8    66.5  84.9  2:53pm   53.1  2:53am   0.0 10.7  0.00  13  25  00:00   SSW  28.9 46.9
9    67.8  87.1 12:53pm   57.0  4:53am   0.0 12.5  0.00  17  33  00:00     S  28.8 36.3
10   73.1  91.0  1:53pm   55.9  3:53am   0.0 17.1  0.00  26  51  00:00   SSW  28.7 25.5
11   73.8  90.0  1:53pm   61.0  4:53am   0.0 16.9  0.00  12  22  00:00   SSW  28.5 23.8
12   68.3  88.0  2:53pm   53.1  5:53am   0.0 13.2  0.00  14  27  00:00   WSW  28.3 39.8
13   46.1  61.0 10:53am   39.2  6:27pm  11.4  0.0  0.00  13  24  00:00     S  29.0 74.0
14   50.6  64.0  5:53pm   37.9 12:53am   7.7  0.0  0.00  13  25  00:00     W  28.7 40.9
15   61.8  80.1  5:53pm   48.0  3:53am   0.0  6.0  0.00  10  20  00:00    SW  28.8 25.7
16   63.7  84.0  2:53pm   46.9  5:53am   0.0  8.9  0.00  10  20  00:00     S  28.9 41.1
17   70.1  90.0  4:53pm   53.1  4:53am   0.0 15.1  0.00   6  10  00:00     S  28.7 28.7
18   72.6  89.1  2:53pm   61.0 11:53pm   0.0 15.9  0.00  16  30  00:00   SSE  28.6 21.4
19   59.8  72.0 12:53pm   54.0  3:53am   0.0  0.9  0.04  13  24  00:00    SE  29.1 52.9
20     60  77.0  3:53pm   51.1  1:53am   0.0  3.5  0.01  16  30  00:00     S  29.2 64.4
21   62.5  75.9  1:53pm   52.0  3:53am   0.0  4.2  0.00   9  17  00:00     S  29.0 59.1
22     67  87.1  1:53pm   53.1  5:53am   0.0 12.1  0.00  16  31  00:00   SSE  28.8 42.6
23   71.9  91.0  2:53pm   59.0  5:53am   0.0 16.5  0.12  18  36  00:00   SSE  28.8 28.9
24   71.8  90.0  1:53pm   57.9  3:53am   0.0 15.9  0.00  14  27  00:00   SSW  28.8 32.2
25   73.3  89.1  1:53pm   63.0 12:53am   0.0 16.2  0.00   8  15  00:00    SW  28.9 34.1
26   70.8  89.1  1:53pm   62.1  4:53am   0.0 15.0  0.00  14  27  00:00     S  28.7 42.2
27     70  84.0 12:53pm   57.0  5:53am   0.0 12.0  0.00   6  12  00:00   SSW  28.7 39.2
28   72.4  90.0  2:53pm   57.0  5:53am   0.0 16.2  0.00  10  18  00:00    SW  28.8 34.0
29   76.3  91.9  2:53pm   61.0  5:53am   0.0 19.1  0.00  13  25  00:00     S  28.8 27.8
30   77.4  93.9 12:53pm   62.1  4:53am   0.0 20.7  0.00  11  21  00:00   SSW  28.7 27.9