NOAA-Style Climate Reports

Select a Year or Month report
2018: Jan Feb Mar Apr May Jun Jul Aug Sep Oct Nov Dec
2017: Jan Feb Mar Apr May Jun Jul Aug Sep Oct Nov Dec
2016: Jan Feb Mar Apr May Jun Jul Aug Sep Oct Nov Dec
2015: Jan Feb Mar Apr May Jun Jul Aug Sep Oct Nov Dec
2014: Jan Feb Mar Apr May Jun Jul Aug Sep Oct Nov Dec
2013: Jan Feb Mar Apr May Jun Jul Aug Sep Oct Nov Dec
2012: Jan Feb Mar Apr May Jun Jul Aug Sep Oct Nov Dec
2011: Jan Feb Mar Apr May Jun Jul Aug Sep Oct Nov Dec
2010: Jan Feb Mar Apr May Jun Jul Aug Sep Oct Nov Dec
2009: Jan Feb Mar Apr May Jun Jul Aug Sep Oct Nov Dec
2008: Jan Feb Mar Apr May Jun Jul Aug Sep Oct Nov Dec
2007: Jan Feb Mar Apr May Jun Jul Aug Sep Oct Nov Dec
2006: Jan Feb Mar Apr May Jun Jul Aug Sep Oct Nov Dec
2005: Jan Feb Mar Apr May Jun Jul Aug Sep Oct Nov Dec
2004: Jan Feb Mar Apr May Jun Jul Aug Sep Oct Nov Dec
2003: Jan Feb Mar Apr May Jun Jul Aug Sep Oct Nov Dec
2002: Jan Feb Mar Apr May Jun Jul Aug Sep Oct Nov Dec
2001: Jan Feb Mar Apr May Jun Jul Aug Sep Oct Nov Dec
2000: Jan Feb Mar Apr May Jun Jul Aug Sep Oct Nov Dec
1999: Jan Feb Mar Apr May Jun Jul Aug Sep Oct Nov Dec
1998: Jan Feb Mar Apr May Jun Jul Aug Sep Oct Nov Dec
1997: Jan Feb Mar Apr May Jun Jul Aug Sep Oct Nov Dec
1996: Jan Feb Mar Apr May Jun Jul Aug Sep Oct Nov Dec
1995: Jan Feb Mar Apr May Jun Jul Aug Sep Oct Nov Dec
1994: Jan Feb Mar Apr May Jun Jul Aug Sep Oct Nov Dec
1993: Jan Feb Mar Apr May Jun Jul Aug Sep Oct Nov Dec
1992: Jan Feb Mar Apr May Jun Jul Aug Sep Oct Nov Dec
1991: Jan Feb Mar Apr May Jun Jul Aug Sep Oct Nov Dec
1990: Jan Feb Mar Apr May Jun Jul Aug Sep Oct Nov Dec
1989: Jan Feb Mar Apr May Jun Jul Aug Sep Oct Nov Dec
1988: Jan Feb Mar Apr May Jun Jul Aug Sep Oct Nov Dec
1987: Jan Feb Mar Apr May Jun Jul Aug Sep Oct Nov Dec
1986: Jan Feb Mar Apr May Jun Jul Aug Sep Oct Nov Dec

Report for 2001 July
                  MONTHLY CLIMATOLOGICAL SUMMARY FOR 7/2001
                                        HEAT  COOL        
     MEAN                               DEG   DEG       WIND SPEED       DOM MEAN  MEAN
DAY  TEMP  HIGH   TIME     LOW   TIME   DAYS  DAYS RAIN AVG  HI  TIME    DIR BAROM HUM
---------------------------------------------------------------------------------------
1    76.6  96.1 12:53pm   61.0  3:53am   0.0 21.4  0.08  14  27  00:00    SW  28.9 29.9
2    76.8  95.0  1:53pm   63.0  5:53am   0.0 20.9  0.00  13  24  00:00    SW  28.8 27.7
3    73.4  93.0  1:53pm   64.9  5:53am   0.0 18.2  0.00  16  31  00:00     S  29.1 37.1
4    76.3  97.0  2:53pm   64.0  1:53am   0.0 21.7  0.16  14  27  00:00   WSW  29.0 33.6
5    75.6  96.1  2:53pm   62.1  5:53am   0.0 20.9  0.00  17  33  00:00   SSW  28.8 37.7
6    78.1  95.0  2:53pm   68.0  5:53am   0.0 21.6  0.00  11  22  00:00   SSW  28.7 31.0
7    74.3  91.9  1:53pm   61.0  5:53am   0.0 18.1  0.00  10  20  00:00     S  28.7 41.9
8    69.2  91.0  1:53pm   61.0  2:53am   0.0 15.1  0.17  24  47  00:00    SW  28.9 56.1
9    69.9  84.9  2:53pm   62.1  1:53am   0.0 12.4  0.00  22  43  00:00   WSW  29.0 46.2
10   69.3  87.1  4:53pm   62.1  6:53am   0.0 13.2  0.00  18  35  00:00   WSW  29.0 51.5
11   68.8  89.1  3:53pm   57.0  5:53am   0.0 14.0  0.64  10  20  00:00     S  28.8 52.7
12   68.2  82.9 12:53pm   62.1 11:53pm   0.0 10.6  0.32  13  25  00:00   WSW  29.2 60.9
13   64.3  84.0  1:53pm   57.9  4:53am   0.0  9.2  3.04  18  35  00:00    SW  29.2 72.8
14   63.8  78.1  3:53pm   57.9  4:53am   0.0  6.0  0.03  17  33  00:00   WSW  28.9 68.4
15   67.7  84.9  4:53pm   57.0  4:53am   0.0 11.3  0.02  19  37  00:00   WSW  28.6 46.8
16   71.6  89.1  2:53pm   55.0  4:53am   0.0 15.4  0.00  13  24  00:00     S  28.6 30.8
17   72.2  87.1  3:53pm   61.0  4:53am   0.0 14.7  0.00  14  27  00:00   SSW  28.7 26.4
18   73.7  88.0  1:53pm   66.0  2:53am   0.0 15.9  0.01  10  20  00:00   SSW  28.8 30.4
19   70.9  88.0 12:53pm   57.0  1:53am   0.0 14.5  0.00  16  31  00:00   SSE  28.8 39.9
20   73.8  89.1  2:53pm   62.1  4:53am   0.0 16.5  0.00   9  17  00:00   WSW  28.7 32.6
21   73.4  90.0  1:53pm   62.1  4:53am   0.0 16.7  0.00  12  23  00:00    SW  28.6 34.9
22   76.4  91.9  1:53pm   64.0  5:53am   0.0 19.2  0.00   7  14  00:00   SSW  28.6 28.7
23   65.6  78.1 11:53am   60.8  4:38pm   0.0  6.9  0.58  19  37  00:00    SW  29.1 64.4
24   68.2  87.1  1:53pm   61.0  3:53am   0.0 12.7  0.03  17  33  00:00   SSW  28.9 57.2
25     68  86.0  1:53pm   55.9  4:53am   0.0 12.0  0.50  15  29  00:00     S  28.9 54.3
26   66.8  78.1  5:53pm   61.0  5:53am   0.0  7.5  0.00  12  23  00:00    SW  28.7 53.1
27   68.7  84.0  2:53pm   60.1  4:53am   0.0 11.4  0.00   9  17  00:00   WSW  28.8 43.0
28   73.6  91.9  2:53pm   61.0  2:53am   0.0 17.8  0.00  14  28  00:00   SSW  28.8 29.3
29   78.9  97.0  2:53pm   63.0  3:53am   0.0 23.0  0.00   9  16  00:00   SSE  28.6 22.8
30   78.6  93.9 11:53am   64.9  3:53am   0.0 21.3  0.00  16  31  00:00     S  28.7 24.5
31   72.6  87.1  3:53pm   62.6 10:53pm   0.0 14.9  0.18  21  40  00:00   SSW  28.8 43.6