NOAA-Style Climate Reports

Select a Year or Month report
2018: Jan Feb Mar Apr May Jun Jul Aug Sep Oct Nov Dec
2017: Jan Feb Mar Apr May Jun Jul Aug Sep Oct Nov Dec
2016: Jan Feb Mar Apr May Jun Jul Aug Sep Oct Nov Dec
2015: Jan Feb Mar Apr May Jun Jul Aug Sep Oct Nov Dec
2014: Jan Feb Mar Apr May Jun Jul Aug Sep Oct Nov Dec
2013: Jan Feb Mar Apr May Jun Jul Aug Sep Oct Nov Dec
2012: Jan Feb Mar Apr May Jun Jul Aug Sep Oct Nov Dec
2011: Jan Feb Mar Apr May Jun Jul Aug Sep Oct Nov Dec
2010: Jan Feb Mar Apr May Jun Jul Aug Sep Oct Nov Dec
2009: Jan Feb Mar Apr May Jun Jul Aug Sep Oct Nov Dec
2008: Jan Feb Mar Apr May Jun Jul Aug Sep Oct Nov Dec
2007: Jan Feb Mar Apr May Jun Jul Aug Sep Oct Nov Dec
2006: Jan Feb Mar Apr May Jun Jul Aug Sep Oct Nov Dec
2005: Jan Feb Mar Apr May Jun Jul Aug Sep Oct Nov Dec
2004: Jan Feb Mar Apr May Jun Jul Aug Sep Oct Nov Dec
2003: Jan Feb Mar Apr May Jun Jul Aug Sep Oct Nov Dec
2002: Jan Feb Mar Apr May Jun Jul Aug Sep Oct Nov Dec
2001: Jan Feb Mar Apr May Jun Jul Aug Sep Oct Nov Dec
2000: Jan Feb Mar Apr May Jun Jul Aug Sep Oct Nov Dec
1999: Jan Feb Mar Apr May Jun Jul Aug Sep Oct Nov Dec
1998: Jan Feb Mar Apr May Jun Jul Aug Sep Oct Nov Dec
1997: Jan Feb Mar Apr May Jun Jul Aug Sep Oct Nov Dec
1996: Jan Feb Mar Apr May Jun Jul Aug Sep Oct Nov Dec
1995: Jan Feb Mar Apr May Jun Jul Aug Sep Oct Nov Dec
1994: Jan Feb Mar Apr May Jun Jul Aug Sep Oct Nov Dec
1993: Jan Feb Mar Apr May Jun Jul Aug Sep Oct Nov Dec
1992: Jan Feb Mar Apr May Jun Jul Aug Sep Oct Nov Dec
1991: Jan Feb Mar Apr May Jun Jul Aug Sep Oct Nov Dec
1990: Jan Feb Mar Apr May Jun Jul Aug Sep Oct Nov Dec
1989: Jan Feb Mar Apr May Jun Jul Aug Sep Oct Nov Dec
1988: Jan Feb Mar Apr May Jun Jul Aug Sep Oct Nov Dec
1987: Jan Feb Mar Apr May Jun Jul Aug Sep Oct Nov Dec
1986: Jan Feb Mar Apr May Jun Jul Aug Sep Oct Nov Dec

Report for 2001 August
                  MONTHLY CLIMATOLOGICAL SUMMARY FOR 8/2001
                                        HEAT  COOL        
     MEAN                               DEG   DEG       WIND SPEED       DOM MEAN  MEAN
DAY  TEMP  HIGH   TIME     LOW   TIME   DAYS  DAYS RAIN AVG  HI  TIME    DIR BAROM HUM
---------------------------------------------------------------------------------------
1    66.8  84.9  1:53pm   60.1 12:53am   0.0 10.9  0.39  13  25  00:00    SW  29.1 60.4
2    69.2  84.0 11:53am   60.8  1:20am   0.0 11.6  0.16   9  17  00:00   SSW  29.2 58.4
3    73.1  90.0  4:53pm   60.1  5:53am   0.0 16.6  0.00   9  16  00:00   SSW  28.8 40.7
4    74.4  88.0  1:53pm   66.0  3:53am   0.0 16.2  0.00   8  15  00:00     S  28.7 40.3
5    76.1  91.9  1:53pm   68.0  1:53am   0.0 19.0  0.00   8  15  00:00     S  28.9 37.4
6    71.7  89.1  1:53pm   66.0 10:53pm   0.0 15.4  0.43  14  28  00:00   WSW  29.2 51.7
7    72.9  89.1  2:53pm   60.1  5:53am   0.0 16.0  0.00  12  22  00:00   SSE  28.9 42.4
8    72.4  90.0  2:53pm   60.1  3:53am   0.0 16.2  0.00  18  35  00:00   WSW  29.0 39.3
9      58  64.0 12:53am   55.0 12:53pm   4.0  0.0  0.09  10  18  00:00   SSW  29.1 78.1
10   61.2  73.9  3:53pm   55.9  5:53am   0.0  2.6  0.23  12  23  00:00     W  29.1 69.8
11   65.3  82.0  2:53pm   55.0  3:53am   0.0  8.7  0.00   8  15  00:00   SSW  28.9 52.5
12   70.2  84.9  3:53pm   61.0  3:53am   0.0 12.6  0.00   9  17  00:00   WNW  28.9 42.1
13   65.8  82.9 11:53am   57.9  5:53am   0.0  9.4  0.91  12  23  00:00   WSW  29.1 67.3
14   63.2  71.1 11:53am   62.1  5:53am   0.0  2.2  0.02   9  16  00:00     W  28.9 66.1
15   63.8  76.3  2:53pm   57.9 10:53pm   0.0  5.1  0.00   8  15  00:00   SSW  28.8 52.7
16   61.5  75.9  2:53pm   54.0 12:53am   0.0  3.7  0.04  16  31  00:00   WSW  29.1 58.4
17     64  79.0  1:53pm   52.0  4:53am   0.0  6.5  0.00   9  17  00:00   NNW  28.9 45.7
18   69.8  87.1  2:53pm   55.0  2:53am   0.0 13.5  0.00   7  13  00:00   SSE  28.8 31.2
19   73.8  91.9  1:53pm   64.9 11:53pm   0.0 17.9  0.00  13  25  00:00   SSW  28.8 23.4
20     70  86.0 12:53pm   63.0  1:53am   0.0 13.0  0.00  13  24  00:00    SW  28.9 32.9
21   70.5  84.9  4:53pm   62.1  6:53am   0.0 12.7  0.00   7  14  00:00    SW  28.7 34.8
22   66.2  82.0 12:53pm   61.0  8:53pm   0.0  9.1  0.04  10  21  00:00     S  28.9 46.6
23   65.3  82.0  5:53pm   54.0  6:53am   0.0  8.7  0.00   5   9  00:00    SW  28.8 49.2
24   73.5  89.1  3:53pm   62.1  4:53am   0.0 16.3  0.00   8  15  00:00   SSW  28.7 24.0
25   64.6  80.1  3:53pm   60.1  7:53am   0.0  7.4  0.09   9  16  00:00     S  29.0 47.8
26   69.7  89.1  1:53pm   53.1  5:53am   0.0 14.4  0.00  10  20  00:00   SSE  28.8 31.8
27   72.7  91.0 12:53pm   57.0  5:53am   0.0 16.9  0.00  13  24  00:00   SSE  28.7 26.2
28   70.2  82.9  2:53pm   60.1  5:53am   0.0 11.6  0.00  11  21  00:00    SW  28.6 27.4
29   71.4  89.1  1:53pm   62.1  3:53am   0.0 15.3  0.00  13  25  00:00   WSW  28.6 26.9
30   63.7  78.1  4:53pm   54.0  6:53am   0.0  5.9  0.00  14  27  00:00   WSW  28.8 46.4
31   64.6  78.1 12:53pm   57.9  6:53am   0.0  6.4  0.00  10  18  00:00    SW  28.9 47.3