NOAA-Style Climate Reports

Select a Year or Month report
2018: Jan Feb Mar Apr May Jun Jul Aug Sep Oct Nov Dec
2017: Jan Feb Mar Apr May Jun Jul Aug Sep Oct Nov Dec
2016: Jan Feb Mar Apr May Jun Jul Aug Sep Oct Nov Dec
2015: Jan Feb Mar Apr May Jun Jul Aug Sep Oct Nov Dec
2014: Jan Feb Mar Apr May Jun Jul Aug Sep Oct Nov Dec
2013: Jan Feb Mar Apr May Jun Jul Aug Sep Oct Nov Dec
2012: Jan Feb Mar Apr May Jun Jul Aug Sep Oct Nov Dec
2011: Jan Feb Mar Apr May Jun Jul Aug Sep Oct Nov Dec
2010: Jan Feb Mar Apr May Jun Jul Aug Sep Oct Nov Dec
2009: Jan Feb Mar Apr May Jun Jul Aug Sep Oct Nov Dec
2008: Jan Feb Mar Apr May Jun Jul Aug Sep Oct Nov Dec
2007: Jan Feb Mar Apr May Jun Jul Aug Sep Oct Nov Dec
2006: Jan Feb Mar Apr May Jun Jul Aug Sep Oct Nov Dec
2005: Jan Feb Mar Apr May Jun Jul Aug Sep Oct Nov Dec
2004: Jan Feb Mar Apr May Jun Jul Aug Sep Oct Nov Dec
2003: Jan Feb Mar Apr May Jun Jul Aug Sep Oct Nov Dec
2002: Jan Feb Mar Apr May Jun Jul Aug Sep Oct Nov Dec
2001: Jan Feb Mar Apr May Jun Jul Aug Sep Oct Nov Dec
2000: Jan Feb Mar Apr May Jun Jul Aug Sep Oct Nov Dec
1999: Jan Feb Mar Apr May Jun Jul Aug Sep Oct Nov Dec
1998: Jan Feb Mar Apr May Jun Jul Aug Sep Oct Nov Dec
1997: Jan Feb Mar Apr May Jun Jul Aug Sep Oct Nov Dec
1996: Jan Feb Mar Apr May Jun Jul Aug Sep Oct Nov Dec
1995: Jan Feb Mar Apr May Jun Jul Aug Sep Oct Nov Dec
1994: Jan Feb Mar Apr May Jun Jul Aug Sep Oct Nov Dec
1993: Jan Feb Mar Apr May Jun Jul Aug Sep Oct Nov Dec
1992: Jan Feb Mar Apr May Jun Jul Aug Sep Oct Nov Dec
1991: Jan Feb Mar Apr May Jun Jul Aug Sep Oct Nov Dec
1990: Jan Feb Mar Apr May Jun Jul Aug Sep Oct Nov Dec
1989: Jan Feb Mar Apr May Jun Jul Aug Sep Oct Nov Dec
1988: Jan Feb Mar Apr May Jun Jul Aug Sep Oct Nov Dec
1987: Jan Feb Mar Apr May Jun Jul Aug Sep Oct Nov Dec
1986: Jan Feb Mar Apr May Jun Jul Aug Sep Oct Nov Dec

Report for 2001 September
                  MONTHLY CLIMATOLOGICAL SUMMARY FOR 9/2001
                                        HEAT  COOL        
     MEAN                               DEG   DEG       WIND SPEED       DOM MEAN  MEAN
DAY  TEMP  HIGH   TIME     LOW   TIME   DAYS  DAYS RAIN AVG  HI  TIME    DIR BAROM HUM
---------------------------------------------------------------------------------------
1    67.2  84.0  2:53pm   55.0  5:53am   0.0 10.6  0.00   9  16  00:00    SW  28.6 36.0
2      70  86.0  2:53pm   59.0  5:53am   0.0 13.0  0.00  10  18  00:00   WSW  28.7 28.3
3    70.6  88.0  2:53pm   57.9  5:53am   0.0 14.3  0.00   9  17  00:00   SSW  28.7 27.0
4    70.2  89.1  2:53pm   57.9  6:53am   0.0 14.7  0.00  11  21  00:00     S  28.8 29.6
5    69.5  87.1  1:53pm   60.1  5:53am   0.0 13.3  0.02  14  28  00:00     S  28.8 35.3
6    68.2  88.0  1:53pm   57.0 11:53pm   0.0 13.1  0.00  17  33  00:00   SSW  28.7 35.9
7    52.3  66.9  3:53pm   42.1  7:53am   5.4  0.0  0.02  18  36  00:00     S  28.8 48.7
8    38.4  46.0  3:53pm   36.0  6:53am  22.8  0.0  0.88   8  15  00:00     W  29.3 88.4
9    52.4  71.1  4:53pm   37.9 12:53am   3.2  0.0  0.00   8  15  00:00     S  28.9 41.6
10   61.3  82.0  2:53pm   44.1  4:53am   0.0  6.7  0.00   7  14  00:00    SE  28.9 32.3
11   65.1  86.0  5:52pm   51.1  4:53am   0.0 10.6  0.00  12  22  00:00    SW  28.9 29.0
12   65.8  84.9  2:53pm   46.9  4:53am   0.0 10.4  0.00  15  29  00:00     S  28.9 25.9
13   67.4  86.0 12:53pm   55.9 11:53pm   0.0 11.7  0.00  17  32  00:00     W  28.9 40.7
14   61.8  79.0  2:53pm   54.0  6:53am   0.0  5.4  0.00  10  18  00:00   SSW  29.0 57.5
15   56.8  68.0  2:53pm   53.1  5:53am   2.6  0.0  0.00   8  15  00:00   ESE  29.1 76.8
16   58.3  73.9  1:53pm   48.0  6:53am   0.0  1.1  0.00   7  14  00:00   SSW  29.0 65.5
17     55  66.9  2:53pm   51.1  2:53am   4.0  0.0  0.07  10  20  00:00    SW  29.0 72.2
18   54.3  70.0  2:53pm   44.1  5:53am   2.8  0.0  0.00   7  13  00:00   ESE  28.8 67.2
19   62.1  78.1  2:53pm   46.9  5:53am   0.0  5.1  0.00   7  14  00:00     S  28.7 38.3
20   63.8  80.1  3:53pm   55.9  6:53am   0.0  7.0  0.00   7  13  00:00     S  28.8 30.6
21   66.1  84.0  3:53pm   50.0  6:53am   0.0 10.1  0.00   9  16  00:00   SSW  28.8 31.8
22   64.1  81.0  1:53pm   52.0  6:53am   0.0  7.6  0.00  12  23  00:00     S  28.8 29.8
23   55.5  72.0  3:53pm   46.9  4:53am   1.2  0.0  0.00   5   9  00:00    SW  29.0 47.6
24   60.3  82.0  3:53pm   43.0  6:53am   0.0  6.2  0.00   6  12  00:00    SE  28.9 42.7
25   64.4  82.9  2:53pm   50.0  4:53am   0.0  8.7  0.00   9  17  00:00   SSE  28.8 30.7
26   66.5  84.9  3:53pm   53.1  4:53am   0.0 10.7  0.00   9  17  00:00    SW  28.7 28.4
27     67  84.9  1:53pm   54.0  3:53am   0.0 11.0  0.00   6  10  00:00   SSE  28.8 24.4
28   66.1  82.9 12:53pm   51.1  6:53am   0.0  9.5  0.00  17  32  00:00   SSW  28.9 30.3
29   63.3  79.0 12:53pm   53.1 11:53pm   0.0  6.2  0.03  14  28  00:00     S  29.0 43.3
30   57.6  73.0  3:53pm   48.9  4:53am   0.0  0.3  0.00   6  10  00:00   WSW  29.0 55.1