NOAA-Style Climate Reports

Select a Year or Month report
2018: Jan Feb Mar Apr May Jun Jul Aug Sep Oct Nov Dec
2017: Jan Feb Mar Apr May Jun Jul Aug Sep Oct Nov Dec
2016: Jan Feb Mar Apr May Jun Jul Aug Sep Oct Nov Dec
2015: Jan Feb Mar Apr May Jun Jul Aug Sep Oct Nov Dec
2014: Jan Feb Mar Apr May Jun Jul Aug Sep Oct Nov Dec
2013: Jan Feb Mar Apr May Jun Jul Aug Sep Oct Nov Dec
2012: Jan Feb Mar Apr May Jun Jul Aug Sep Oct Nov Dec
2011: Jan Feb Mar Apr May Jun Jul Aug Sep Oct Nov Dec
2010: Jan Feb Mar Apr May Jun Jul Aug Sep Oct Nov Dec
2009: Jan Feb Mar Apr May Jun Jul Aug Sep Oct Nov Dec
2008: Jan Feb Mar Apr May Jun Jul Aug Sep Oct Nov Dec
2007: Jan Feb Mar Apr May Jun Jul Aug Sep Oct Nov Dec
2006: Jan Feb Mar Apr May Jun Jul Aug Sep Oct Nov Dec
2005: Jan Feb Mar Apr May Jun Jul Aug Sep Oct Nov Dec
2004: Jan Feb Mar Apr May Jun Jul Aug Sep Oct Nov Dec
2003: Jan Feb Mar Apr May Jun Jul Aug Sep Oct Nov Dec
2002: Jan Feb Mar Apr May Jun Jul Aug Sep Oct Nov Dec
2001: Jan Feb Mar Apr May Jun Jul Aug Sep Oct Nov Dec
2000: Jan Feb Mar Apr May Jun Jul Aug Sep Oct Nov Dec
1999: Jan Feb Mar Apr May Jun Jul Aug Sep Oct Nov Dec
1998: Jan Feb Mar Apr May Jun Jul Aug Sep Oct Nov Dec
1997: Jan Feb Mar Apr May Jun Jul Aug Sep Oct Nov Dec
1996: Jan Feb Mar Apr May Jun Jul Aug Sep Oct Nov Dec
1995: Jan Feb Mar Apr May Jun Jul Aug Sep Oct Nov Dec
1994: Jan Feb Mar Apr May Jun Jul Aug Sep Oct Nov Dec
1993: Jan Feb Mar Apr May Jun Jul Aug Sep Oct Nov Dec
1992: Jan Feb Mar Apr May Jun Jul Aug Sep Oct Nov Dec
1991: Jan Feb Mar Apr May Jun Jul Aug Sep Oct Nov Dec
1990: Jan Feb Mar Apr May Jun Jul Aug Sep Oct Nov Dec
1989: Jan Feb Mar Apr May Jun Jul Aug Sep Oct Nov Dec
1988: Jan Feb Mar Apr May Jun Jul Aug Sep Oct Nov Dec
1987: Jan Feb Mar Apr May Jun Jul Aug Sep Oct Nov Dec
1986: Jan Feb Mar Apr May Jun Jul Aug Sep Oct Nov Dec

Report for 2001 October
                  MONTHLY CLIMATOLOGICAL SUMMARY FOR 10/2001
                                        HEAT  COOL        
     MEAN                               DEG   DEG       WIND SPEED       DOM MEAN  MEAN
DAY  TEMP  HIGH   TIME     LOW   TIME   DAYS  DAYS RAIN AVG  HI  TIME    DIR BAROM HUM
---------------------------------------------------------------------------------------
1    61.8  79.0  1:53pm   48.9  5:53am   0.0  5.4  0.00  10  20  00:00   SSE  28.9 36.9
2    64.9  79.0 12:53pm   57.0  6:53am   0.0  7.0  0.00   9  17  00:00   WSW  28.7 26.5
3    60.8  79.0  2:53pm   48.0  3:53am   0.0  4.9  0.00   7  13  00:00   SSW  29.3 32.4
4    44.4  53.1  1:53pm   39.0 10:53pm  16.2  0.0  0.01   8  15  00:00    SW  29.1 68.9
5    33.5  46.0  4:53pm   30.2  1:26am  25.2  0.0  0.06  16  31  00:00     S  29.4 81.2
6    48.2  72.0  3:53pm   28.9  3:53am   4.9  0.0  0.00   6  10  00:00    SE  28.9 44.0
7      57  73.9  2:53pm   44.1  1:53am   0.0  0.5  0.00   7  14  00:00   SSW  28.7 33.4
8    59.9  75.0  1:53pm   52.0  5:53am   0.0  2.5  0.00   7  14  00:00    SW  28.6 30.6
9    48.2  62.1  2:53pm   39.0 11:53pm   9.8  0.0  0.32  17  33  00:00    SE  28.7 61.4
10   39.5  52.0  3:53pm   30.0  5:53am  19.2  0.0  0.00  10  20  00:00   ESE  28.9 58.3
11   46.7  63.0 12:53pm   28.9  6:53am  10.1  0.0  0.00   6  12  00:00   SSW  28.6 34.8
12   40.6  48.0 12:53am   34.0  8:53pm  20.7  0.0  0.00  16  31  00:00   WSW  28.7 39.6
13   49.9  60.1 12:53pm   37.9 12:53am  10.0  0.0  0.00  23  45  00:00     W  28.7 34.5
14   44.8  64.9  4:53pm   30.0  4:53am  10.1  0.0  0.00  10  18  00:00    SE  28.7 51.2
15   35.3  50.0  4:53pm   28.4  5:19am  22.3  0.0  0.04  25  50  00:00   SSW  29.5 69.9
16   47.4  70.0  2:53pm   30.9  1:53am   6.3  0.0  0.00   6  10  00:00     S  29.0 35.7
17   54.4  75.0  2:53pm   42.1  3:53am   0.3  0.0  0.00   8  15  00:00   SSE  28.8 21.7
18   48.1  62.6 10:46am   41.0  6:53am   9.6  0.0  0.00  14  27  00:00   SSE  28.9 37.0
19   50.7  70.0  2:53pm   37.9  5:53am   4.6  0.0  0.00  10  18  00:00    SE  28.7 26.8
20   46.3  54.0 11:53am   44.1  4:53am  14.8  0.0  0.00   5  10  00:00   SSW  28.2 33.2
21   47.6  63.0  1:53pm   34.0  6:53am   9.7  0.0  0.00   6  10  00:00   WSW  28.4 48.6
22   52.5  69.1  1:53pm   41.0 11:53pm   4.2  0.0  0.00  23  45  00:00    NW  28.7 38.3
23   52.7  70.0  1:53pm   39.9  4:53am   3.6  0.0  0.00  20  39  00:00   SSW  28.5 31.6
24   39.7  54.0  2:53pm   33.1 10:53pm  18.1  0.0  0.00  19  37  00:00     W  28.8 24.4
25   38.1  55.0  3:53pm   25.0  3:53am  18.4  0.0  0.00   9  16  00:00   SSE  29.1 29.8
26   41.3  61.0  2:53pm   28.9  5:53am  13.8  0.0  0.00   7  14  00:00    SW  29.2 31.8
27   53.1  73.9  3:53pm   35.1  4:53am   1.5  0.0  0.00  10  20  00:00   SSW  29.0 21.4
28   59.8  73.0  1:53pm   54.0 12:53am   0.0  1.4  0.00   8  15  00:00    SW  28.8 27.7
29   47.4  63.0  1:53pm   37.9  5:53am   9.8  0.0  0.00  13  24  00:00   WSW  29.0 48.1
30   55.6  73.0  2:53pm   42.1  2:53am   0.7  0.0  0.00   9  17  00:00   SSW  28.8 33.2
31   56.7  68.0 11:53am   46.9  7:53pm   2.6  0.0  0.00  20  38  00:00     W  28.5 26.8