NOAA-Style Climate Reports

Select a Year or Month report
2018: Jan Feb Mar Apr May Jun Jul Aug Sep Oct Nov Dec
2017: Jan Feb Mar Apr May Jun Jul Aug Sep Oct Nov Dec
2016: Jan Feb Mar Apr May Jun Jul Aug Sep Oct Nov Dec
2015: Jan Feb Mar Apr May Jun Jul Aug Sep Oct Nov Dec
2014: Jan Feb Mar Apr May Jun Jul Aug Sep Oct Nov Dec
2013: Jan Feb Mar Apr May Jun Jul Aug Sep Oct Nov Dec
2012: Jan Feb Mar Apr May Jun Jul Aug Sep Oct Nov Dec
2011: Jan Feb Mar Apr May Jun Jul Aug Sep Oct Nov Dec
2010: Jan Feb Mar Apr May Jun Jul Aug Sep Oct Nov Dec
2009: Jan Feb Mar Apr May Jun Jul Aug Sep Oct Nov Dec
2008: Jan Feb Mar Apr May Jun Jul Aug Sep Oct Nov Dec
2007: Jan Feb Mar Apr May Jun Jul Aug Sep Oct Nov Dec
2006: Jan Feb Mar Apr May Jun Jul Aug Sep Oct Nov Dec
2005: Jan Feb Mar Apr May Jun Jul Aug Sep Oct Nov Dec
2004: Jan Feb Mar Apr May Jun Jul Aug Sep Oct Nov Dec
2003: Jan Feb Mar Apr May Jun Jul Aug Sep Oct Nov Dec
2002: Jan Feb Mar Apr May Jun Jul Aug Sep Oct Nov Dec
2001: Jan Feb Mar Apr May Jun Jul Aug Sep Oct Nov Dec
2000: Jan Feb Mar Apr May Jun Jul Aug Sep Oct Nov Dec
1999: Jan Feb Mar Apr May Jun Jul Aug Sep Oct Nov Dec
1998: Jan Feb Mar Apr May Jun Jul Aug Sep Oct Nov Dec
1997: Jan Feb Mar Apr May Jun Jul Aug Sep Oct Nov Dec
1996: Jan Feb Mar Apr May Jun Jul Aug Sep Oct Nov Dec
1995: Jan Feb Mar Apr May Jun Jul Aug Sep Oct Nov Dec
1994: Jan Feb Mar Apr May Jun Jul Aug Sep Oct Nov Dec
1993: Jan Feb Mar Apr May Jun Jul Aug Sep Oct Nov Dec
1992: Jan Feb Mar Apr May Jun Jul Aug Sep Oct Nov Dec
1991: Jan Feb Mar Apr May Jun Jul Aug Sep Oct Nov Dec
1990: Jan Feb Mar Apr May Jun Jul Aug Sep Oct Nov Dec
1989: Jan Feb Mar Apr May Jun Jul Aug Sep Oct Nov Dec
1988: Jan Feb Mar Apr May Jun Jul Aug Sep Oct Nov Dec
1987: Jan Feb Mar Apr May Jun Jul Aug Sep Oct Nov Dec
1986: Jan Feb Mar Apr May Jun Jul Aug Sep Oct Nov Dec

Report for 2001 November
                  MONTHLY CLIMATOLOGICAL SUMMARY FOR 11/2001
                                        HEAT  COOL        
     MEAN                               DEG   DEG       WIND SPEED       DOM MEAN  MEAN
DAY  TEMP  HIGH   TIME     LOW   TIME   DAYS  DAYS RAIN AVG  HI  TIME    DIR BAROM HUM
---------------------------------------------------------------------------------------
1      47  61.0  1:53pm   37.0 11:53pm  11.0  0.0  0.00   9  17  00:00   ESE  28.7 32.8
2    44.9  62.1  1:53pm   32.0  5:53am  11.5  0.0  0.00   5  10  00:00   SSE  29.0 39.7
3      45  59.0 12:53pm   36.0  3:53am  13.0  0.0  0.00   6  10  00:00   SSE  29.2 41.7
4    49.6  72.0  2:53pm   36.0  3:53am   4.2  0.0  0.00   7  14  00:00     S  29.1 37.9
5    51.7  70.0  1:53pm   41.0  2:53am   4.1  0.0  0.00   6  10  00:00   WSW  28.9 30.1
6    51.6  69.1  1:53pm   39.0  4:53am   4.6  0.0  0.00   8  15  00:00   SSE  28.9 31.6
7    44.1  66.9 11:53am   30.2 11:05pm   9.5  0.0  0.35  18  35  00:00   WSW  29.4 61.0
8    33.5  44.1  2:53pm   30.0 12:53am  26.2  0.0  0.09   7  14  00:00     W  29.5 77.0
9    41.8  62.1  1:53pm   27.0  5:53am  13.0  0.0  0.00   7  14  00:00    SW  29.2 34.2
10   39.5  63.0  1:53pm   24.1  5:53am  13.7  0.0  0.00   6  13  00:00    SE  29.1 30.8
11   44.6  63.0  1:53pm   30.0  5:53am  11.2  0.0  0.00   6  13  00:00   SSE  28.9 31.9
12   47.5  64.0  1:53pm   34.0  6:53am   9.2  0.0  0.00   8  15  00:00   SSE  28.9 38.0
13     49  64.0  1:53pm   41.0  5:53am   8.5  0.0  0.00   6  13  00:00   SSW  28.7 36.4
14   45.1  60.1 12:53pm   37.0  6:53am  12.4  0.0  0.00   5   9  00:00     S  28.9 42.7
15   45.3  64.0  1:53pm   32.0  5:53am  10.3  0.0  0.00   9  16  00:00   SSE  28.9 51.0
16   46.3  62.1 12:53pm   37.0  2:53am  10.8  0.0  0.00   9  16  00:00     S  28.8 61.2
17   45.7  64.0  1:53pm   36.0  3:53am  10.1  0.0  0.00   5   9  00:00    SE  28.8 52.7
18   34.7  46.9  8:53am   25.0 11:53pm  24.2  0.0  0.12  12  23  00:00     E  29.4 72.5
19   32.6  51.1  1:53pm   23.0  5:30am  23.1  0.0  0.05   6  10  00:00    SE  29.4 67.1
20   44.7  68.0 12:53pm   32.0 11:53pm   8.6  0.0  0.00   7  13  00:00   SSW  28.9 30.0
21   40.2  59.0 12:53pm   26.1  4:53am  15.4  0.0  0.00   5   9  00:00     S  28.7 25.6
22   43.7  57.0  1:53pm   37.9  3:53am  14.6  0.0  0.18   7  13  00:00    SW  28.5 45.9
23   33.4  39.2 12:19am   32.0  1:53am  28.7  0.0  0.71  14  27  00:00   WSW  28.8 86.3
24   30.9  42.1  1:53pm   23.0  6:53am  28.5  0.0  0.00  11  21  00:00   SSW  28.6 58.5
25   26.5  32.0 10:53am   24.1  5:53am  35.7  0.0  0.00   7  14  00:00    NW  28.7 81.2
26   19.5  25.0 12:53am   10.0 11:53pm  42.7  0.0  0.18  11  21  00:00     S  29.2 84.7
27   11.3  19.0 12:53pm    3.2  7:00am  49.8  0.0  0.08   4   7  00:00   SSE  29.2 74.5
28   13.9  26.1  1:53pm    5.0  1:53am  45.0  0.0  0.00   6  12  00:00   SSE  29.0 66.6
29   26.3  43.0  1:53pm   12.0 12:53am  30.3  0.0  0.00   6  10  00:00    SW  28.5 58.0
30   29.8  41.0 12:53pm   21.9  6:53am  29.6  0.0  0.00   8  15  00:00   WSW  28.6 45.4