NOAA-Style Climate Reports

Select a Year or Month report
2018: Jan Feb Mar Apr May Jun Jul Aug Sep Oct Nov Dec
2017: Jan Feb Mar Apr May Jun Jul Aug Sep Oct Nov Dec
2016: Jan Feb Mar Apr May Jun Jul Aug Sep Oct Nov Dec
2015: Jan Feb Mar Apr May Jun Jul Aug Sep Oct Nov Dec
2014: Jan Feb Mar Apr May Jun Jul Aug Sep Oct Nov Dec
2013: Jan Feb Mar Apr May Jun Jul Aug Sep Oct Nov Dec
2012: Jan Feb Mar Apr May Jun Jul Aug Sep Oct Nov Dec
2011: Jan Feb Mar Apr May Jun Jul Aug Sep Oct Nov Dec
2010: Jan Feb Mar Apr May Jun Jul Aug Sep Oct Nov Dec
2009: Jan Feb Mar Apr May Jun Jul Aug Sep Oct Nov Dec
2008: Jan Feb Mar Apr May Jun Jul Aug Sep Oct Nov Dec
2007: Jan Feb Mar Apr May Jun Jul Aug Sep Oct Nov Dec
2006: Jan Feb Mar Apr May Jun Jul Aug Sep Oct Nov Dec
2005: Jan Feb Mar Apr May Jun Jul Aug Sep Oct Nov Dec
2004: Jan Feb Mar Apr May Jun Jul Aug Sep Oct Nov Dec
2003: Jan Feb Mar Apr May Jun Jul Aug Sep Oct Nov Dec
2002: Jan Feb Mar Apr May Jun Jul Aug Sep Oct Nov Dec
2001: Jan Feb Mar Apr May Jun Jul Aug Sep Oct Nov Dec
2000: Jan Feb Mar Apr May Jun Jul Aug Sep Oct Nov Dec
1999: Jan Feb Mar Apr May Jun Jul Aug Sep Oct Nov Dec
1998: Jan Feb Mar Apr May Jun Jul Aug Sep Oct Nov Dec
1997: Jan Feb Mar Apr May Jun Jul Aug Sep Oct Nov Dec
1996: Jan Feb Mar Apr May Jun Jul Aug Sep Oct Nov Dec
1995: Jan Feb Mar Apr May Jun Jul Aug Sep Oct Nov Dec
1994: Jan Feb Mar Apr May Jun Jul Aug Sep Oct Nov Dec
1993: Jan Feb Mar Apr May Jun Jul Aug Sep Oct Nov Dec
1992: Jan Feb Mar Apr May Jun Jul Aug Sep Oct Nov Dec
1991: Jan Feb Mar Apr May Jun Jul Aug Sep Oct Nov Dec
1990: Jan Feb Mar Apr May Jun Jul Aug Sep Oct Nov Dec
1989: Jan Feb Mar Apr May Jun Jul Aug Sep Oct Nov Dec
1988: Jan Feb Mar Apr May Jun Jul Aug Sep Oct Nov Dec
1987: Jan Feb Mar Apr May Jun Jul Aug Sep Oct Nov Dec
1986: Jan Feb Mar Apr May Jun Jul Aug Sep Oct Nov Dec

Report for 2001 December
                  MONTHLY CLIMATOLOGICAL SUMMARY FOR 12/2001
                                        HEAT  COOL        
     MEAN                               DEG   DEG       WIND SPEED       DOM MEAN  MEAN
DAY  TEMP  HIGH   TIME     LOW   TIME   DAYS  DAYS RAIN AVG  HI  TIME    DIR BAROM HUM
---------------------------------------------------------------------------------------
1    33.4  45.0  2:53pm   21.9  6:53am  25.8  0.0  0.00  11  21  00:00   SSW  28.8 38.0
2    37.3  48.0  1:53pm   30.9  2:53am  22.3  0.0  0.00  16  31  00:00   SSE  28.8 49.8
3    46.4  59.0  1:53pm   41.0  7:53pm  12.3  0.0  0.00  19  37  00:00   SSW  28.7 33.0
4    39.3  51.1  1:53pm   30.9 10:53pm  19.8  0.0  0.00   9  17  00:00   WSW  28.6 43.8
5    34.8  46.9  1:53pm   26.1  5:53am  24.1  0.0  0.00  18  36  00:00    SW  28.7 36.9
6    39.3  54.0 12:53pm   28.9  4:53am  18.3  0.0  0.00  12  23  00:00   SSW  28.8 32.3
7    31.3  41.0  9:53am   19.9 11:53pm  28.8  0.0  0.00  15  29  00:00   SSW  29.0 46.0
8    30.2  48.9  1:53pm   18.0 12:53am  25.4  0.0  0.00   7  14  00:00     S  29.1 33.1
9    37.4  57.9  1:53pm   26.1  7:53am  17.3  0.0  0.00   6  12  00:00     S  28.7 31.3
10   30.1  46.0  1:53pm   19.9 10:53pm  26.9  0.0  0.00   7  14  00:00     S  28.6 50.6
11   32.5  43.0  1:53pm   26.1 10:53pm  27.2  0.0  0.00  12  23  00:00   WSW  28.5 37.3
12   21.3  26.6 12:29am   12.9 11:53pm  41.0  0.0  0.10   6  10  00:00   WSW  29.2 82.2
13   26.5  41.0  1:53pm   12.0  2:53am  31.2  0.0  0.00   7  14  00:00    SW  28.8 47.2
14   38.3  52.0  1:53pm   30.9  5:53am  19.8  0.0  0.00  10  18  00:00   SSE  28.4 35.8
15   31.7  42.1  5:53am   24.1 11:53pm  28.1  0.0  0.00   7  14  00:00     E  28.8 61.0
16   25.4  37.9 12:53pm   14.0  6:53am  33.3  0.0  0.21   6  12  00:00     S  29.0 59.5
17     40  55.9  2:53pm   27.0 12:53am  17.0  0.0  0.00   9  17  00:00    SW  28.8 39.6
18   29.4  36.0 11:53am   23.0 10:53pm  32.3  0.0  0.00   8  15  00:00   SSE  28.9 60.9
19   33.5  48.9  2:53pm   23.0 12:53am  23.8  0.0  0.00   9  17  00:00     S  28.9 43.6
20   31.8  42.1 10:53am   21.9  4:53am  28.0  0.0  0.00  15  29  00:00     W  28.9 47.2
21   36.5  54.0 11:53am   28.4 10:02pm  19.7  0.0  0.00  18  35  00:00   SSW  28.8 51.6
22   24.5  36.0  1:53pm   16.0  5:53am  34.7  0.0  0.02   9  16  00:00   WSW  28.8 62.3
23   21.5  37.0  1:53pm   10.9  5:53am  35.7  0.0  0.00   6  13  00:00   SSE  29.1 60.8
24   20.9  32.0  1:53pm   14.0  4:53am  38.5  0.0  0.00   5   9  00:00   SSE  29.1 56.8
25   24.7  37.0  1:53pm   17.1  1:53am  34.1  0.0  0.00   8  15  00:00    SE  29.0 46.6
26   30.6  45.0  1:53pm   21.0  5:53am  27.2  0.0  0.00   5   9  00:00     S  28.9 46.6
27   27.7  41.0  1:53pm   19.0 11:53pm  30.6  0.0  0.00   6  12  00:00   SSE  28.8 48.8
28   33.4  48.9 12:53pm   25.0  8:53pm  23.8  0.0  0.00  20  39  00:00   SSW  28.9 54.5
29   23.9  30.0  1:53pm   19.0  7:53am  38.0  0.0  0.00   6  10  00:00   SSE  29.1 73.8
30   20.4  26.1  3:53pm   17.1 11:53pm  41.7  0.0  0.00   4   8  00:00   SSE  29.2 75.4
31   21.9  37.0  1:53pm   10.9  6:53am  35.5  0.0  0.00   7  13  00:00     S  29.0 68.1