NOAA-Style Climate Reports

Select a Year or Month report
2018: Jan Feb Mar Apr May Jun Jul Aug Sep Oct Nov Dec
2017: Jan Feb Mar Apr May Jun Jul Aug Sep Oct Nov Dec
2016: Jan Feb Mar Apr May Jun Jul Aug Sep Oct Nov Dec
2015: Jan Feb Mar Apr May Jun Jul Aug Sep Oct Nov Dec
2014: Jan Feb Mar Apr May Jun Jul Aug Sep Oct Nov Dec
2013: Jan Feb Mar Apr May Jun Jul Aug Sep Oct Nov Dec
2012: Jan Feb Mar Apr May Jun Jul Aug Sep Oct Nov Dec
2011: Jan Feb Mar Apr May Jun Jul Aug Sep Oct Nov Dec
2010: Jan Feb Mar Apr May Jun Jul Aug Sep Oct Nov Dec
2009: Jan Feb Mar Apr May Jun Jul Aug Sep Oct Nov Dec
2008: Jan Feb Mar Apr May Jun Jul Aug Sep Oct Nov Dec
2007: Jan Feb Mar Apr May Jun Jul Aug Sep Oct Nov Dec
2006: Jan Feb Mar Apr May Jun Jul Aug Sep Oct Nov Dec
2005: Jan Feb Mar Apr May Jun Jul Aug Sep Oct Nov Dec
2004: Jan Feb Mar Apr May Jun Jul Aug Sep Oct Nov Dec
2003: Jan Feb Mar Apr May Jun Jul Aug Sep Oct Nov Dec
2002: Jan Feb Mar Apr May Jun Jul Aug Sep Oct Nov Dec
2001: Jan Feb Mar Apr May Jun Jul Aug Sep Oct Nov Dec
2000: Jan Feb Mar Apr May Jun Jul Aug Sep Oct Nov Dec
1999: Jan Feb Mar Apr May Jun Jul Aug Sep Oct Nov Dec
1998: Jan Feb Mar Apr May Jun Jul Aug Sep Oct Nov Dec
1997: Jan Feb Mar Apr May Jun Jul Aug Sep Oct Nov Dec
1996: Jan Feb Mar Apr May Jun Jul Aug Sep Oct Nov Dec
1995: Jan Feb Mar Apr May Jun Jul Aug Sep Oct Nov Dec
1994: Jan Feb Mar Apr May Jun Jul Aug Sep Oct Nov Dec
1993: Jan Feb Mar Apr May Jun Jul Aug Sep Oct Nov Dec
1992: Jan Feb Mar Apr May Jun Jul Aug Sep Oct Nov Dec
1991: Jan Feb Mar Apr May Jun Jul Aug Sep Oct Nov Dec
1990: Jan Feb Mar Apr May Jun Jul Aug Sep Oct Nov Dec
1989: Jan Feb Mar Apr May Jun Jul Aug Sep Oct Nov Dec
1988: Jan Feb Mar Apr May Jun Jul Aug Sep Oct Nov Dec
1987: Jan Feb Mar Apr May Jun Jul Aug Sep Oct Nov Dec
1986: Jan Feb Mar Apr May Jun Jul Aug Sep Oct Nov Dec

Report for 2002 January
                  MONTHLY CLIMATOLOGICAL SUMMARY FOR 1/2002
                                        HEAT  COOL        
     MEAN                               DEG   DEG       WIND SPEED       DOM MEAN  MEAN
DAY  TEMP  HIGH   TIME     LOW   TIME   DAYS  DAYS RAIN AVG  HI  TIME    DIR BAROM HUM
---------------------------------------------------------------------------------------
1    18.5  21.9  2:53pm   15.1 11:53pm  44.8  0.0  0.06   6  12  00:00    SE  29.5 84.6
2    18.5  33.1  1:53pm    5.0  5:53am  39.2  0.0  0.01   6  12  00:00   SSE  29.2 56.1
3    34.6  50.0  1:53pm   25.0 12:53am  22.7  0.0  0.00   8  15  00:00     S  28.8 36.9
4    28.9  36.0  4:53am   19.0 10:53pm  32.5  0.0  0.00   7  14  00:00   ESE  29.2 74.6
5    26.2  42.1  2:53pm   12.0  5:53am  30.8  0.0  0.03   8  15  00:00     W  29.0 52.8
6      31  42.1 12:53pm   19.9  4:53am  28.4  0.0  0.00   6  10  00:00   SSE  29.1 51.9
7    42.1  57.9 12:53pm   28.9  5:53am  15.0  0.0  0.00   7  14  00:00   WSW  29.0 44.5
8    48.6  57.9  1:53pm   44.1  5:53am  11.7  0.0  0.00  10  18  00:00    SW  28.9 27.7
9    40.8  55.0 11:53am   32.0 11:53pm  17.1  0.0  0.00  13  24  00:00     E  28.9 53.0
10   29.6  37.9  2:53pm   26.1  8:53pm  31.2  0.0  0.18   7  13  00:00     S  29.5 80.2
11     35  48.9 12:53pm   27.0 11:53pm  23.0  0.0  0.00   7  13  00:00   SSW  29.1 42.3
12   36.1  54.0  1:53pm   21.9  5:53am  19.9  0.0  0.00  19  37  00:00     S  28.9 49.7
13   33.6  46.9 12:53am   24.1 11:53pm  24.7  0.0  0.00  21  40  00:00    NW  28.7 32.2
14   24.2  37.0  2:53pm   17.1  5:53am  34.4  0.0  0.00   8  16  00:00     S  28.9 53.0
15   20.4  32.0  2:53pm   14.0  3:53am  38.8  0.0  0.00   6  10  00:00     W  28.8 67.5
16   19.1  27.0  1:53pm   15.8  8:40am  41.9  0.0  0.00  10  20  00:00    SE  29.1 72.9
17   18.8  28.0 12:53pm   12.9  5:53am  41.6  0.0  0.00   8  15  00:00   SSW  29.0 62.5
18   19.8  27.0 12:53pm   12.9  5:53am  41.6  0.0  0.00  16  30  00:00     W  28.9 44.0
19   25.7  46.9  1:53pm   12.0  4:53am  28.7  0.0  0.00   8  15  00:00   SSW  28.6 28.6
20   24.6  35.1  2:53pm   16.0  1:53am  35.1  0.0  0.00  18  36  00:00   WSW  28.6 33.2
21   35.6  50.0  1:53pm   24.1  1:53am  22.2  0.0  0.00   8  15  00:00   SSE  28.6 29.9
22   36.3  54.0 12:53pm   21.0 11:53pm  19.8  0.0  0.00  23  45  00:00   SSE  28.7 40.0
23   15.7  19.9 12:53am    3.0 10:53pm  47.2  0.0  0.07   7  13  00:00    SE  29.2 80.7
24   21.1  36.0  2:53pm    0.0  6:53am  36.4  0.0  0.13   7  14  00:00     S  29.1 48.3
25   40.7  53.1 12:53pm   30.0  4:53am  18.1  0.0  0.00   9  16  00:00   SSW  28.9 35.6
26   45.2  61.0  2:53pm   37.9  7:53pm  11.9  0.0  0.00  12  22  00:00    SW  28.7 23.3
27   45.7  62.1  1:53pm   34.0  8:53pm  11.1  0.0  0.00  10  20  00:00   SSW  28.6 18.6
28   33.5  51.1 11:53am   14.0 11:53pm  22.7  0.0  0.00  21  41  00:00   WSW  28.6 44.8
29   19.7  30.0 12:53pm   12.2  5:19am  40.1  0.0  0.00   7  13  00:00   ESE  28.9 68.4
30   18.2  23.0  1:53pm   16.0 11:53pm  44.4  0.0  0.00   9  16  00:00    SE  29.2 71.2
31   15.5  26.1  1:53pm    1.9  6:53am  44.2  0.0  0.00   7  13  00:00    SW  29.0 55.9