NOAA-Style Climate Reports

Select a Year or Month report
2018: Jan Feb Mar Apr May Jun Jul Aug Sep Oct Nov Dec
2017: Jan Feb Mar Apr May Jun Jul Aug Sep Oct Nov Dec
2016: Jan Feb Mar Apr May Jun Jul Aug Sep Oct Nov Dec
2015: Jan Feb Mar Apr May Jun Jul Aug Sep Oct Nov Dec
2014: Jan Feb Mar Apr May Jun Jul Aug Sep Oct Nov Dec
2013: Jan Feb Mar Apr May Jun Jul Aug Sep Oct Nov Dec
2012: Jan Feb Mar Apr May Jun Jul Aug Sep Oct Nov Dec
2011: Jan Feb Mar Apr May Jun Jul Aug Sep Oct Nov Dec
2010: Jan Feb Mar Apr May Jun Jul Aug Sep Oct Nov Dec
2009: Jan Feb Mar Apr May Jun Jul Aug Sep Oct Nov Dec
2008: Jan Feb Mar Apr May Jun Jul Aug Sep Oct Nov Dec
2007: Jan Feb Mar Apr May Jun Jul Aug Sep Oct Nov Dec
2006: Jan Feb Mar Apr May Jun Jul Aug Sep Oct Nov Dec
2005: Jan Feb Mar Apr May Jun Jul Aug Sep Oct Nov Dec
2004: Jan Feb Mar Apr May Jun Jul Aug Sep Oct Nov Dec
2003: Jan Feb Mar Apr May Jun Jul Aug Sep Oct Nov Dec
2002: Jan Feb Mar Apr May Jun Jul Aug Sep Oct Nov Dec
2001: Jan Feb Mar Apr May Jun Jul Aug Sep Oct Nov Dec
2000: Jan Feb Mar Apr May Jun Jul Aug Sep Oct Nov Dec
1999: Jan Feb Mar Apr May Jun Jul Aug Sep Oct Nov Dec
1998: Jan Feb Mar Apr May Jun Jul Aug Sep Oct Nov Dec
1997: Jan Feb Mar Apr May Jun Jul Aug Sep Oct Nov Dec
1996: Jan Feb Mar Apr May Jun Jul Aug Sep Oct Nov Dec
1995: Jan Feb Mar Apr May Jun Jul Aug Sep Oct Nov Dec
1994: Jan Feb Mar Apr May Jun Jul Aug Sep Oct Nov Dec
1993: Jan Feb Mar Apr May Jun Jul Aug Sep Oct Nov Dec
1992: Jan Feb Mar Apr May Jun Jul Aug Sep Oct Nov Dec
1991: Jan Feb Mar Apr May Jun Jul Aug Sep Oct Nov Dec
1990: Jan Feb Mar Apr May Jun Jul Aug Sep Oct Nov Dec
1989: Jan Feb Mar Apr May Jun Jul Aug Sep Oct Nov Dec
1988: Jan Feb Mar Apr May Jun Jul Aug Sep Oct Nov Dec
1987: Jan Feb Mar Apr May Jun Jul Aug Sep Oct Nov Dec
1986: Jan Feb Mar Apr May Jun Jul Aug Sep Oct Nov Dec

Report for 2002 February
                  MONTHLY CLIMATOLOGICAL SUMMARY FOR 2/2002
                                        HEAT  COOL        
     MEAN                               DEG   DEG       WIND SPEED       DOM MEAN  MEAN
DAY  TEMP  HIGH   TIME     LOW   TIME   DAYS  DAYS RAIN AVG  HI  TIME    DIR BAROM HUM
---------------------------------------------------------------------------------------
1    25.6  42.1  1:53pm   14.0  6:53am  31.1  0.0  0.00   6  12  00:00    SE  29.1 42.3
2    26.3  39.9  1:53pm   19.9  7:53am  31.9  0.0  0.00   7  14  00:00   SSE  29.0 47.5
3    28.8  46.9  1:53pm   15.1  4:53am  27.1  0.0  0.00   7  13  00:00     S  29.1 43.8
4    29.7  44.1  2:53pm   19.9  5:53am  28.1  0.0  0.00  17  32  00:00    SE  29.1 38.4
5    23.8  35.1  2:53pm   18.0  6:53am  35.5  0.0  0.00   5   8  00:00    SW  29.1 43.0
6    32.2  48.9 10:53am   17.1  2:53am  24.4  0.0  0.00  17  33  00:00    SW  29.0 28.9
7    39.4  57.0  1:53pm   26.1 12:53am  16.8  0.0  0.00   8  15  00:00   SSW  28.9 18.8
8    38.2  54.0 11:53am   28.9  7:53pm  18.9  0.0  0.00  24  46  00:00     W  28.7 20.5
9    27.2  32.0 12:53pm   23.0  8:53pm  35.4  0.0  0.00  27  53  00:00   NNW  29.2 37.0
10   28.7  48.0  3:53pm   12.9  6:53am  26.6  0.0  0.00   6  10  00:00   SSW  29.4 26.5
11   45.7  64.4  2:21pm   26.1 11:53pm   9.9  0.0  0.00  20  38  00:00     W  29.0 17.1
12   22.7  34.0  2:53pm   16.0  4:53am  36.6  0.0  0.00   5   9  00:00     S  29.2 56.7
13   33.3  54.0  1:53pm   15.1  1:53am  21.3  0.0  0.00  14  28  00:00     S  29.0 31.0
14   30.6  46.4 10:31am   14.0 10:53pm  26.5  0.0  0.00  13  24  00:00   SSW  29.1 56.0
15   30.3  52.0  3:53pm   12.0  2:53am  23.8  0.0  0.02  10  20  00:00    SW  29.1 44.2
16   35.5  57.9  1:53pm   18.0  6:53am  18.3  0.0  0.00   8  15  00:00   SSE  29.0 30.2
17   43.2  61.0 12:53pm   28.0 12:53am  12.9  0.0  0.00  13  25  00:00   SSW  28.6 24.8
18   38.5  52.0  2:53pm   30.9  6:53am  19.7  0.0  0.16   6  10  00:00    SW  28.5 47.2
19   33.9  46.0  2:53pm   26.1  6:53am  25.0  0.0  0.17  13  24  00:00     W  28.8 58.4
20   36.1  48.0 12:53pm   30.0  4:53am  22.9  0.0  0.00  22  44  00:00   WSW  28.9 44.0
21   31.7  42.1  1:53pm   24.1  4:53am  28.1  0.0  0.00   9  17  00:00     W  29.3 44.2
22   47.6  62.1 12:53pm   30.0 12:53am  10.1  0.0  0.00  16  30  00:00   WNW  28.9 19.7
23   55.2  72.0  1:53pm   45.0 12:53am   1.4  0.0  0.00  21  41  00:00   WSW  28.5 15.7
24   31.9  44.1  1:53am   26.1  6:53am  27.0  0.0  0.00  10  18  00:00    SE  28.7 63.9
25    7.3  24.8 12:07am    1.0  6:53pm  48.9  0.0  0.00  16  30  00:00   SSW  29.7 81.3
26   11.1  25.0  3:53pm   -4.0  5:53am  46.9  0.0  0.03   5   9  00:00     S  29.4 55.2
27   20.2  28.0  8:53am    7.0  3:53am  40.9  0.0  0.00  12  23  00:00   SSE  29.0 55.7
28   28.2  44.1  1:53pm   18.0  6:53am  28.8  0.0  0.00  14  27  00:00     E  28.9 58.4