NOAA-Style Climate Reports

Select a Year or Month report
2018: Jan Feb Mar Apr May Jun Jul Aug Sep Oct Nov Dec
2017: Jan Feb Mar Apr May Jun Jul Aug Sep Oct Nov Dec
2016: Jan Feb Mar Apr May Jun Jul Aug Sep Oct Nov Dec
2015: Jan Feb Mar Apr May Jun Jul Aug Sep Oct Nov Dec
2014: Jan Feb Mar Apr May Jun Jul Aug Sep Oct Nov Dec
2013: Jan Feb Mar Apr May Jun Jul Aug Sep Oct Nov Dec
2012: Jan Feb Mar Apr May Jun Jul Aug Sep Oct Nov Dec
2011: Jan Feb Mar Apr May Jun Jul Aug Sep Oct Nov Dec
2010: Jan Feb Mar Apr May Jun Jul Aug Sep Oct Nov Dec
2009: Jan Feb Mar Apr May Jun Jul Aug Sep Oct Nov Dec
2008: Jan Feb Mar Apr May Jun Jul Aug Sep Oct Nov Dec
2007: Jan Feb Mar Apr May Jun Jul Aug Sep Oct Nov Dec
2006: Jan Feb Mar Apr May Jun Jul Aug Sep Oct Nov Dec
2005: Jan Feb Mar Apr May Jun Jul Aug Sep Oct Nov Dec
2004: Jan Feb Mar Apr May Jun Jul Aug Sep Oct Nov Dec
2003: Jan Feb Mar Apr May Jun Jul Aug Sep Oct Nov Dec
2002: Jan Feb Mar Apr May Jun Jul Aug Sep Oct Nov Dec
2001: Jan Feb Mar Apr May Jun Jul Aug Sep Oct Nov Dec
2000: Jan Feb Mar Apr May Jun Jul Aug Sep Oct Nov Dec
1999: Jan Feb Mar Apr May Jun Jul Aug Sep Oct Nov Dec
1998: Jan Feb Mar Apr May Jun Jul Aug Sep Oct Nov Dec
1997: Jan Feb Mar Apr May Jun Jul Aug Sep Oct Nov Dec
1996: Jan Feb Mar Apr May Jun Jul Aug Sep Oct Nov Dec
1995: Jan Feb Mar Apr May Jun Jul Aug Sep Oct Nov Dec
1994: Jan Feb Mar Apr May Jun Jul Aug Sep Oct Nov Dec
1993: Jan Feb Mar Apr May Jun Jul Aug Sep Oct Nov Dec
1992: Jan Feb Mar Apr May Jun Jul Aug Sep Oct Nov Dec
1991: Jan Feb Mar Apr May Jun Jul Aug Sep Oct Nov Dec
1990: Jan Feb Mar Apr May Jun Jul Aug Sep Oct Nov Dec
1989: Jan Feb Mar Apr May Jun Jul Aug Sep Oct Nov Dec
1988: Jan Feb Mar Apr May Jun Jul Aug Sep Oct Nov Dec
1987: Jan Feb Mar Apr May Jun Jul Aug Sep Oct Nov Dec
1986: Jan Feb Mar Apr May Jun Jul Aug Sep Oct Nov Dec

Report for 2002 March
                  MONTHLY CLIMATOLOGICAL SUMMARY FOR 3/2002
                                        HEAT  COOL        
     MEAN                               DEG   DEG       WIND SPEED       DOM MEAN  MEAN
DAY  TEMP  HIGH   TIME     LOW   TIME   DAYS  DAYS RAIN AVG  HI  TIME    DIR BAROM HUM
---------------------------------------------------------------------------------------
1     7.2  19.4 12:36am    1.4 11:05pm  51.7  0.0  0.00  11  21  00:00     S  29.3 80.8
2     2.9  12.0  2:53pm   -8.0  4:53am  57.5  0.0  0.04   5   9  00:00     S  29.4 67.7
3    12.5  21.9  3:53pm   -2.0  3:53am  47.8  0.0  0.00   7  13  00:00    SW  29.2 39.9
4    31.4  46.9  4:53pm   16.0  2:53am  25.8  0.0  0.00   7  13  00:00     S  29.0 38.8
5    39.5  53.1  1:53pm   30.0  5:53am  18.7  0.0  0.00   7  14  00:00    SW  28.8 28.0
6    41.4  55.9  2:53pm   32.0  6:53am  16.3  0.0  0.00  11  21  00:00   SSE  28.7 35.6
7    44.2  57.9 12:53pm   27.0  6:53am  13.9  0.0  0.00  21  40  00:00    SW  28.5 31.2
8    19.8  39.0 12:53am    3.0  6:53pm  35.6  0.0  0.00  15  29  00:00    SW  28.9 84.8
9    25.5  44.1  2:53pm    7.0  4:53am  30.2  0.0  0.00   9  17  00:00   SSE  29.2 46.0
10     44  63.0  1:53pm   28.0 12:53am  11.5  0.0  0.00   9  17  00:00   SSW  28.8 29.6
11   40.1  53.1  2:53pm   30.0  4:53am  18.4  0.0  0.00  10  18  00:00    NW  28.8 38.2
12   49.1  64.0  1:53pm   37.9  6:53am   8.4  0.0  0.00   7  14  00:00   SSE  28.6 24.1
13     42  55.0 12:53pm   34.0  6:53am  16.5  0.0  0.00  10  18  00:00     W  28.3 47.4
14   23.8  35.6 12:25am   19.0 11:53pm  35.3  0.0  0.00   8  15  00:00    SW  29.0 85.9
15     22  30.0  3:53pm   17.6  4:16am  39.0  0.0  0.21   7  14  00:00     E  29.1 76.3
16   28.6  41.0  1:53pm   21.0  6:53am  30.2  0.0  0.00  17  32  00:00   SSE  28.7 61.9
17   29.8  42.1  4:53pm   19.0  4:53am  29.0  0.0  0.00   9  17  00:00   WSW  28.7 42.8
18   28.1  39.0  2:53pm   23.0  6:39am  31.4  0.0  0.00   6  13  00:00    SW  29.3 79.3
19   29.9  48.9  2:53pm   18.0  5:53am  25.6  0.0  0.09   6  10  00:00     S  29.3 64.9
20   42.2  61.0  3:53pm   23.0 11:53pm  13.4  0.0  0.00   9  16  00:00     S  29.0 35.8
21   16.9  21.2 12:00am   12.9  7:53am  45.9  0.0  0.00   8  15  00:00   ENE  29.7 80.7
22   40.6  64.0  2:53pm   17.1  1:53am  12.7  0.0  0.00  10  18  00:00    SE  29.0 41.7
23   49.8  68.0 11:53am   35.1 12:53am   6.1  0.0  0.00  14  27  00:00     S  28.5 27.2
24   26.6  39.0 10:53am   19.4 10:35pm  32.2  0.0  0.00   6  12  00:00     E  29.2 81.0
25   25.3  35.1  2:53pm   19.0  4:53am  34.8  0.0  0.10   5   9  00:00   WSW  29.1 75.9
26   40.5  57.0  3:53pm   23.0  2:53am  16.2  0.0  0.00   6  10  00:00     S  28.9 38.6
27   46.9  66.0 12:53pm   28.9  3:53am   8.5  0.0  0.00  21  40  00:00    SW  28.6 31.6
28   52.8  66.9 12:53pm   39.0 12:53am   5.1  0.0  0.00  16  30  00:00     W  28.5 20.7
29   37.4  55.9  1:53pm   24.8  5:05am  18.3  0.0  0.00  19  37  00:00   SSE  28.9 56.3
30   40.1  55.9  1:53pm   28.0  5:53am  17.0  0.0  0.00   9  16  00:00   SSE  28.8 47.3
31   45.2  66.9  2:53pm   26.1  3:53am   8.9  0.0  0.00   7  14  00:00     S  28.8 44.0