NOAA-Style Climate Reports

Select a Year or Month report
2018: Jan Feb Mar Apr May Jun Jul Aug Sep Oct Nov Dec
2017: Jan Feb Mar Apr May Jun Jul Aug Sep Oct Nov Dec
2016: Jan Feb Mar Apr May Jun Jul Aug Sep Oct Nov Dec
2015: Jan Feb Mar Apr May Jun Jul Aug Sep Oct Nov Dec
2014: Jan Feb Mar Apr May Jun Jul Aug Sep Oct Nov Dec
2013: Jan Feb Mar Apr May Jun Jul Aug Sep Oct Nov Dec
2012: Jan Feb Mar Apr May Jun Jul Aug Sep Oct Nov Dec
2011: Jan Feb Mar Apr May Jun Jul Aug Sep Oct Nov Dec
2010: Jan Feb Mar Apr May Jun Jul Aug Sep Oct Nov Dec
2009: Jan Feb Mar Apr May Jun Jul Aug Sep Oct Nov Dec
2008: Jan Feb Mar Apr May Jun Jul Aug Sep Oct Nov Dec
2007: Jan Feb Mar Apr May Jun Jul Aug Sep Oct Nov Dec
2006: Jan Feb Mar Apr May Jun Jul Aug Sep Oct Nov Dec
2005: Jan Feb Mar Apr May Jun Jul Aug Sep Oct Nov Dec
2004: Jan Feb Mar Apr May Jun Jul Aug Sep Oct Nov Dec
2003: Jan Feb Mar Apr May Jun Jul Aug Sep Oct Nov Dec
2002: Jan Feb Mar Apr May Jun Jul Aug Sep Oct Nov Dec
2001: Jan Feb Mar Apr May Jun Jul Aug Sep Oct Nov Dec
2000: Jan Feb Mar Apr May Jun Jul Aug Sep Oct Nov Dec
1999: Jan Feb Mar Apr May Jun Jul Aug Sep Oct Nov Dec
1998: Jan Feb Mar Apr May Jun Jul Aug Sep Oct Nov Dec
1997: Jan Feb Mar Apr May Jun Jul Aug Sep Oct Nov Dec
1996: Jan Feb Mar Apr May Jun Jul Aug Sep Oct Nov Dec
1995: Jan Feb Mar Apr May Jun Jul Aug Sep Oct Nov Dec
1994: Jan Feb Mar Apr May Jun Jul Aug Sep Oct Nov Dec
1993: Jan Feb Mar Apr May Jun Jul Aug Sep Oct Nov Dec
1992: Jan Feb Mar Apr May Jun Jul Aug Sep Oct Nov Dec
1991: Jan Feb Mar Apr May Jun Jul Aug Sep Oct Nov Dec
1990: Jan Feb Mar Apr May Jun Jul Aug Sep Oct Nov Dec
1989: Jan Feb Mar Apr May Jun Jul Aug Sep Oct Nov Dec
1988: Jan Feb Mar Apr May Jun Jul Aug Sep Oct Nov Dec
1987: Jan Feb Mar Apr May Jun Jul Aug Sep Oct Nov Dec
1986: Jan Feb Mar Apr May Jun Jul Aug Sep Oct Nov Dec

Report for 2002 April
                  MONTHLY CLIMATOLOGICAL SUMMARY FOR 4/2002
                                        HEAT  COOL        
     MEAN                               DEG   DEG       WIND SPEED       DOM MEAN  MEAN
DAY  TEMP  HIGH   TIME     LOW   TIME   DAYS  DAYS RAIN AVG  HI  TIME    DIR BAROM HUM
---------------------------------------------------------------------------------------
1    55.5  73.9  3:53pm   30.9 11:53pm   0.3  0.0  0.00  20  39  00:00     W  28.7 25.4
2    22.9  30.2 12:30am   19.0  6:53am  38.4  0.0  0.00   9  16  00:00    NE  29.4 71.7
3    33.3  48.0  1:53pm   21.0  5:53am  24.3  0.0  0.00   7  14  00:00   SSE  29.0 37.5
4    41.4  63.0  3:53pm   23.0  5:53am  12.8  0.0  0.00   8  15  00:00   SSW  28.9 34.0
5    47.7  66.0  2:53pm   32.0  4:53am   8.1  0.0  0.00  10  18  00:00   ESE  28.9 32.5
6    55.8  71.1  1:53pm   41.0  2:53am   1.5  0.0  0.00  11  21  00:00     S  28.5 27.7
7    48.4  62.1  3:53pm   39.9  6:53am   9.7  0.0  0.00  13  25  00:00    SW  28.5 46.2
8    42.8  55.0  3:53pm   39.0  4:53am  16.1  0.0  0.00   9  17  00:00    SW  29.0 69.8
9    52.2  69.1  3:53pm   35.1  5:53am   4.3  0.0  0.00   9  16  00:00   SSE  28.8 39.2
10   57.1  69.1  1:53pm   48.0 10:53pm   1.9  0.0  0.00  12  23  00:00     S  28.7 29.0
11   47.9  62.1  1:53pm   39.9  5:53am  10.0  0.0  0.03  14  27  00:00   SSE  28.8 56.6
12   51.6  66.2  4:16pm   37.9  1:53am   6.1  0.0  0.00  12  23  00:00    SW  28.9 43.4
13   55.1  71.1  5:53pm   42.1  4:53am   1.9  0.0  0.00   7  13  00:00     W  28.8 31.6
14   62.4  79.0  2:53pm   50.0  3:53am   0.0  5.7  0.00  12  22  00:00     S  28.6 20.7
15   65.7  82.9  2:53pm   57.9  4:53am   0.0  9.3  0.00  16  31  00:00    SW  28.2 16.0
16   55.4  63.0 11:53am   45.0  9:53pm   5.8  0.0  0.00  20  39  00:00    SW  28.3 17.2
17   56.8  73.9  3:53pm   39.9  4:53am   0.0  0.4  0.00  21  41  00:00   SSW  28.4 20.4
18   48.7  68.0  2:53pm   33.1  6:53am   6.6  0.0  0.00  25  48  00:00    SW  28.7 35.6
19   32.3  48.0  2:53pm   21.2  5:33am  24.8  0.0  0.00  15  29  00:00     E  29.1 60.8
20   36.4  50.0  3:53pm   33.1 12:53am  21.8  0.0  0.09  17  32  00:00     S  29.1 76.1
21   41.1  57.0  3:53pm   28.4  3:24am  15.9  0.0  0.00  20  38  00:00   WSW  29.0 40.4
22   51.4  66.9  2:53pm   33.1  4:53am   5.8  0.0  0.00  16  30  00:00   WSW  28.8 18.8
23   59.6  75.9  2:53pm   43.0  3:53am   0.0  2.8  0.00  15  29  00:00   WSW  28.6 14.3
24   43.4  60.1  5:53pm   28.9  5:53am  13.2  0.0  0.00  16  31  00:00   ESE  29.0 39.0
25   41.9  57.0  5:53pm   30.9  5:53am  15.5  0.0  0.00   6  12  00:00   WNW  28.9 35.5
26   51.1  68.0  1:53pm   37.0  1:53am   5.4  0.0  0.00  13  24  00:00     W  28.6 44.0
27   47.9  64.9  3:53pm   41.0  5:53am   8.6  0.0  0.00  13  24  00:00     S  28.6 58.4
28   52.1  71.1  4:53pm   34.0  4:53am   3.4  0.0  0.00  10  20  00:00     S  28.7 39.5
29     56  73.0  2:53pm   39.0  3:53am   0.5  0.0  0.00  14  27  00:00     S  28.7 31.6
30   57.4  73.9  4:53pm   42.1  4:53am   0.0  0.7  0.00  14  27  00:00    SW  28.5 37.5