NOAA-Style Climate Reports

Select a Year or Month report
2018: Jan Feb Mar Apr May Jun Jul Aug Sep Oct Nov Dec
2017: Jan Feb Mar Apr May Jun Jul Aug Sep Oct Nov Dec
2016: Jan Feb Mar Apr May Jun Jul Aug Sep Oct Nov Dec
2015: Jan Feb Mar Apr May Jun Jul Aug Sep Oct Nov Dec
2014: Jan Feb Mar Apr May Jun Jul Aug Sep Oct Nov Dec
2013: Jan Feb Mar Apr May Jun Jul Aug Sep Oct Nov Dec
2012: Jan Feb Mar Apr May Jun Jul Aug Sep Oct Nov Dec
2011: Jan Feb Mar Apr May Jun Jul Aug Sep Oct Nov Dec
2010: Jan Feb Mar Apr May Jun Jul Aug Sep Oct Nov Dec
2009: Jan Feb Mar Apr May Jun Jul Aug Sep Oct Nov Dec
2008: Jan Feb Mar Apr May Jun Jul Aug Sep Oct Nov Dec
2007: Jan Feb Mar Apr May Jun Jul Aug Sep Oct Nov Dec
2006: Jan Feb Mar Apr May Jun Jul Aug Sep Oct Nov Dec
2005: Jan Feb Mar Apr May Jun Jul Aug Sep Oct Nov Dec
2004: Jan Feb Mar Apr May Jun Jul Aug Sep Oct Nov Dec
2003: Jan Feb Mar Apr May Jun Jul Aug Sep Oct Nov Dec
2002: Jan Feb Mar Apr May Jun Jul Aug Sep Oct Nov Dec
2001: Jan Feb Mar Apr May Jun Jul Aug Sep Oct Nov Dec
2000: Jan Feb Mar Apr May Jun Jul Aug Sep Oct Nov Dec
1999: Jan Feb Mar Apr May Jun Jul Aug Sep Oct Nov Dec
1998: Jan Feb Mar Apr May Jun Jul Aug Sep Oct Nov Dec
1997: Jan Feb Mar Apr May Jun Jul Aug Sep Oct Nov Dec
1996: Jan Feb Mar Apr May Jun Jul Aug Sep Oct Nov Dec
1995: Jan Feb Mar Apr May Jun Jul Aug Sep Oct Nov Dec
1994: Jan Feb Mar Apr May Jun Jul Aug Sep Oct Nov Dec
1993: Jan Feb Mar Apr May Jun Jul Aug Sep Oct Nov Dec
1992: Jan Feb Mar Apr May Jun Jul Aug Sep Oct Nov Dec
1991: Jan Feb Mar Apr May Jun Jul Aug Sep Oct Nov Dec
1990: Jan Feb Mar Apr May Jun Jul Aug Sep Oct Nov Dec
1989: Jan Feb Mar Apr May Jun Jul Aug Sep Oct Nov Dec
1988: Jan Feb Mar Apr May Jun Jul Aug Sep Oct Nov Dec
1987: Jan Feb Mar Apr May Jun Jul Aug Sep Oct Nov Dec
1986: Jan Feb Mar Apr May Jun Jul Aug Sep Oct Nov Dec

Report for 2002 May
                  MONTHLY CLIMATOLOGICAL SUMMARY FOR 5/2002
                                        HEAT  COOL        
     MEAN                               DEG   DEG       WIND SPEED       DOM MEAN  MEAN
DAY  TEMP  HIGH   TIME     LOW   TIME   DAYS  DAYS RAIN AVG  HI  TIME    DIR BAROM HUM
---------------------------------------------------------------------------------------
1    39.7  48.9  7:53am   30.9 11:53pm  20.7  0.0  0.04  10  18  00:00    SE  29.1 89.3
2    39.8  55.9  2:53pm   28.9  5:53am  17.1  0.0  0.04  13  24  00:00     S  28.9 68.7
3    53.6  69.1  3:53pm   39.9  5:53am   3.6  0.0  0.00  12  22  00:00   SSW  28.6 27.2
4    50.5  64.9  1:53pm   39.0  5:53am   7.3  0.0  0.00  16  31  00:00   ESE  28.9 46.3
5    60.6  77.0  2:53pm   46.0  5:53am   0.0  3.8  0.00  13  24  00:00    SE  28.7 27.8
6    59.4  77.0  1:53pm   42.1  3:53am   0.0  3.2  0.00  13  25  00:00   WSW  28.6 23.8
7    53.7  72.0 12:53pm   41.0  4:53am   2.1  0.0  0.00  10  18  00:00   WNW  28.5 56.6
8    45.7  57.0 10:53am   39.0  5:53am  13.6  0.0  0.00  14  28  00:00   ESE  28.8 53.4
9    43.9  60.1  4:53pm   28.0  5:53am  13.0  0.0  0.00  12  23  00:00   SSE  28.8 34.1
10   48.2  59.0  1:53pm   36.0  5:53am  11.4  0.0  0.00   9  16  00:00    SW  28.6 38.5
11   46.5  57.9 10:53am   39.0 10:53pm  12.8  0.0  0.01  14  27  00:00     S  29.0 69.3
12   39.1  50.0  5:53pm   37.0  5:53am  20.4  0.0  0.40   7  14  00:00    SW  29.6 82.0
13   50.5  69.1  4:53pm   33.1  2:53am   5.2  0.0  0.00   9  16  00:00    SE  29.1 41.7
14   58.5  73.0 12:53pm   46.0  3:53am   0.0  0.8  0.00   9  17  00:00    SW  28.7 32.5
15   57.7  72.0 10:53am   45.0  3:53am   0.1  0.0  0.00  14  28  00:00     E  28.7 41.0
16   44.7  50.0 12:53am   42.1  3:53am  17.6  0.0  0.46   7  14  00:00     W  29.4 87.3
17   48.3  59.0  2:53pm   44.1 12:53am  11.3  0.0  0.00  10  18  00:00    SW  29.3 78.1
18   56.1  75.9  4:53pm   42.1  5:53am   0.0  1.0  0.00  13  24  00:00    SW  28.8 58.4
19   56.7  69.1  5:53pm   46.0  5:53am   2.1  0.0  0.00  12  22  00:00   WNW  28.8 55.9
20     50  66.0  1:53pm   45.0  3:53am   7.0  0.0  0.00  11  21  00:00   WSW  29.1 75.0
21   63.2  84.0  3:53pm   53.1  1:53am   0.0  8.6  0.00  25  50  00:00     S  28.4 36.4
22   54.8  68.0  2:53pm   43.0  5:53am   3.6  0.0  0.00  17  32  00:00     S  28.6 15.6
23   47.3  64.9  2:53pm   37.0  4:53am   8.9  0.0  0.78  19  37  00:00     S  28.9 50.8
24   36.8  48.9  6:53pm   32.0  2:53am  22.1  0.0  0.72   7  13  00:00    SW  29.3 88.6
25   54.1  71.1  5:53pm   42.1 12:53am   2.4  0.0  0.00   6  12  00:00     S  28.8 43.1
26   60.3  75.9  3:53pm   44.1  5:53am   0.0  3.1  0.00  10  18  00:00    SW  28.7 31.9
27   62.2  77.0 11:53am   51.1  5:53am   0.0  4.6  0.00  20  38  00:00    SW  28.7 35.8
28   64.1  79.0  1:53pm   54.0  4:53am   0.0  6.6  0.00  10  18  00:00    SW  28.7 32.2
29   66.5  82.9 12:53pm   53.1  4:53am   0.0  9.7  0.00  13  25  00:00   WSW  28.7 31.2
30   71.1  90.0  4:53pm   50.0  5:53am   0.0 15.6  0.00  13  24  00:00   SSE  28.7 32.0
31   73.6  90.0 12:53pm   62.1  5:53am   0.0 16.8  0.00  12  22  00:00   SSE  28.6 28.4