NOAA-Style Climate Reports

Select a Year or Month report
2018: Jan Feb Mar Apr May Jun Jul Aug Sep Oct Nov Dec
2017: Jan Feb Mar Apr May Jun Jul Aug Sep Oct Nov Dec
2016: Jan Feb Mar Apr May Jun Jul Aug Sep Oct Nov Dec
2015: Jan Feb Mar Apr May Jun Jul Aug Sep Oct Nov Dec
2014: Jan Feb Mar Apr May Jun Jul Aug Sep Oct Nov Dec
2013: Jan Feb Mar Apr May Jun Jul Aug Sep Oct Nov Dec
2012: Jan Feb Mar Apr May Jun Jul Aug Sep Oct Nov Dec
2011: Jan Feb Mar Apr May Jun Jul Aug Sep Oct Nov Dec
2010: Jan Feb Mar Apr May Jun Jul Aug Sep Oct Nov Dec
2009: Jan Feb Mar Apr May Jun Jul Aug Sep Oct Nov Dec
2008: Jan Feb Mar Apr May Jun Jul Aug Sep Oct Nov Dec
2007: Jan Feb Mar Apr May Jun Jul Aug Sep Oct Nov Dec
2006: Jan Feb Mar Apr May Jun Jul Aug Sep Oct Nov Dec
2005: Jan Feb Mar Apr May Jun Jul Aug Sep Oct Nov Dec
2004: Jan Feb Mar Apr May Jun Jul Aug Sep Oct Nov Dec
2003: Jan Feb Mar Apr May Jun Jul Aug Sep Oct Nov Dec
2002: Jan Feb Mar Apr May Jun Jul Aug Sep Oct Nov Dec
2001: Jan Feb Mar Apr May Jun Jul Aug Sep Oct Nov Dec
2000: Jan Feb Mar Apr May Jun Jul Aug Sep Oct Nov Dec
1999: Jan Feb Mar Apr May Jun Jul Aug Sep Oct Nov Dec
1998: Jan Feb Mar Apr May Jun Jul Aug Sep Oct Nov Dec
1997: Jan Feb Mar Apr May Jun Jul Aug Sep Oct Nov Dec
1996: Jan Feb Mar Apr May Jun Jul Aug Sep Oct Nov Dec
1995: Jan Feb Mar Apr May Jun Jul Aug Sep Oct Nov Dec
1994: Jan Feb Mar Apr May Jun Jul Aug Sep Oct Nov Dec
1993: Jan Feb Mar Apr May Jun Jul Aug Sep Oct Nov Dec
1992: Jan Feb Mar Apr May Jun Jul Aug Sep Oct Nov Dec
1991: Jan Feb Mar Apr May Jun Jul Aug Sep Oct Nov Dec
1990: Jan Feb Mar Apr May Jun Jul Aug Sep Oct Nov Dec
1989: Jan Feb Mar Apr May Jun Jul Aug Sep Oct Nov Dec
1988: Jan Feb Mar Apr May Jun Jul Aug Sep Oct Nov Dec
1987: Jan Feb Mar Apr May Jun Jul Aug Sep Oct Nov Dec
1986: Jan Feb Mar Apr May Jun Jul Aug Sep Oct Nov Dec

Report for 2002 June
                  MONTHLY CLIMATOLOGICAL SUMMARY FOR 6/2002
                                        HEAT  COOL        
     MEAN                               DEG   DEG       WIND SPEED       DOM MEAN  MEAN
DAY  TEMP  HIGH   TIME     LOW   TIME   DAYS  DAYS RAIN AVG  HI  TIME    DIR BAROM HUM
---------------------------------------------------------------------------------------
1    75.9  93.9  1:53pm   61.0  4:53am   0.0 19.9  0.00  19  37  00:00    SW  28.6 26.7
2    75.1  93.0  2:53pm   64.9  1:53am   0.0 19.1  0.00  14  27  00:00   WSW  28.3 20.9
3    58.2  71.1 12:53pm   50.0 11:02pm   0.3  0.0  2.08  14  27  00:00    SE  29.1 72.9
4    49.4  57.0  5:53pm   48.2  1:09am  11.8  0.0  0.32   7  14  00:00   SSW  29.2 86.6
5    57.6  73.9  4:53pm   44.1  5:53am   0.0  0.8  0.00  13  24  00:00   SSE  28.9 55.4
6    67.3  82.9  3:53pm   55.0  2:53am   0.0 10.1  0.00   9  16  00:00     S  28.7 34.4
7    72.8  89.1  4:53pm   55.9  4:53am   0.0 16.0  0.00  31  61  00:00    SW  28.6 26.3
8    72.6  91.9  3:53pm   51.1  4:53am   0.0 17.3  0.00  16  31  00:00   SSW  28.5 32.9
9    79.6  91.4  1:10pm   69.1  5:53am   0.0 20.5  0.00  16  31  00:00    SW  28.6 16.5
10   62.1  75.2 12:53am   54.0 11:53pm   0.0  3.7  0.00  14  27  00:00     S  28.6 38.5
11   60.6  77.0  4:53pm   46.9  5:53am   0.0  3.8  0.00  12  22  00:00   SSE  28.8 49.8
12   63.7  81.0  3:53pm   51.8  5:53am   0.0  7.4  0.00  10  20  00:00   ESE  28.7 38.4
13   58.5  71.1  4:53pm   48.9  5:53am   0.2  0.0  0.00  10  20  00:00   SSE  29.0 52.6
14   62.2  79.0  1:53pm   48.0  4:53am   0.0  5.6  0.00   9  17  00:00   SSE  28.9 48.7
15   63.7  79.0 12:53pm   55.9  4:53am   0.0  6.4  0.00  13  24  00:00   SSW  28.7 50.5
16   63.9  79.0  1:53pm   52.0  5:53am   0.0  6.5  0.01  13  25  00:00     S  28.8 50.3
17     73  91.0  2:53pm   57.0  3:53am   0.0 17.0  0.00  11  21  00:00   SSW  28.5 25.8
18   75.1  93.2  2:53pm   57.0  5:53am   0.0 19.2  0.00  15  29  00:00     S  28.6 19.3
19   69.8  86.0  2:53pm   59.0 10:06pm   0.0 12.9  0.44  17  32  00:00    SE  28.8 38.0
20   65.5  80.6  5:53pm   55.9  5:53am   0.0  8.1  0.02  20  39  00:00     S  29.0 58.6
21   72.8  90.0 12:53pm   63.0 11:53pm   0.0 16.4  0.56  21  41  00:00     S  29.2 39.3
22   72.6  90.0  2:53pm   60.1 12:53am   0.0 16.3  0.00  15  29  00:00   WSW  28.7 39.0
23   73.9  90.0  3:53pm   62.1  6:53am   0.0 17.0  0.00  21  40  00:00   SSW  28.8 28.7
24   74.4  91.9  1:53pm   61.0  5:53am   0.0 18.2  0.00  21  40  00:00   SSW  28.8 27.3
25   71.7  91.0 11:53am   60.1 11:53pm   0.0 16.4  0.46  16  31  00:00   SSE  29.2 39.0
26   70.3  88.0  2:53pm   55.9  4:53am   0.0 14.2  0.00  11  21  00:00   SSE  28.8 38.9
27   72.4  90.0  1:53pm   60.1  5:53am   0.0 16.2  0.00  16  30  00:00   SSW  28.9 33.6
28   70.5  91.0  2:53pm   55.0  5:53am   0.0 15.8  0.94  25  48  00:00   SSW  28.9 42.1
29   75.6  93.9  4:53pm   63.0  2:53am   0.0 19.8  0.00   7  14  00:00     S  28.6 30.5
30   74.5  91.9  2:53pm   57.9  5:53am   0.0 18.2  0.00   9  16  00:00    SE  28.7 28.7