NOAA-Style Climate Reports

Select a Year or Month report
2018: Jan Feb Mar Apr May Jun Jul Aug Sep Oct Nov Dec
2017: Jan Feb Mar Apr May Jun Jul Aug Sep Oct Nov Dec
2016: Jan Feb Mar Apr May Jun Jul Aug Sep Oct Nov Dec
2015: Jan Feb Mar Apr May Jun Jul Aug Sep Oct Nov Dec
2014: Jan Feb Mar Apr May Jun Jul Aug Sep Oct Nov Dec
2013: Jan Feb Mar Apr May Jun Jul Aug Sep Oct Nov Dec
2012: Jan Feb Mar Apr May Jun Jul Aug Sep Oct Nov Dec
2011: Jan Feb Mar Apr May Jun Jul Aug Sep Oct Nov Dec
2010: Jan Feb Mar Apr May Jun Jul Aug Sep Oct Nov Dec
2009: Jan Feb Mar Apr May Jun Jul Aug Sep Oct Nov Dec
2008: Jan Feb Mar Apr May Jun Jul Aug Sep Oct Nov Dec
2007: Jan Feb Mar Apr May Jun Jul Aug Sep Oct Nov Dec
2006: Jan Feb Mar Apr May Jun Jul Aug Sep Oct Nov Dec
2005: Jan Feb Mar Apr May Jun Jul Aug Sep Oct Nov Dec
2004: Jan Feb Mar Apr May Jun Jul Aug Sep Oct Nov Dec
2003: Jan Feb Mar Apr May Jun Jul Aug Sep Oct Nov Dec
2002: Jan Feb Mar Apr May Jun Jul Aug Sep Oct Nov Dec
2001: Jan Feb Mar Apr May Jun Jul Aug Sep Oct Nov Dec
2000: Jan Feb Mar Apr May Jun Jul Aug Sep Oct Nov Dec
1999: Jan Feb Mar Apr May Jun Jul Aug Sep Oct Nov Dec
1998: Jan Feb Mar Apr May Jun Jul Aug Sep Oct Nov Dec
1997: Jan Feb Mar Apr May Jun Jul Aug Sep Oct Nov Dec
1996: Jan Feb Mar Apr May Jun Jul Aug Sep Oct Nov Dec
1995: Jan Feb Mar Apr May Jun Jul Aug Sep Oct Nov Dec
1994: Jan Feb Mar Apr May Jun Jul Aug Sep Oct Nov Dec
1993: Jan Feb Mar Apr May Jun Jul Aug Sep Oct Nov Dec
1992: Jan Feb Mar Apr May Jun Jul Aug Sep Oct Nov Dec
1991: Jan Feb Mar Apr May Jun Jul Aug Sep Oct Nov Dec
1990: Jan Feb Mar Apr May Jun Jul Aug Sep Oct Nov Dec
1989: Jan Feb Mar Apr May Jun Jul Aug Sep Oct Nov Dec
1988: Jan Feb Mar Apr May Jun Jul Aug Sep Oct Nov Dec
1987: Jan Feb Mar Apr May Jun Jul Aug Sep Oct Nov Dec
1986: Jan Feb Mar Apr May Jun Jul Aug Sep Oct Nov Dec

Report for 2002 July
                  MONTHLY CLIMATOLOGICAL SUMMARY FOR 7/2002
                                        HEAT  COOL        
     MEAN                               DEG   DEG       WIND SPEED       DOM MEAN  MEAN
DAY  TEMP  HIGH   TIME     LOW   TIME   DAYS  DAYS RAIN AVG  HI  TIME    DIR BAROM HUM
---------------------------------------------------------------------------------------
1    79.1  96.8  1:53pm   64.0  2:53am   0.0 23.0  0.00   7  13  00:00     S  28.6 25.9
2    77.5  93.0  3:53pm   66.0  5:53am   0.0 20.3  0.00  10  18  00:00     E  28.7 26.1
3    71.9  86.0 12:53pm   64.4  5:53am   0.0 14.0  0.00  16  31  00:00   WSW  28.8 37.8
4    69.4  87.1  2:53pm   59.0  4:53am   0.0 13.3  0.00  16  30  00:00   SSE  28.7 50.7
5    68.4  87.1  3:53pm   57.9  4:53am   0.0 12.8  0.73  17  32  00:00   SSW  28.9 58.6
6    65.2  81.0  4:53pm   59.0  6:15am   0.0  8.1  0.67   9  16  00:00     W  29.2 71.9
7    71.7  87.1  2:53pm   61.0  5:53am   0.0 14.4  0.00  10  18  00:00   SSE  28.9 52.3
8    73.2  91.0  4:53pm   57.9  5:53am   0.0 17.1  0.00   9  16  00:00   SSW  28.9 47.1
9    74.6  90.0  4:53pm   64.0  4:53am   0.0 17.3  0.00  13  25  00:00   SSE  28.9 38.4
10   68.6  84.9  1:53pm   63.0 11:53pm   0.0 11.8  0.15  17  33  00:00    SW  29.2 55.7
11   66.7  82.0  4:53pm   57.9  5:53am   0.0  9.4  0.00   9  17  00:00   WSW  29.0 52.1
12   69.7  88.0  3:53pm   55.9  5:53am   0.0 13.9  0.00  11  22  00:00     W  28.8 42.3
13     73  90.0  2:53pm   60.1  4:53am   0.0 16.5  0.00  12  23  00:00   SSE  28.8 27.8
14   75.1  91.9  2:53pm   60.1  4:53am   0.0 18.5  0.00  14  28  00:00   SSE  28.7 33.2
15   75.2  93.0  2:53pm   61.0  5:53am   0.0 19.1  0.00  14  27  00:00   SSE  28.6 36.7
16   74.9  91.9  1:53pm   61.0  4:53am   0.0 18.4  0.00  12  22  00:00     S  28.6 27.6
17   75.4  91.9  1:53pm   64.0  4:53am   0.0 18.7  0.00  10  20  00:00     S  28.7 26.4
18   75.9  95.0  4:53pm   59.0  5:53am   0.0 20.5  0.00   8  15  00:00   SSE  28.6 23.8
19     76  93.9  4:53pm   63.0  4:53am   0.0 20.0  0.00  13  25  00:00   SSW  28.6 25.5
20   76.2  93.9  3:53pm   69.1  4:53am   0.0 20.1  0.00  10  20  00:00   SSW  28.6 29.8
21   70.4  84.9  3:53pm   64.0 11:53pm   0.0 12.7  0.00  15  29  00:00   ESE  28.9 44.9
22   66.7  80.1  2:53pm   57.9  5:53am   0.0  8.4  0.00  10  18  00:00   SSE  29.1 54.9
23   70.7  84.0 12:53pm   62.1  5:53am   0.0 12.4  0.00  14  27  00:00   SSW  28.9 45.5
24   75.5  93.0  3:53pm   61.0  5:53am   0.0 19.3  0.00   9  17  00:00    SW  28.9 27.7
25   74.8  91.0 11:53am   66.9 11:53pm   0.0 17.9  0.00  16  30  00:00    SW  28.7 29.9
26   70.7  86.0  4:53pm   57.0  3:53am   0.0 13.4  0.00  10  18  00:00     S  28.7 37.2
27     72  88.0  2:53pm   60.1  4:53am   0.0 15.0  0.00  18  35  00:00    SW  28.7 29.5
28   71.6  88.0  2:53pm   60.1  4:53am   0.0 14.8  0.00   7  14  00:00   SSE  28.7 29.8
29   73.8  93.0  4:53pm   55.9  5:53am   0.0 18.4  0.00  10  20  00:00     S  28.7 28.3
30   76.8  93.9  2:53pm   62.1  5:53am   0.0 20.4  0.00  16  30  00:00   SSE  28.8 24.9
31   79.4  98.1  3:53pm   64.0  5:53am   0.0 23.8  0.00   9  16  00:00     S  28.6 18.4