NOAA-Style Climate Reports

Select a Year or Month report
2018: Jan Feb Mar Apr May Jun Jul Aug Sep Oct Nov Dec
2017: Jan Feb Mar Apr May Jun Jul Aug Sep Oct Nov Dec
2016: Jan Feb Mar Apr May Jun Jul Aug Sep Oct Nov Dec
2015: Jan Feb Mar Apr May Jun Jul Aug Sep Oct Nov Dec
2014: Jan Feb Mar Apr May Jun Jul Aug Sep Oct Nov Dec
2013: Jan Feb Mar Apr May Jun Jul Aug Sep Oct Nov Dec
2012: Jan Feb Mar Apr May Jun Jul Aug Sep Oct Nov Dec
2011: Jan Feb Mar Apr May Jun Jul Aug Sep Oct Nov Dec
2010: Jan Feb Mar Apr May Jun Jul Aug Sep Oct Nov Dec
2009: Jan Feb Mar Apr May Jun Jul Aug Sep Oct Nov Dec
2008: Jan Feb Mar Apr May Jun Jul Aug Sep Oct Nov Dec
2007: Jan Feb Mar Apr May Jun Jul Aug Sep Oct Nov Dec
2006: Jan Feb Mar Apr May Jun Jul Aug Sep Oct Nov Dec
2005: Jan Feb Mar Apr May Jun Jul Aug Sep Oct Nov Dec
2004: Jan Feb Mar Apr May Jun Jul Aug Sep Oct Nov Dec
2003: Jan Feb Mar Apr May Jun Jul Aug Sep Oct Nov Dec
2002: Jan Feb Mar Apr May Jun Jul Aug Sep Oct Nov Dec
2001: Jan Feb Mar Apr May Jun Jul Aug Sep Oct Nov Dec
2000: Jan Feb Mar Apr May Jun Jul Aug Sep Oct Nov Dec
1999: Jan Feb Mar Apr May Jun Jul Aug Sep Oct Nov Dec
1998: Jan Feb Mar Apr May Jun Jul Aug Sep Oct Nov Dec
1997: Jan Feb Mar Apr May Jun Jul Aug Sep Oct Nov Dec
1996: Jan Feb Mar Apr May Jun Jul Aug Sep Oct Nov Dec
1995: Jan Feb Mar Apr May Jun Jul Aug Sep Oct Nov Dec
1994: Jan Feb Mar Apr May Jun Jul Aug Sep Oct Nov Dec
1993: Jan Feb Mar Apr May Jun Jul Aug Sep Oct Nov Dec
1992: Jan Feb Mar Apr May Jun Jul Aug Sep Oct Nov Dec
1991: Jan Feb Mar Apr May Jun Jul Aug Sep Oct Nov Dec
1990: Jan Feb Mar Apr May Jun Jul Aug Sep Oct Nov Dec
1989: Jan Feb Mar Apr May Jun Jul Aug Sep Oct Nov Dec
1988: Jan Feb Mar Apr May Jun Jul Aug Sep Oct Nov Dec
1987: Jan Feb Mar Apr May Jun Jul Aug Sep Oct Nov Dec
1986: Jan Feb Mar Apr May Jun Jul Aug Sep Oct Nov Dec

Report for 2002 August
                  MONTHLY CLIMATOLOGICAL SUMMARY FOR 8/2002
                                        HEAT  COOL        
     MEAN                               DEG   DEG       WIND SPEED       DOM MEAN  MEAN
DAY  TEMP  HIGH   TIME     LOW   TIME   DAYS  DAYS RAIN AVG  HI  TIME    DIR BAROM HUM
---------------------------------------------------------------------------------------
1    66.2  75.0  3:53am   60.1  7:53am   0.0  5.6  0.00  17  32  00:00   SSE  29.0 29.5
2      71  88.0  1:53pm   60.1  5:53am   0.0 14.5  0.00  22  44  00:00    SW  28.8 32.5
3    68.5  82.9  1:53pm   62.1  5:53am   0.0 10.7  0.03   8  15  00:00    SW  28.8 52.0
4    68.2  84.0 12:53pm   59.0  5:53am   0.0 11.1  0.00  14  28  00:00     S  28.9 57.7
5    66.8  86.0  1:53pm   60.1  5:53am   0.0 11.4  0.09  10  20  00:00    SW  28.8 62.1
6    68.8  86.0 12:53pm   55.0  4:53am   0.0 12.4  0.16  13  24  00:00    SW  29.0 50.0
7    70.3  86.0  2:53pm   55.9  5:53am   0.0 13.2  0.00  14  27  00:00    SW  29.0 43.3
8    68.1  86.0 12:53pm   57.0  3:53am   0.0 12.1  0.12  22  44  00:00     S  29.0 47.4
9      64  81.0  3:53pm   55.4  6:20am   0.0  7.5  0.00  10  20  00:00    SW  28.9 54.6
10   71.3  89.1  2:53pm   55.9  5:53am   0.0 15.2  0.00  15  29  00:00     S  28.8 37.4
11   73.9  91.9  4:53pm   60.1  6:53am   0.0 17.9  0.00   9  17  00:00    SW  28.6 26.3
12   60.1  72.0  3:53pm   53.1 11:53pm   0.0  1.1  0.00  13  25  00:00     W  28.9 48.1
13   58.3  72.0  3:53pm   46.0  5:53am   0.0  0.2  0.00   6  12  00:00    SE  28.9 42.5
14   71.8  91.0  3:53pm   57.9  2:53am   0.0 16.4  0.00   9  17  00:00     S  28.6 24.7
15   65.5  88.0  4:53pm   55.0  6:53am   0.0 11.8  0.00  15  29  00:00   SSW  28.8 41.5
16   76.5  97.0  2:53pm   57.9  5:53am   0.0 21.8  0.00  16  30  00:00     S  28.6 26.6
17     65  86.0  2:53pm   52.0  5:53am   0.0 10.5  0.00  14  27  00:00     S  28.9 26.3
18   72.1  93.9 11:53am   57.0  3:53am   0.0 18.0  0.00  13  25  00:00     W  28.6 23.4
19   70.6  87.8  2:32pm   53.1  5:53am   0.0 14.2  0.00  19  37  00:00   WSW  28.9 31.5
20   68.6  82.0  3:53pm   64.0  4:53am   0.0 10.3  0.00  13  25  00:00    SW  28.4 42.9
21   66.5  84.0  1:53pm   60.1  9:53pm   0.0 10.3  0.03  14  28  00:00    SW  28.9 50.4
22   63.5  84.0  1:53pm   55.9 12:53am   0.0  8.8  1.00  18  35  00:00     S  29.0 49.3
23     67  82.9 12:53pm   52.0  4:53am   0.0 10.0  0.00  12  22  00:00   SSE  28.9 39.9
24   64.4  81.0  3:53pm   57.0  4:53am   0.0  7.7  0.00   9  17  00:00    SW  29.1 55.2
25   69.2  88.0  3:53pm   57.2  4:57am   0.0 13.6  0.00  13  25  00:00    SW  29.0 50.1
26   71.1  91.0  2:53pm   63.0  5:53am   0.0 16.1  0.00  17  33  00:00   SSE  29.0 41.9
27   63.2  80.1  2:53pm   55.9  3:53am   0.0  6.7  0.31  25  50  00:00   SSE  29.1 64.8
28     62  75.0  3:53pm   57.2  4:32am   0.0  3.5  0.71  13  25  00:00     S  29.1 68.8
29     62  81.0  1:53pm   55.9  6:53am   0.0  6.5  0.32  17  32  00:00    SW  29.0 64.3
30   65.4  82.0  2:53pm   51.1  5:53am   0.0  8.7  0.00  11  21  00:00   SSE  28.8 42.8
31   70.7  86.0  2:53pm   59.0  5:53am   0.0 13.4  0.00   8  15  00:00   SSW  28.8 32.0