NOAA-Style Climate Reports

Select a Year or Month report
2018: Jan Feb Mar Apr May Jun Jul Aug Sep Oct Nov Dec
2017: Jan Feb Mar Apr May Jun Jul Aug Sep Oct Nov Dec
2016: Jan Feb Mar Apr May Jun Jul Aug Sep Oct Nov Dec
2015: Jan Feb Mar Apr May Jun Jul Aug Sep Oct Nov Dec
2014: Jan Feb Mar Apr May Jun Jul Aug Sep Oct Nov Dec
2013: Jan Feb Mar Apr May Jun Jul Aug Sep Oct Nov Dec
2012: Jan Feb Mar Apr May Jun Jul Aug Sep Oct Nov Dec
2011: Jan Feb Mar Apr May Jun Jul Aug Sep Oct Nov Dec
2010: Jan Feb Mar Apr May Jun Jul Aug Sep Oct Nov Dec
2009: Jan Feb Mar Apr May Jun Jul Aug Sep Oct Nov Dec
2008: Jan Feb Mar Apr May Jun Jul Aug Sep Oct Nov Dec
2007: Jan Feb Mar Apr May Jun Jul Aug Sep Oct Nov Dec
2006: Jan Feb Mar Apr May Jun Jul Aug Sep Oct Nov Dec
2005: Jan Feb Mar Apr May Jun Jul Aug Sep Oct Nov Dec
2004: Jan Feb Mar Apr May Jun Jul Aug Sep Oct Nov Dec
2003: Jan Feb Mar Apr May Jun Jul Aug Sep Oct Nov Dec
2002: Jan Feb Mar Apr May Jun Jul Aug Sep Oct Nov Dec
2001: Jan Feb Mar Apr May Jun Jul Aug Sep Oct Nov Dec
2000: Jan Feb Mar Apr May Jun Jul Aug Sep Oct Nov Dec
1999: Jan Feb Mar Apr May Jun Jul Aug Sep Oct Nov Dec
1998: Jan Feb Mar Apr May Jun Jul Aug Sep Oct Nov Dec
1997: Jan Feb Mar Apr May Jun Jul Aug Sep Oct Nov Dec
1996: Jan Feb Mar Apr May Jun Jul Aug Sep Oct Nov Dec
1995: Jan Feb Mar Apr May Jun Jul Aug Sep Oct Nov Dec
1994: Jan Feb Mar Apr May Jun Jul Aug Sep Oct Nov Dec
1993: Jan Feb Mar Apr May Jun Jul Aug Sep Oct Nov Dec
1992: Jan Feb Mar Apr May Jun Jul Aug Sep Oct Nov Dec
1991: Jan Feb Mar Apr May Jun Jul Aug Sep Oct Nov Dec
1990: Jan Feb Mar Apr May Jun Jul Aug Sep Oct Nov Dec
1989: Jan Feb Mar Apr May Jun Jul Aug Sep Oct Nov Dec
1988: Jan Feb Mar Apr May Jun Jul Aug Sep Oct Nov Dec
1987: Jan Feb Mar Apr May Jun Jul Aug Sep Oct Nov Dec
1986: Jan Feb Mar Apr May Jun Jul Aug Sep Oct Nov Dec

Report for 2002 September
                  MONTHLY CLIMATOLOGICAL SUMMARY FOR 9/2002
                                        HEAT  COOL        
     MEAN                               DEG   DEG       WIND SPEED       DOM MEAN  MEAN
DAY  TEMP  HIGH   TIME     LOW   TIME   DAYS  DAYS RAIN AVG  HI  TIME    DIR BAROM HUM
---------------------------------------------------------------------------------------
1    69.9  84.9  4:53pm   62.1  2:53am   0.0 12.4  0.00   6  12  00:00    SW  28.6 24.8
2    69.6  84.0  4:53pm   63.0  5:53am   0.0 11.8  0.00  12  23  00:00   SSE  28.7 26.8
3    71.4  89.1  2:53pm   62.1  5:53am   0.0 15.3  0.04  20  38  00:00     S  28.9 35.2
4      71  86.0  1:53pm   63.0  3:53am   0.0 13.5  0.00  19  37  00:00    SW  28.9 30.6
5    72.3  89.1  2:53pm   59.0  6:53am   0.0 15.7  0.00  10  20  00:00   SSE  28.7 24.4
6    74.2  90.0  2:53pm   61.0  5:53am   0.0 17.1  0.00  17  32  00:00     S  28.6 29.4
7    71.9  90.0  1:53pm   60.1  6:53am   0.0 16.0  0.02  13  24  00:00   SSW  28.7 39.6
8    68.7  82.9 12:53pm   61.0  2:53am   0.0 10.8  0.00  13  24  00:00   SSW  28.8 46.3
9    59.2  69.1  1:53pm   57.0  9:53pm   0.8  0.0  0.14   8  15  00:00    SW  29.2 75.4
10   54.9  63.0  2:53pm   53.1  5:53am   6.0  0.0  0.16   9  16  00:00     S  29.0 74.6
11   58.9  73.0  1:53pm   53.1  5:53am   0.0  1.0  0.00   7  14  00:00   SSW  28.8 67.6
12   56.9  71.1  1:53pm   51.1  4:53am   1.0  0.0  0.19  11  21  00:00    SE  28.9 76.4
13   53.8  64.4  2:07pm   46.9  4:53am   5.9  0.0  0.07  13  24  00:00   WSW  29.0 77.2
14   58.5  71.1  1:53pm   52.0 12:53am   0.2  0.0  0.00  12  22  00:00   SSW  28.9 46.5
15   62.8  81.0  3:53pm   48.9  6:53am   0.0  6.9  0.00   9  16  00:00     S  28.9 33.7
16   65.6  84.0  2:53pm   52.0  6:53am   0.0  9.8  0.00  14  27  00:00     S  28.7 26.4
17     64  77.0  2:53pm   55.9 10:53pm   0.0  5.5  0.00  12  22  00:00   SSW  28.5 26.5
18   53.4  66.9 12:53pm   46.9  7:53pm   4.8  0.0  1.43  14  28  00:00    SW  28.7 58.4
19   50.2  62.1  4:53pm   43.0  5:53am   8.8  0.0  0.00   5   9  00:00   WSW  28.7 56.4
20   60.4  77.0  3:53pm   48.9 12:53am   0.0  3.7  0.00   7  13  00:00   WSW  28.6 33.4
21   49.8  64.0  3:53pm   42.8 11:57pm   8.1  0.0  0.00   9  17  00:00   SSE  29.0 58.0
22   50.9  70.0  4:53pm   37.0  6:53am   4.5  0.0  0.00   6  10  00:00   SSW  29.0 54.4
23   52.7  71.1  3:53pm   42.1  5:53am   3.1  0.0  0.00  12  23  00:00   SSW  29.0 44.0
24   60.1  79.0  1:53pm   43.0  5:53am   0.0  4.6  0.00  10  20  00:00     S  28.8 37.0
25   48.8  57.0  3:53pm   43.0  5:53am  12.1  0.0  0.00   9  16  00:00   SSW  28.8 55.1
26   48.5  64.0  5:53pm   44.1  1:53am   8.7  0.0  0.28   7  13  00:00   SSW  29.1 78.6
27   56.8  72.0 11:53am   45.0  1:53am   0.6  0.0  0.00  17  32  00:00     S  28.7 43.8
28   54.7  64.9  3:53pm   48.9  8:53am   5.2  0.0  0.00  12  22  00:00    SW  28.8 53.7
29   59.4  75.9  2:53pm   48.0  3:53am   0.0  2.7  0.00  14  28  00:00    SW  28.7 37.2
30   58.5  73.9  3:53pm   48.0  3:53am   0.0  1.2  0.00   9  16  00:00   SSW  28.6 31.9