NOAA-Style Climate Reports

Select a Year or Month report
2018: Jan Feb Mar Apr May Jun Jul Aug Sep Oct Nov Dec
2017: Jan Feb Mar Apr May Jun Jul Aug Sep Oct Nov Dec
2016: Jan Feb Mar Apr May Jun Jul Aug Sep Oct Nov Dec
2015: Jan Feb Mar Apr May Jun Jul Aug Sep Oct Nov Dec
2014: Jan Feb Mar Apr May Jun Jul Aug Sep Oct Nov Dec
2013: Jan Feb Mar Apr May Jun Jul Aug Sep Oct Nov Dec
2012: Jan Feb Mar Apr May Jun Jul Aug Sep Oct Nov Dec
2011: Jan Feb Mar Apr May Jun Jul Aug Sep Oct Nov Dec
2010: Jan Feb Mar Apr May Jun Jul Aug Sep Oct Nov Dec
2009: Jan Feb Mar Apr May Jun Jul Aug Sep Oct Nov Dec
2008: Jan Feb Mar Apr May Jun Jul Aug Sep Oct Nov Dec
2007: Jan Feb Mar Apr May Jun Jul Aug Sep Oct Nov Dec
2006: Jan Feb Mar Apr May Jun Jul Aug Sep Oct Nov Dec
2005: Jan Feb Mar Apr May Jun Jul Aug Sep Oct Nov Dec
2004: Jan Feb Mar Apr May Jun Jul Aug Sep Oct Nov Dec
2003: Jan Feb Mar Apr May Jun Jul Aug Sep Oct Nov Dec
2002: Jan Feb Mar Apr May Jun Jul Aug Sep Oct Nov Dec
2001: Jan Feb Mar Apr May Jun Jul Aug Sep Oct Nov Dec
2000: Jan Feb Mar Apr May Jun Jul Aug Sep Oct Nov Dec
1999: Jan Feb Mar Apr May Jun Jul Aug Sep Oct Nov Dec
1998: Jan Feb Mar Apr May Jun Jul Aug Sep Oct Nov Dec
1997: Jan Feb Mar Apr May Jun Jul Aug Sep Oct Nov Dec
1996: Jan Feb Mar Apr May Jun Jul Aug Sep Oct Nov Dec
1995: Jan Feb Mar Apr May Jun Jul Aug Sep Oct Nov Dec
1994: Jan Feb Mar Apr May Jun Jul Aug Sep Oct Nov Dec
1993: Jan Feb Mar Apr May Jun Jul Aug Sep Oct Nov Dec
1992: Jan Feb Mar Apr May Jun Jul Aug Sep Oct Nov Dec
1991: Jan Feb Mar Apr May Jun Jul Aug Sep Oct Nov Dec
1990: Jan Feb Mar Apr May Jun Jul Aug Sep Oct Nov Dec
1989: Jan Feb Mar Apr May Jun Jul Aug Sep Oct Nov Dec
1988: Jan Feb Mar Apr May Jun Jul Aug Sep Oct Nov Dec
1987: Jan Feb Mar Apr May Jun Jul Aug Sep Oct Nov Dec
1986: Jan Feb Mar Apr May Jun Jul Aug Sep Oct Nov Dec

Report for 2002 October
                  MONTHLY CLIMATOLOGICAL SUMMARY FOR 10/2002
                                        HEAT  COOL        
     MEAN                               DEG   DEG       WIND SPEED       DOM MEAN  MEAN
DAY  TEMP  HIGH   TIME     LOW   TIME   DAYS  DAYS RAIN AVG  HI  TIME    DIR BAROM HUM
---------------------------------------------------------------------------------------
1    49.2  62.1  3:53pm   42.1 11:53pm   9.3  0.0  0.41  10  20  00:00   WNW  28.8 58.9
2    38.1  42.1  2:53pm   37.0  8:53am  24.9  0.0  0.06   7  13  00:00   ENE  29.5 92.4
3    43.5  61.0  1:53pm   37.9 12:53am  12.7  0.0  0.00  24  46  00:00    SW  28.8 73.3
4    45.5  59.0  2:53pm   33.1  2:53am  12.7  0.0  0.00   7  13  00:00    SE  28.8 57.5
5    50.9  66.0  3:53pm   37.9  5:53am   6.5  0.0  0.00   8  15  00:00   SSW  28.8 46.3
6    49.4  64.9  3:53pm   39.9  5:53am   7.8  0.0  0.00   7  14  00:00   SSW  29.0 47.2
7    53.4  72.0  2:53pm   37.9  4:53am   2.3  0.0  0.00   7  14  00:00    SE  28.8 43.4
8    53.2  69.1  2:53pm   44.1  5:53am   3.8  0.0  0.00   9  18  00:00    SE  28.9 47.0
9      52  71.1  3:53pm   39.9  3:53am   3.4  0.0  0.00   7  13  00:00    SW  28.8 54.5
10   56.9  75.0  2:53pm   43.0  4:53am   0.0  1.0  0.00   5   8  00:00   SSE  28.7 30.2
11   59.6  79.0  1:53pm   45.0 11:53pm   0.0  4.3  0.00  12  23  00:00     S  28.7 25.6
12     39  51.1  3:53pm   33.8  9:45am  19.9  0.0  0.00   9  16  00:00     E  29.3 62.2
13   45.2  66.0  4:53pm   30.0  4:53am   9.4  0.0  0.00   9  16  00:00   SSE  29.1 47.7
14   46.5  59.0  2:53pm   36.0 10:53pm  12.2  0.0  0.00  14  28  00:00    SE  29.0 26.4
15   41.9  57.9  3:53pm   30.9  6:53am  15.1  0.0  0.00   7  14  00:00   SSW  28.9 34.2
16   41.6  52.0  2:53pm   33.1 11:53pm  18.2  0.0  0.00  15  29  00:00   SSE  28.9 38.4
17   45.8  69.1  3:53pm   30.0  1:53am   7.5  0.0  0.00   6  13  00:00    SE  28.7 34.1
18   48.6  66.9  1:53pm   34.0  4:53am   7.2  0.0  0.00   8  15  00:00    SE  28.7 26.5
19   45.5  63.0  2:53pm   32.0  7:53am  10.7  0.0  0.00   7  13  00:00     S  28.8 35.8
20   48.9  66.9  1:53pm   36.0  4:53am   7.1  0.0  0.00   6  12  00:00     S  28.7 26.4
21   43.7  60.1  3:53pm   35.1  6:53am  13.1  0.0  0.00   8  15  00:00   WSW  28.8 41.5
22   31.2  44.1  7:53am   26.1  9:53pm  27.3  0.0  0.00  13  25  00:00     E  29.5 82.7
23   27.2  28.9  9:53am   26.1  6:53am  36.9  0.0  0.00   5   9  00:00   SSW  29.6 90.9
24   29.7  37.9  4:53pm   26.1 11:53pm  31.2  0.0  0.01   5   8  00:00   SSE  29.4 87.9
25   39.2  55.9  2:53pm   26.1 12:53am  17.4  0.0  0.00   5   9  00:00   SSE  28.8 49.7
26   42.1  57.9  3:53pm   32.0  7:53am  15.0  0.0  0.19   7  14  00:00     S  28.7 54.8
27   39.4  45.0 12:53pm   36.0  9:53pm  22.8  0.0  0.02   6  10  00:00     W  28.9 82.2
28   41.7  55.0 12:53pm   32.0  3:53am  16.6  0.0  0.03  15  29  00:00   ESE  28.8 57.7
29   23.6  34.0 12:53am   17.1 11:53pm  36.2  0.0  0.00  13  25  00:00   NNW  29.4 91.7
30   15.9  18.0 10:53am   14.0  5:53am  48.0  0.0  0.01   5   9  00:00   ENE  29.4 85.0
31   17.4  21.2  9:39am   16.0  2:53am  45.7  0.0  0.07   6  10  00:00   WSW  29.6 90.3