NOAA-Style Climate Reports

Select a Year or Month report
2018: Jan Feb Mar Apr May Jun Jul Aug Sep Oct Nov Dec
2017: Jan Feb Mar Apr May Jun Jul Aug Sep Oct Nov Dec
2016: Jan Feb Mar Apr May Jun Jul Aug Sep Oct Nov Dec
2015: Jan Feb Mar Apr May Jun Jul Aug Sep Oct Nov Dec
2014: Jan Feb Mar Apr May Jun Jul Aug Sep Oct Nov Dec
2013: Jan Feb Mar Apr May Jun Jul Aug Sep Oct Nov Dec
2012: Jan Feb Mar Apr May Jun Jul Aug Sep Oct Nov Dec
2011: Jan Feb Mar Apr May Jun Jul Aug Sep Oct Nov Dec
2010: Jan Feb Mar Apr May Jun Jul Aug Sep Oct Nov Dec
2009: Jan Feb Mar Apr May Jun Jul Aug Sep Oct Nov Dec
2008: Jan Feb Mar Apr May Jun Jul Aug Sep Oct Nov Dec
2007: Jan Feb Mar Apr May Jun Jul Aug Sep Oct Nov Dec
2006: Jan Feb Mar Apr May Jun Jul Aug Sep Oct Nov Dec
2005: Jan Feb Mar Apr May Jun Jul Aug Sep Oct Nov Dec
2004: Jan Feb Mar Apr May Jun Jul Aug Sep Oct Nov Dec
2003: Jan Feb Mar Apr May Jun Jul Aug Sep Oct Nov Dec
2002: Jan Feb Mar Apr May Jun Jul Aug Sep Oct Nov Dec
2001: Jan Feb Mar Apr May Jun Jul Aug Sep Oct Nov Dec
2000: Jan Feb Mar Apr May Jun Jul Aug Sep Oct Nov Dec
1999: Jan Feb Mar Apr May Jun Jul Aug Sep Oct Nov Dec
1998: Jan Feb Mar Apr May Jun Jul Aug Sep Oct Nov Dec
1997: Jan Feb Mar Apr May Jun Jul Aug Sep Oct Nov Dec
1996: Jan Feb Mar Apr May Jun Jul Aug Sep Oct Nov Dec
1995: Jan Feb Mar Apr May Jun Jul Aug Sep Oct Nov Dec
1994: Jan Feb Mar Apr May Jun Jul Aug Sep Oct Nov Dec
1993: Jan Feb Mar Apr May Jun Jul Aug Sep Oct Nov Dec
1992: Jan Feb Mar Apr May Jun Jul Aug Sep Oct Nov Dec
1991: Jan Feb Mar Apr May Jun Jul Aug Sep Oct Nov Dec
1990: Jan Feb Mar Apr May Jun Jul Aug Sep Oct Nov Dec
1989: Jan Feb Mar Apr May Jun Jul Aug Sep Oct Nov Dec
1988: Jan Feb Mar Apr May Jun Jul Aug Sep Oct Nov Dec
1987: Jan Feb Mar Apr May Jun Jul Aug Sep Oct Nov Dec
1986: Jan Feb Mar Apr May Jun Jul Aug Sep Oct Nov Dec

Report for 2002 November
                  MONTHLY CLIMATOLOGICAL SUMMARY FOR 11/2002
                                        HEAT  COOL        
     MEAN                               DEG   DEG       WIND SPEED       DOM MEAN  MEAN
DAY  TEMP  HIGH   TIME     LOW   TIME   DAYS  DAYS RAIN AVG  HI  TIME    DIR BAROM HUM
---------------------------------------------------------------------------------------
1    19.2  24.1  1:53pm   17.1 12:53am  43.3  0.0  0.03   5   8  00:00   ESE  29.4 87.2
2    24.4  30.2 12:15pm   18.0  6:53am  37.7  0.0  0.13   6  12  00:00    SW  29.4 83.6
3    26.9  39.0  1:53pm   18.0  6:53am  32.0  0.0  0.03   6  12  00:00    SE  29.3 64.0
4    30.8  42.1  1:53pm   24.1  5:53am  28.5  0.0  0.00   7  13  00:00     S  28.7 55.0
5    36.4  50.0  1:53pm   25.0  6:53am  21.8  0.0  0.00  12  22  00:00   WNW  28.9 39.0
6    44.8  62.1  1:53pm   34.0  4:53am  11.5  0.0  0.00   9  16  00:00     S  29.0 30.2
7    48.8  66.9  2:53pm   34.0 12:53am   7.1  0.0  0.00  13  24  00:00   SSW  28.7 21.5
8    49.5  64.9 12:53pm   36.0  5:53am   7.8  0.0  0.00  15  29  00:00    SW  28.4 30.6
9    43.8  55.9 10:53am   37.0 11:53pm  15.1  0.0  0.00  14  27  00:00   WNW  28.3 43.9
10   37.4  46.9 12:53pm   32.0  6:53am  22.8  0.0  0.00   9  17  00:00     W  28.6 31.5
11   30.6  41.0 12:53pm   25.0  8:53pm  29.2  0.0  0.00   9  17  00:00     S  29.0 52.7
12   35.6  52.0  1:53pm   21.0  4:53am  21.2  0.0  0.00   6  12  00:00   SSW  29.1 29.4
13   43.4  54.0 12:53pm   37.4  9:35pm  16.3  0.0  0.20   8  15  00:00    SE  29.0 44.9
14   35.3  44.1  1:53pm   30.9  9:53pm  25.3  0.0  0.10   6  10  00:00   SSE  29.0 72.1
15   31.2  39.0  2:53pm   27.0 10:53pm  29.9  0.0  0.13   8  15  00:00    NW  29.6 81.7
16   36.8  55.0  1:53pm   23.0  5:53am  19.1  0.0  0.00   9  17  00:00   WSW  29.0 35.8
17   46.2  60.1 11:53am   37.9  4:53am  11.8  0.0  0.00  12  23  00:00    SE  28.7 27.2
18   39.4  53.1  2:53pm   28.0  6:53am  18.7  0.0  0.00  12  23  00:00    SW  29.0 35.6
19     42  55.0  1:53pm   34.0  3:53am  16.5  0.0  0.00   7  14  00:00     W  29.0 27.5
20   42.3  57.0  1:53pm   30.9  6:53am  15.3  0.0  0.00   6  12  00:00     S  29.1 42.5
21     42  57.9 12:53pm   33.1  6:53am  15.0  0.0  0.00   6  10  00:00     S  29.1 50.7
22   49.9  68.0 10:53am   37.0  4:53am   6.0  0.0  0.00   8  15  00:00   SSW  28.9 28.1
23   36.8  48.0 12:53pm   26.1 11:53pm  22.6  0.0  0.00  10  18  00:00     W  28.8 60.2
24   21.6  28.0 12:53am   17.6  7:11am  40.2  0.0  0.00  10  18  00:00   SSE  29.6 86.6
25   21.5  34.0  2:53pm   14.0  7:17am  37.2  0.0  0.18   7  13  00:00   SSW  29.4 80.4
26   19.9  32.0  2:53pm    9.0  5:53am  39.0  0.0  0.00   7  13  00:00   SSE  29.2 56.7
27   30.6  45.0  1:53pm   19.9  1:53am  27.2  0.0  0.00   8  15  00:00   SSW  29.1 43.9
28   40.3  59.0  1:53pm   27.0 12:53am  15.3  0.0  0.00   6  12  00:00     S  29.1 42.1
29   41.4  59.0 10:53am   30.9 11:53pm  14.8  0.0  0.00   7  14  00:00    SE  28.9 44.0
30   31.8  45.0  2:53pm   25.0  4:53am  26.6  0.0  0.00   7  13  00:00     S  29.1 46.7