NOAA-Style Climate Reports

Select a Year or Month report
2018: Jan Feb Mar Apr May Jun Jul Aug Sep Oct Nov Dec
2017: Jan Feb Mar Apr May Jun Jul Aug Sep Oct Nov Dec
2016: Jan Feb Mar Apr May Jun Jul Aug Sep Oct Nov Dec
2015: Jan Feb Mar Apr May Jun Jul Aug Sep Oct Nov Dec
2014: Jan Feb Mar Apr May Jun Jul Aug Sep Oct Nov Dec
2013: Jan Feb Mar Apr May Jun Jul Aug Sep Oct Nov Dec
2012: Jan Feb Mar Apr May Jun Jul Aug Sep Oct Nov Dec
2011: Jan Feb Mar Apr May Jun Jul Aug Sep Oct Nov Dec
2010: Jan Feb Mar Apr May Jun Jul Aug Sep Oct Nov Dec
2009: Jan Feb Mar Apr May Jun Jul Aug Sep Oct Nov Dec
2008: Jan Feb Mar Apr May Jun Jul Aug Sep Oct Nov Dec
2007: Jan Feb Mar Apr May Jun Jul Aug Sep Oct Nov Dec
2006: Jan Feb Mar Apr May Jun Jul Aug Sep Oct Nov Dec
2005: Jan Feb Mar Apr May Jun Jul Aug Sep Oct Nov Dec
2004: Jan Feb Mar Apr May Jun Jul Aug Sep Oct Nov Dec
2003: Jan Feb Mar Apr May Jun Jul Aug Sep Oct Nov Dec
2002: Jan Feb Mar Apr May Jun Jul Aug Sep Oct Nov Dec
2001: Jan Feb Mar Apr May Jun Jul Aug Sep Oct Nov Dec
2000: Jan Feb Mar Apr May Jun Jul Aug Sep Oct Nov Dec
1999: Jan Feb Mar Apr May Jun Jul Aug Sep Oct Nov Dec
1998: Jan Feb Mar Apr May Jun Jul Aug Sep Oct Nov Dec
1997: Jan Feb Mar Apr May Jun Jul Aug Sep Oct Nov Dec
1996: Jan Feb Mar Apr May Jun Jul Aug Sep Oct Nov Dec
1995: Jan Feb Mar Apr May Jun Jul Aug Sep Oct Nov Dec
1994: Jan Feb Mar Apr May Jun Jul Aug Sep Oct Nov Dec
1993: Jan Feb Mar Apr May Jun Jul Aug Sep Oct Nov Dec
1992: Jan Feb Mar Apr May Jun Jul Aug Sep Oct Nov Dec
1991: Jan Feb Mar Apr May Jun Jul Aug Sep Oct Nov Dec
1990: Jan Feb Mar Apr May Jun Jul Aug Sep Oct Nov Dec
1989: Jan Feb Mar Apr May Jun Jul Aug Sep Oct Nov Dec
1988: Jan Feb Mar Apr May Jun Jul Aug Sep Oct Nov Dec
1987: Jan Feb Mar Apr May Jun Jul Aug Sep Oct Nov Dec
1986: Jan Feb Mar Apr May Jun Jul Aug Sep Oct Nov Dec

Report for 2002 December
                  MONTHLY CLIMATOLOGICAL SUMMARY FOR 12/2002
                                        HEAT  COOL        
     MEAN                               DEG   DEG       WIND SPEED       DOM MEAN  MEAN
DAY  TEMP  HIGH   TIME     LOW   TIME   DAYS  DAYS RAIN AVG  HI  TIME    DIR BAROM HUM
---------------------------------------------------------------------------------------
1    38.6  55.9 12:53pm   26.1  3:53am  17.7  0.0  0.00   5   9  00:00    SW  28.8 43.0
2    40.7  57.0  1:53pm   30.9  5:53am  16.1  0.0  0.00  10  20  00:00   SSW  28.8 41.4
3    29.3  37.9 12:53am   27.0  6:53am  31.4  0.0  0.00   9  16  00:00   WNW  29.3 82.7
4    27.8  33.1  3:53pm   23.0  7:53pm  34.5  0.0  0.00   6  10  00:00   ESE  29.3 84.7
5    29.9  45.0  2:53pm   24.1  2:53am  27.5  0.0  0.00   7  14  00:00   SSW  29.3 72.7
6      32  46.9 12:53pm   23.0  1:53am  25.5  0.0  0.00   7  13  00:00   SSE  29.0 42.9
7    31.4  45.0  1:53pm   25.0  2:53am  26.8  0.0  0.00   6  12  00:00     W  29.0 44.5
8    30.1  39.9  2:53pm   25.0  9:53pm  30.0  0.0  0.00   7  14  00:00    SW  29.1 53.7
9    35.9  54.0  1:53pm   24.1 10:53pm  20.0  0.0  0.00   8  15  00:00     S  29.0 28.0
10   35.9  54.0 12:53pm   26.1  2:53am  20.0  0.0  0.00   6  10  00:00     S  28.8 20.8
11   30.9  46.0 12:53pm   24.1  1:53am  26.5  0.0  0.00   6  10  00:00   WSW  28.8 34.8
12   28.2  37.9  2:53pm   17.1  6:53am  31.9  0.0  0.00   8  15  00:00   SSE  28.9 42.8
13   38.2  55.9 12:53pm   28.0  4:53am  17.9  0.0  0.00  11  21  00:00   WSW  28.8 32.6
14   40.4  57.0  2:53pm   30.9  2:53am  16.3  0.0  0.00   7  14  00:00   SSW  28.8 25.5
15   43.6  60.1  2:53pm   28.0 11:53pm  13.1  0.0  0.00  12  23  00:00    SW  28.6 22.4
16   40.4  57.0 12:53pm   27.0  6:53am  16.3  0.0  0.00  11  21  00:00     S  28.5 23.6
17   36.2  48.0 11:53am   28.9 11:53pm  22.9  0.0  0.00   8  15  00:00    SE  28.4 55.5
18   27.5  39.9 11:53am   21.2 11:07pm  31.3  0.0  0.00   8  15  00:00   ESE  28.7 65.3
19   22.8  35.1 11:53am   15.1 10:53pm  36.0  0.0  0.00  14  27  00:00     W  28.7 46.7
20   27.9  45.0 12:53pm   15.1  4:53am  28.5  0.0  0.00   7  14  00:00     S  28.7 35.6
21   27.3  39.2  1:53pm   18.0  7:53am  31.7  0.0  0.00  10  20  00:00   WNW  28.7 36.6
22   25.8  39.9 12:53pm   18.0  3:53am  32.1  0.0  0.00   7  13  00:00     S  28.9 39.7
23   20.1  27.0  2:53pm   14.0 11:53pm  41.4  0.0  0.00   6  10  00:00     S  29.2 76.4
24   18.8  32.0 12:53pm   10.0  2:53am  39.6  0.0  0.00   6  12  00:00   SSW  29.0 66.6
25   21.9  36.0 12:53pm   10.9 10:53pm  36.0  0.0  0.00   5  10  00:00   SSE  28.9 45.6
26   24.3  37.9  1:53pm   10.9  4:53am  33.9  0.0  0.00  12  22  00:00   WSW  29.0 33.1
27   38.7  51.1 11:53am   25.0  1:53am  20.1  0.0  0.00  12  23  00:00    SW  29.0 27.4
28   45.6  60.1  2:53pm   37.0  1:53am  12.1  0.0  0.00  10  20  00:00    SW  28.8 24.9
29   45.4  60.1 12:53pm   37.9  6:53pm  12.2  0.0  0.00  13  24  00:00   SSW  28.4 17.5
30   31.7  43.0  1:53pm   23.0  7:53am  27.6  0.0  0.00   5   9  00:00    SE  28.7 34.1
31   35.6  54.0  2:53pm   26.1  6:53am  20.2  0.0  0.00  10  20  00:00    SW  28.8 41.6