NOAA-Style Climate Reports

Select a Year or Month report
2018: Jan Feb Mar Apr May Jun Jul Aug Sep Oct Nov Dec
2017: Jan Feb Mar Apr May Jun Jul Aug Sep Oct Nov Dec
2016: Jan Feb Mar Apr May Jun Jul Aug Sep Oct Nov Dec
2015: Jan Feb Mar Apr May Jun Jul Aug Sep Oct Nov Dec
2014: Jan Feb Mar Apr May Jun Jul Aug Sep Oct Nov Dec
2013: Jan Feb Mar Apr May Jun Jul Aug Sep Oct Nov Dec
2012: Jan Feb Mar Apr May Jun Jul Aug Sep Oct Nov Dec
2011: Jan Feb Mar Apr May Jun Jul Aug Sep Oct Nov Dec
2010: Jan Feb Mar Apr May Jun Jul Aug Sep Oct Nov Dec
2009: Jan Feb Mar Apr May Jun Jul Aug Sep Oct Nov Dec
2008: Jan Feb Mar Apr May Jun Jul Aug Sep Oct Nov Dec
2007: Jan Feb Mar Apr May Jun Jul Aug Sep Oct Nov Dec
2006: Jan Feb Mar Apr May Jun Jul Aug Sep Oct Nov Dec
2005: Jan Feb Mar Apr May Jun Jul Aug Sep Oct Nov Dec
2004: Jan Feb Mar Apr May Jun Jul Aug Sep Oct Nov Dec
2003: Jan Feb Mar Apr May Jun Jul Aug Sep Oct Nov Dec
2002: Jan Feb Mar Apr May Jun Jul Aug Sep Oct Nov Dec
2001: Jan Feb Mar Apr May Jun Jul Aug Sep Oct Nov Dec
2000: Jan Feb Mar Apr May Jun Jul Aug Sep Oct Nov Dec
1999: Jan Feb Mar Apr May Jun Jul Aug Sep Oct Nov Dec
1998: Jan Feb Mar Apr May Jun Jul Aug Sep Oct Nov Dec
1997: Jan Feb Mar Apr May Jun Jul Aug Sep Oct Nov Dec
1996: Jan Feb Mar Apr May Jun Jul Aug Sep Oct Nov Dec
1995: Jan Feb Mar Apr May Jun Jul Aug Sep Oct Nov Dec
1994: Jan Feb Mar Apr May Jun Jul Aug Sep Oct Nov Dec
1993: Jan Feb Mar Apr May Jun Jul Aug Sep Oct Nov Dec
1992: Jan Feb Mar Apr May Jun Jul Aug Sep Oct Nov Dec
1991: Jan Feb Mar Apr May Jun Jul Aug Sep Oct Nov Dec
1990: Jan Feb Mar Apr May Jun Jul Aug Sep Oct Nov Dec
1989: Jan Feb Mar Apr May Jun Jul Aug Sep Oct Nov Dec
1988: Jan Feb Mar Apr May Jun Jul Aug Sep Oct Nov Dec
1987: Jan Feb Mar Apr May Jun Jul Aug Sep Oct Nov Dec
1986: Jan Feb Mar Apr May Jun Jul Aug Sep Oct Nov Dec

Report for 2003 January
                  MONTHLY CLIMATOLOGICAL SUMMARY FOR 1/2003
                                        HEAT  COOL        
     MEAN                               DEG   DEG       WIND SPEED       DOM MEAN  MEAN
DAY  TEMP  HIGH   TIME     LOW   TIME   DAYS  DAYS RAIN AVG  HI  TIME    DIR BAROM HUM
---------------------------------------------------------------------------------------
1      30  37.9 12:53pm   19.0 10:53pm  31.0  0.0  0.01  17  33  00:00    NW  29.3 83.3
2    33.4  51.1 12:53pm   19.9  4:53am  22.7  0.0  0.00  13  24  00:00     W  29.0 42.1
3    43.8  57.9 12:53pm   33.1  6:53am  14.1  0.0  0.00  14  27  00:00     W  28.9 40.7
4    39.7  53.1  2:53pm   34.0  5:53am  18.6  0.0  0.00   8  15  00:00    SW  28.9 48.8
5    40.9  48.0 10:53am   34.0  4:53am  20.5  0.0  0.00   8  15  00:00    SE  28.9 49.6
6    34.2  44.1  2:53pm   30.0  8:53pm  25.8  0.0  0.04   6  10  00:00    SW  29.4 75.1
7      41  63.0  2:53pm   28.0  6:53am  13.0  0.0  0.00   5   9  00:00     S  29.2 37.0
8    45.7  66.9 12:53pm   34.0  3:53am   8.7  0.0  0.00   7  13  00:00    SW  28.8 31.1
9    25.4  35.1 12:53am   17.1 10:53pm  34.7  0.0  0.00   7  13  00:00   SSW  29.0 47.4
10   18.8  27.0  3:53pm   15.1  6:53am  42.1  0.0  0.00   6  13  00:00    SW  29.0 57.2
11   25.1  41.0  1:53pm   12.9 12:53am  31.9  0.0  0.00   6  12  00:00     S  29.0 62.0
12   32.6  50.0  1:53pm   19.9  1:53am  23.7  0.0  0.00   7  13  00:00     S  29.0 44.7
13   39.2  57.9  2:53pm   26.1 12:53am  16.4  0.0  0.00   9  16  00:00   SSW  29.0 38.2
14   36.1  55.8  3:53pm   27.0  5:53am  19.0  0.0  0.00   6  12  00:00   SSW  29.0 50.6
15   32.8  50.0 11:53am   17.1 11:53pm  23.6  0.0  0.00  22  44  00:00   WSW  29.0 51.9
16   23.5  36.0  2:53pm   14.0  4:53am  35.2  0.0  0.00   6  12  00:00   SSE  29.3 52.8
17   27.2  41.0  2:53pm   21.0  6:53am  30.9  0.0  0.00   9  16  00:00    SW  29.2 45.4
18   31.2  50.0  1:53pm   15.1  3:53am  24.4  0.0  0.00  17  33  00:00   SSW  29.0 37.3
19   46.1  66.0 12:53pm   28.9 12:53am   8.9  0.0  0.00  12  22  00:00    SW  28.8 19.4
20   45.4  63.0 12:53pm   33.1  6:53am  10.8  0.0  0.00   9  17  00:00    SW  28.7 15.7
21   35.4  51.8 12:27pm   19.9  6:53am  21.4  0.0  0.00  13  24  00:00     W  28.8 41.3
22   17.7  28.9 12:53am   14.0  5:53pm  41.7  0.0  0.00   7  13  00:00   WSW  29.4 85.9
23   32.8  57.9  1:53pm   14.0  1:22am  19.6  0.0  0.00   7  14  00:00   SSW  29.1 56.2
24   35.7  52.0 12:53pm   26.1  6:53am  21.1  0.0  0.00   7  13  00:00   SSW  28.9 55.8
25   33.4  45.0  2:53pm   26.1  7:53am  25.8  0.0  0.00   6  10  00:00   SSE  29.0 52.1
26   42.2  60.1  2:53pm   27.0  3:53am  13.8  0.0  0.00   8  15  00:00   WSW  29.0 32.1
27     52  66.0 12:53pm   43.0 10:53pm   6.0  0.0  0.00  12  22  00:00    SW  28.8 26.8
28     35  46.9 12:53am   28.0  9:53pm  24.0  0.0  0.00   9  17  00:00     S  29.1 66.6
29     34  51.1  2:53pm   24.1  1:53am  22.4  0.0  0.00   8  15  00:00   SSE  29.1 61.9
30   43.5  60.1  1:53pm   32.0 10:53pm  13.2  0.0  0.00  21  40  00:00    SW  29.0 39.7
31   44.8  62.1  2:53pm   30.0  2:53am  11.5  0.0  0.00   9  16  00:00   WSW  28.9 44.6