NOAA-Style Climate Reports

Select a Year or Month report
2018: Jan Feb Mar Apr May Jun Jul Aug Sep Oct Nov Dec
2017: Jan Feb Mar Apr May Jun Jul Aug Sep Oct Nov Dec
2016: Jan Feb Mar Apr May Jun Jul Aug Sep Oct Nov Dec
2015: Jan Feb Mar Apr May Jun Jul Aug Sep Oct Nov Dec
2014: Jan Feb Mar Apr May Jun Jul Aug Sep Oct Nov Dec
2013: Jan Feb Mar Apr May Jun Jul Aug Sep Oct Nov Dec
2012: Jan Feb Mar Apr May Jun Jul Aug Sep Oct Nov Dec
2011: Jan Feb Mar Apr May Jun Jul Aug Sep Oct Nov Dec
2010: Jan Feb Mar Apr May Jun Jul Aug Sep Oct Nov Dec
2009: Jan Feb Mar Apr May Jun Jul Aug Sep Oct Nov Dec
2008: Jan Feb Mar Apr May Jun Jul Aug Sep Oct Nov Dec
2007: Jan Feb Mar Apr May Jun Jul Aug Sep Oct Nov Dec
2006: Jan Feb Mar Apr May Jun Jul Aug Sep Oct Nov Dec
2005: Jan Feb Mar Apr May Jun Jul Aug Sep Oct Nov Dec
2004: Jan Feb Mar Apr May Jun Jul Aug Sep Oct Nov Dec
2003: Jan Feb Mar Apr May Jun Jul Aug Sep Oct Nov Dec
2002: Jan Feb Mar Apr May Jun Jul Aug Sep Oct Nov Dec
2001: Jan Feb Mar Apr May Jun Jul Aug Sep Oct Nov Dec
2000: Jan Feb Mar Apr May Jun Jul Aug Sep Oct Nov Dec
1999: Jan Feb Mar Apr May Jun Jul Aug Sep Oct Nov Dec
1998: Jan Feb Mar Apr May Jun Jul Aug Sep Oct Nov Dec
1997: Jan Feb Mar Apr May Jun Jul Aug Sep Oct Nov Dec
1996: Jan Feb Mar Apr May Jun Jul Aug Sep Oct Nov Dec
1995: Jan Feb Mar Apr May Jun Jul Aug Sep Oct Nov Dec
1994: Jan Feb Mar Apr May Jun Jul Aug Sep Oct Nov Dec
1993: Jan Feb Mar Apr May Jun Jul Aug Sep Oct Nov Dec
1992: Jan Feb Mar Apr May Jun Jul Aug Sep Oct Nov Dec
1991: Jan Feb Mar Apr May Jun Jul Aug Sep Oct Nov Dec
1990: Jan Feb Mar Apr May Jun Jul Aug Sep Oct Nov Dec
1989: Jan Feb Mar Apr May Jun Jul Aug Sep Oct Nov Dec
1988: Jan Feb Mar Apr May Jun Jul Aug Sep Oct Nov Dec
1987: Jan Feb Mar Apr May Jun Jul Aug Sep Oct Nov Dec
1986: Jan Feb Mar Apr May Jun Jul Aug Sep Oct Nov Dec

Report for 2003 February
                  MONTHLY CLIMATOLOGICAL SUMMARY FOR 2/2003
                                        HEAT  COOL        
     MEAN                               DEG   DEG       WIND SPEED       DOM MEAN  MEAN
DAY  TEMP  HIGH   TIME     LOW   TIME   DAYS  DAYS RAIN AVG  HI  TIME    DIR BAROM HUM
---------------------------------------------------------------------------------------
1    53.6  69.1 12:53pm   45.0  5:53am   3.6  0.0  0.00  13  24  00:00    SW  28.5 19.6
2    32.9  51.1  1:53am   21.9 11:53pm  23.0  0.0  0.00  15  29  00:00     W  28.9 72.1
3    20.7  25.0  9:53am   12.0 11:53pm  42.1  0.0  0.10   8  15  00:00   WSW  29.0 74.4
4    21.1  32.0  1:53pm   10.0  2:53am  38.4  0.0  0.00   6  13  00:00   SSE  29.2 70.7
5    18.4  24.1  2:53pm   12.9  4:53am  43.7  0.0  0.11  10  20  00:00    SE  29.3 85.1
6    10.4  19.9 12:53am    1.0 10:53pm  49.8  0.0  0.02   9  16  00:00     S  29.5 76.5
7    12.4  26.1  1:53pm   -2.9  2:53am  45.7  0.0  0.00   6  10  00:00     S  29.1 46.8
8      17  28.0 12:53pm    7.0  4:53am  42.5  0.0  0.00   7  14  00:00   SSE  28.9 55.4
9    20.2  30.0  2:53pm   15.1 12:53am  39.9  0.0  0.00  18  35  00:00   WNW  28.9 60.4
10   30.8  46.0  1:53pm   12.9  1:53am  26.6  0.0  0.00  16  31  00:00   WSW  28.8 39.9
11   29.2  39.9 11:53am   21.0  1:53am  30.4  0.0  0.00   9  17  00:00   SSE  28.9 53.0
12   34.5  54.0  1:53pm   19.9  6:53am  20.7  0.0  0.00   7  13  00:00   SSE  28.9 44.3
13   37.5  51.1 12:53pm   30.9  2:53am  20.7  0.0  0.00   4   7  00:00   SSW  28.7 56.2
14   37.9  52.0  1:53pm   32.0 10:53pm  20.0  0.0  0.07  13  25  00:00    SE  28.9 71.7
15   29.1  34.0  4:53pm   26.1  6:53am  33.4  0.0  0.03   6  10  00:00   ESE  29.3 85.9
16     34  50.0 12:53pm   23.0  4:53am  23.0  0.0  0.00   6  12  00:00     S  28.8 60.2
17   38.4  50.0  2:53pm   32.0 10:53pm  20.8  0.0  0.00  14  28  00:00    SW  28.8 30.2
18   32.7  41.0  2:53pm   28.9 11:53pm  28.1  0.0  0.00   8  15  00:00    SW  28.8 47.9
19   30.4  44.1  3:53pm   21.0  6:53am  27.7  0.0  0.00   8  15  00:00    SW  29.1 62.3
20   32.4  46.9  2:53pm   21.0  4:53am  25.3  0.0  0.00   6  12  00:00   SSE  28.6 39.8
21   35.4  48.9 12:53pm   24.1 12:53am  22.8  0.0  0.00  17  33  00:00    NW  28.6 39.0
22   31.6  45.0 11:53am   21.9 11:53pm  26.7  0.0  0.00  18  36  00:00   SSW  28.7 61.2
23      8  21.9  1:53pm    1.4  5:00am  50.0  0.0  0.00  13  25  00:00     E  29.3 80.6
24    5.2  16.0  3:53pm   -4.0  6:53am  54.4  0.0  0.01   6  13  00:00     E  29.2 72.9
25   20.5  36.0  2:53pm    6.1  2:53am  36.7  0.0  0.00   6  13  00:00   ESE  29.2 75.0
26   24.2  33.1  1:53pm   14.0  1:53am  36.3  0.0  0.11   5   9  00:00     S  29.0 84.5
27   27.9  35.6  2:59pm   25.0  5:53am  33.2  0.0  0.02   7  13  00:00    SW  29.2 83.6
28   25.4  28.4 12:43pm   24.1 12:53am  38.1  0.0  0.08   4   7  00:00    NW  29.0 82.3