NOAA-Style Climate Reports

Select a Year or Month report
2018: Jan Feb Mar Apr May Jun Jul Aug Sep Oct Nov Dec
2017: Jan Feb Mar Apr May Jun Jul Aug Sep Oct Nov Dec
2016: Jan Feb Mar Apr May Jun Jul Aug Sep Oct Nov Dec
2015: Jan Feb Mar Apr May Jun Jul Aug Sep Oct Nov Dec
2014: Jan Feb Mar Apr May Jun Jul Aug Sep Oct Nov Dec
2013: Jan Feb Mar Apr May Jun Jul Aug Sep Oct Nov Dec
2012: Jan Feb Mar Apr May Jun Jul Aug Sep Oct Nov Dec
2011: Jan Feb Mar Apr May Jun Jul Aug Sep Oct Nov Dec
2010: Jan Feb Mar Apr May Jun Jul Aug Sep Oct Nov Dec
2009: Jan Feb Mar Apr May Jun Jul Aug Sep Oct Nov Dec
2008: Jan Feb Mar Apr May Jun Jul Aug Sep Oct Nov Dec
2007: Jan Feb Mar Apr May Jun Jul Aug Sep Oct Nov Dec
2006: Jan Feb Mar Apr May Jun Jul Aug Sep Oct Nov Dec
2005: Jan Feb Mar Apr May Jun Jul Aug Sep Oct Nov Dec
2004: Jan Feb Mar Apr May Jun Jul Aug Sep Oct Nov Dec
2003: Jan Feb Mar Apr May Jun Jul Aug Sep Oct Nov Dec
2002: Jan Feb Mar Apr May Jun Jul Aug Sep Oct Nov Dec
2001: Jan Feb Mar Apr May Jun Jul Aug Sep Oct Nov Dec
2000: Jan Feb Mar Apr May Jun Jul Aug Sep Oct Nov Dec
1999: Jan Feb Mar Apr May Jun Jul Aug Sep Oct Nov Dec
1998: Jan Feb Mar Apr May Jun Jul Aug Sep Oct Nov Dec
1997: Jan Feb Mar Apr May Jun Jul Aug Sep Oct Nov Dec
1996: Jan Feb Mar Apr May Jun Jul Aug Sep Oct Nov Dec
1995: Jan Feb Mar Apr May Jun Jul Aug Sep Oct Nov Dec
1994: Jan Feb Mar Apr May Jun Jul Aug Sep Oct Nov Dec
1993: Jan Feb Mar Apr May Jun Jul Aug Sep Oct Nov Dec
1992: Jan Feb Mar Apr May Jun Jul Aug Sep Oct Nov Dec
1991: Jan Feb Mar Apr May Jun Jul Aug Sep Oct Nov Dec
1990: Jan Feb Mar Apr May Jun Jul Aug Sep Oct Nov Dec
1989: Jan Feb Mar Apr May Jun Jul Aug Sep Oct Nov Dec
1988: Jan Feb Mar Apr May Jun Jul Aug Sep Oct Nov Dec
1987: Jan Feb Mar Apr May Jun Jul Aug Sep Oct Nov Dec
1986: Jan Feb Mar Apr May Jun Jul Aug Sep Oct Nov Dec

Report for 2003 March
                  MONTHLY CLIMATOLOGICAL SUMMARY FOR 3/2003
                                        HEAT  COOL        
     MEAN                               DEG   DEG       WIND SPEED       DOM MEAN  MEAN
DAY  TEMP  HIGH   TIME     LOW   TIME   DAYS  DAYS RAIN AVG  HI  TIME    DIR BAROM HUM
---------------------------------------------------------------------------------------
1    25.6  34.0  9:53am   19.0  5:53am  35.2  0.0  0.00   8  16  00:00   ENE  29.2 77.6
2    28.7  45.0  2:53pm   14.0  4:53am  28.1  0.0  0.03   7  13  00:00    SW  28.8 55.9
3    36.2  51.1  2:53pm   28.0  2:53am  21.3  0.0  0.00   8  15  00:00   SSE  28.5 37.1
4    16.8  30.9  1:53am   12.2 10:23am  41.1  0.0  0.00   7  14  00:00   ESE  29.2 86.4
5    24.7  41.0  4:53pm   10.0  4:53am  32.1  0.0  0.16  10  20  00:00   SSW  28.7 56.0
6    41.4  55.9  1:53pm   33.1 12:53am  16.3  0.0  0.00  17  32  00:00   WSW  28.5 27.4
7    44.2  60.8  3:08pm   30.9 12:53am  12.5  0.0  0.00  14  27  00:00    SW  28.6 29.6
8    45.6  62.1  2:53pm   35.1  2:53am  11.1  0.0  0.00  13  24  00:00   WSW  28.7 27.0
9    47.3  61.0  1:53pm   37.9  4:53am  10.8  0.0  0.00  10  20  00:00     W  28.8 21.2
10   47.4  61.0  3:53pm   34.0  5:53am  10.8  0.0  0.00  10  18  00:00    SW  28.7 24.3
11   47.5  63.0  2:53pm   34.0  2:53am   9.7  0.0  0.00  14  27  00:00     S  28.6 29.9
12     50  63.0 12:53pm   42.1  6:53am   8.5  0.0  0.00  16  31  00:00   WNW  28.7 27.0
13   53.7  73.0  2:53pm   39.0  5:53am   1.6  0.0  0.00  10  18  00:00   SSE  28.8 21.3
14   57.4  72.0  1:53pm   46.9  1:53am   0.3  0.0  0.00  12  22  00:00    SW  28.7 18.6
15   53.4  64.9  2:53pm   44.1  6:53am   5.8  0.0  0.00  13  25  00:00     S  28.5 19.2
16   50.6  62.1  1:53pm   42.1  4:53am   8.6  0.0  0.00   9  17  00:00   WSW  28.3 27.3
17   39.4  46.9 12:53am   32.0 10:53pm  21.8  0.0  1.36  12  22  00:00   NNW  28.6 81.9
18   29.2  32.0 12:53am   28.4 12:39pm  34.4  0.0  0.03  18  36  00:00   NNW  28.9 93.9
19   29.8  33.8  3:44pm   28.0  6:53am  33.2  0.0  0.56  15  30  00:00   WNW  29.3 92.6
20   32.4  37.0  9:53am   25.0  1:53am  30.3  0.0  0.66   5   9  00:00    SE  28.8 77.8
21   33.1  41.0  1:53pm   28.9 10:53pm  27.9  0.0  0.11   5   9  00:00     W  29.1 82.1
22   35.6  45.0  1:53pm   27.0  2:53am  24.7  0.0  0.00   8  15  00:00     S  28.9 56.9
23   43.5  55.9  1:53pm   36.0  1:53am  15.3  0.0  0.00  14  27  00:00     S  28.6 46.4
24   33.1  43.0 12:53am   30.2 10:15pm  26.9  0.0  0.30   6  12  00:00    SE  29.4 89.7
25     35  45.0  5:53pm   26.1  5:53am  25.0  0.0  0.00   7  14  00:00     S  29.1 72.1
26   45.3  57.9 11:53am   36.0 11:53pm  13.4  0.0  0.03  17  33  00:00    SW  28.7 43.7
27   27.1  37.9  1:53am   23.0  5:28pm  32.5  0.0  0.00  19  37  00:00    SE  29.3 72.1
28   24.8  33.1 12:53pm   19.0 11:53pm  36.0  0.0  0.00  13  25  00:00   SSW  29.2 63.9
29   26.4  36.0 11:53am   16.0  5:53am  33.8  0.0  0.00  14  27  00:00   WSW  29.3 54.2
30   39.4  53.1  2:53pm   26.1 12:53am  18.7  0.0  0.00  11  21  00:00     W  29.1 45.0
31   47.8  63.0  2:53pm   39.9  4:53am   9.6  0.0  0.00   9  16  00:00   SSW  28.8 39.6