NOAA-Style Climate Reports

Select a Year or Month report
2018: Jan Feb Mar Apr May Jun Jul Aug Sep Oct Nov Dec
2017: Jan Feb Mar Apr May Jun Jul Aug Sep Oct Nov Dec
2016: Jan Feb Mar Apr May Jun Jul Aug Sep Oct Nov Dec
2015: Jan Feb Mar Apr May Jun Jul Aug Sep Oct Nov Dec
2014: Jan Feb Mar Apr May Jun Jul Aug Sep Oct Nov Dec
2013: Jan Feb Mar Apr May Jun Jul Aug Sep Oct Nov Dec
2012: Jan Feb Mar Apr May Jun Jul Aug Sep Oct Nov Dec
2011: Jan Feb Mar Apr May Jun Jul Aug Sep Oct Nov Dec
2010: Jan Feb Mar Apr May Jun Jul Aug Sep Oct Nov Dec
2009: Jan Feb Mar Apr May Jun Jul Aug Sep Oct Nov Dec
2008: Jan Feb Mar Apr May Jun Jul Aug Sep Oct Nov Dec
2007: Jan Feb Mar Apr May Jun Jul Aug Sep Oct Nov Dec
2006: Jan Feb Mar Apr May Jun Jul Aug Sep Oct Nov Dec
2005: Jan Feb Mar Apr May Jun Jul Aug Sep Oct Nov Dec
2004: Jan Feb Mar Apr May Jun Jul Aug Sep Oct Nov Dec
2003: Jan Feb Mar Apr May Jun Jul Aug Sep Oct Nov Dec
2002: Jan Feb Mar Apr May Jun Jul Aug Sep Oct Nov Dec
2001: Jan Feb Mar Apr May Jun Jul Aug Sep Oct Nov Dec
2000: Jan Feb Mar Apr May Jun Jul Aug Sep Oct Nov Dec
1999: Jan Feb Mar Apr May Jun Jul Aug Sep Oct Nov Dec
1998: Jan Feb Mar Apr May Jun Jul Aug Sep Oct Nov Dec
1997: Jan Feb Mar Apr May Jun Jul Aug Sep Oct Nov Dec
1996: Jan Feb Mar Apr May Jun Jul Aug Sep Oct Nov Dec
1995: Jan Feb Mar Apr May Jun Jul Aug Sep Oct Nov Dec
1994: Jan Feb Mar Apr May Jun Jul Aug Sep Oct Nov Dec
1993: Jan Feb Mar Apr May Jun Jul Aug Sep Oct Nov Dec
1992: Jan Feb Mar Apr May Jun Jul Aug Sep Oct Nov Dec
1991: Jan Feb Mar Apr May Jun Jul Aug Sep Oct Nov Dec
1990: Jan Feb Mar Apr May Jun Jul Aug Sep Oct Nov Dec
1989: Jan Feb Mar Apr May Jun Jul Aug Sep Oct Nov Dec
1988: Jan Feb Mar Apr May Jun Jul Aug Sep Oct Nov Dec
1987: Jan Feb Mar Apr May Jun Jul Aug Sep Oct Nov Dec
1986: Jan Feb Mar Apr May Jun Jul Aug Sep Oct Nov Dec

Report for 2003 April
                  MONTHLY CLIMATOLOGICAL SUMMARY FOR 4/2003
                                        HEAT  COOL        
     MEAN                               DEG   DEG       WIND SPEED       DOM MEAN  MEAN
DAY  TEMP  HIGH   TIME     LOW   TIME   DAYS  DAYS RAIN AVG  HI  TIME    DIR BAROM HUM
---------------------------------------------------------------------------------------
1      54  70.0  1:53pm   46.9  1:53am   3.0  0.0  0.00  12  23  00:00    SW  28.5 31.6
2    55.1  70.0  2:53pm   43.0  3:53am   2.4  0.0  0.00  20  38  00:00    SW  28.4 23.7
3    45.4  59.0  1:53pm   34.0 11:53pm  12.8  0.0  0.00  19  37  00:00   SSE  28.5 34.9
4    35.1  48.0  2:53pm   28.4  5:14am  23.4  0.0  0.01  13  24  00:00   SSE  28.9 56.7
5    38.5  48.9  1:53pm   33.1  3:53am  21.3  0.0  0.00  17  33  00:00   SSE  28.7 59.1
6    31.3  42.1  4:53pm   27.0  7:53am  28.3  0.0  0.20  10  18  00:00     S  29.0 84.6
7      30  39.9  1:53pm   26.1  2:53am  30.0  0.0  0.00  12  22  00:00    SE  29.5 78.0
8    38.1  55.0  3:53pm   21.9  5:53am  18.4  0.0  0.06   9  16  00:00   SSE  29.1 46.0
9    50.5  71.1  4:53pm   30.9  3:53am   4.2  0.0  0.00   7  14  00:00   SSE  28.9 29.7
10     54  72.0  4:53pm   37.9  4:53am   2.0  0.0  0.00   8  15  00:00   SSE  28.7 25.7
11   57.3  73.0  2:53pm   37.9  6:53am   0.0  0.2  0.00  12  23  00:00     S  28.7 26.2
12     60  75.0  1:53pm   46.9  5:53am   0.0  2.5  0.00  14  27  00:00   WSW  28.4 19.5
13   58.6  77.0  2:53pm   41.0  5:53am   0.0  2.8  0.00   9  16  00:00     S  28.5 18.8
14   60.8  75.9  2:53pm   48.0  4:53am   0.0  3.4  0.00  11  21  00:00    SW  28.5 16.4
15   52.4  68.0 11:18am   42.1  7:53pm   4.8  0.0  0.58  26  51  00:00     W  28.7 47.5
16   47.7  59.0  4:53pm   39.9 11:53pm  11.6  0.0  0.00  10  20  00:00   SSE  28.6 40.8
17   50.3  66.0  1:53pm   39.9 12:53am   6.8  0.0  0.00  21  41  00:00     S  28.5 47.5
18   47.3  57.9  2:53pm   42.8  4:11am  12.4  0.0  0.01  14  28  00:00   WSW  28.5 52.1
19   37.6  44.1  4:53pm   33.8  4:25am  24.1  0.0  0.85  14  29  00:00     S  29.1 82.1
20   42.1  54.0  3:53pm   33.1  4:53am  16.9  0.0  0.00   7  13  00:00     S  29.0 58.0
21   50.4  66.0  3:53pm   42.1 12:53am   6.8  0.0  0.00  21  40  00:00     S  28.9 50.9
22   51.1  60.8  3:53pm   44.1 12:53am   9.0  0.0  0.03  18  36  00:00   SSE  28.8 58.4
23   39.2  52.0 10:53am   33.1  1:53pm  19.4  0.0  2.23  20  39  00:00   WNW  28.7 84.3
24   36.3  46.0  5:53pm   32.0  4:53am  23.8  0.0  1.00  15  29  00:00   WNW  29.1 88.4
25   42.9  62.1  3:53pm   33.1  6:53am  12.5  0.0  0.01  10  18  00:00   SSE  28.9 77.0
26   56.5  71.1  2:53pm   42.1  2:53am   1.2  0.0  0.00   7  13  00:00    SE  28.4 41.9
27     50  64.0  3:53pm   39.9  5:53am   8.0  0.0  0.00  17  33  00:00    SE  28.7 45.5
28   52.2  66.9  1:53pm   39.9  4:53am   5.4  0.0  0.00  15  29  00:00     S  29.0 66.1
29   51.5  64.9 12:53pm   43.0  5:53am   6.8  0.0  0.18  10  20  00:00   SSE  28.9 71.2
30   47.6  57.9  4:53pm   39.9  4:53am  12.2  0.0  0.00  12  22  00:00   ESE  28.9 70.3