NOAA-Style Climate Reports

Select a Year or Month report
2018: Jan Feb Mar Apr May Jun Jul Aug Sep Oct Nov Dec
2017: Jan Feb Mar Apr May Jun Jul Aug Sep Oct Nov Dec
2016: Jan Feb Mar Apr May Jun Jul Aug Sep Oct Nov Dec
2015: Jan Feb Mar Apr May Jun Jul Aug Sep Oct Nov Dec
2014: Jan Feb Mar Apr May Jun Jul Aug Sep Oct Nov Dec
2013: Jan Feb Mar Apr May Jun Jul Aug Sep Oct Nov Dec
2012: Jan Feb Mar Apr May Jun Jul Aug Sep Oct Nov Dec
2011: Jan Feb Mar Apr May Jun Jul Aug Sep Oct Nov Dec
2010: Jan Feb Mar Apr May Jun Jul Aug Sep Oct Nov Dec
2009: Jan Feb Mar Apr May Jun Jul Aug Sep Oct Nov Dec
2008: Jan Feb Mar Apr May Jun Jul Aug Sep Oct Nov Dec
2007: Jan Feb Mar Apr May Jun Jul Aug Sep Oct Nov Dec
2006: Jan Feb Mar Apr May Jun Jul Aug Sep Oct Nov Dec
2005: Jan Feb Mar Apr May Jun Jul Aug Sep Oct Nov Dec
2004: Jan Feb Mar Apr May Jun Jul Aug Sep Oct Nov Dec
2003: Jan Feb Mar Apr May Jun Jul Aug Sep Oct Nov Dec
2002: Jan Feb Mar Apr May Jun Jul Aug Sep Oct Nov Dec
2001: Jan Feb Mar Apr May Jun Jul Aug Sep Oct Nov Dec
2000: Jan Feb Mar Apr May Jun Jul Aug Sep Oct Nov Dec
1999: Jan Feb Mar Apr May Jun Jul Aug Sep Oct Nov Dec
1998: Jan Feb Mar Apr May Jun Jul Aug Sep Oct Nov Dec
1997: Jan Feb Mar Apr May Jun Jul Aug Sep Oct Nov Dec
1996: Jan Feb Mar Apr May Jun Jul Aug Sep Oct Nov Dec
1995: Jan Feb Mar Apr May Jun Jul Aug Sep Oct Nov Dec
1994: Jan Feb Mar Apr May Jun Jul Aug Sep Oct Nov Dec
1993: Jan Feb Mar Apr May Jun Jul Aug Sep Oct Nov Dec
1992: Jan Feb Mar Apr May Jun Jul Aug Sep Oct Nov Dec
1991: Jan Feb Mar Apr May Jun Jul Aug Sep Oct Nov Dec
1990: Jan Feb Mar Apr May Jun Jul Aug Sep Oct Nov Dec
1989: Jan Feb Mar Apr May Jun Jul Aug Sep Oct Nov Dec
1988: Jan Feb Mar Apr May Jun Jul Aug Sep Oct Nov Dec
1987: Jan Feb Mar Apr May Jun Jul Aug Sep Oct Nov Dec
1986: Jan Feb Mar Apr May Jun Jul Aug Sep Oct Nov Dec

Report for 2003 May
                  MONTHLY CLIMATOLOGICAL SUMMARY FOR 5/2003
                                        HEAT  COOL        
     MEAN                               DEG   DEG       WIND SPEED       DOM MEAN  MEAN
DAY  TEMP  HIGH   TIME     LOW   TIME   DAYS  DAYS RAIN AVG  HI  TIME    DIR BAROM HUM
---------------------------------------------------------------------------------------
1    44.7  57.0  1:53pm   37.0  2:53am  14.1  0.0  0.00  12  23  00:00   ESE  28.7 63.8
2    48.6  61.0  4:53pm   37.9 12:53am  10.2  0.0  0.12   8  15  00:00    SE  28.8 59.9
3    56.6  73.0 12:53pm   43.0  5:53am   0.2  0.0  0.00  19  37  00:00   SSW  28.2 38.7
4    49.7  62.1  4:53pm   42.1 11:53pm   9.1  0.0  0.00  17  33  00:00     W  28.2 38.0
5    48.4  60.1  2:53pm   37.0  3:53am  10.7  0.0  0.00  16  30  00:00   SSE  28.5 37.9
6    47.4  60.1  4:53pm   39.9  2:53am  11.2  0.0  0.00  11  21  00:00    SE  28.6 49.2
7    51.2  64.0  1:53pm   42.1  1:53am   7.4  0.0  0.00  17  32  00:00    SW  28.7 52.4
8    45.7  55.9  1:53pm   37.0  5:53am  14.2  0.0  0.00  17  32  00:00   SSW  28.7 64.9
9    36.9  43.0 12:53am   32.0 11:53pm  25.0  0.0  0.19   7  14  00:00   WSW  29.0 89.4
10   34.3  42.1  5:53pm   30.9  4:53am  26.8  0.0  1.09   6  12  00:00   NNW  29.2 88.3
11     44  59.0  2:53pm   30.0  5:53am  13.5  0.0  0.00  11  21  00:00   ESE  28.9 59.2
12   53.7  72.0  3:53pm   37.0  5:53am   2.1  0.0  0.00  13  24  00:00   SSE  28.8 43.7
13   58.1  71.1  1:53pm   46.9  2:53am   0.4  0.0  0.00  10  20  00:00    SE  28.7 36.9
14   58.4  73.0  3:53pm   46.0  5:53am   0.0  0.7  0.00  10  18  00:00   SSE  28.7 40.7
15   54.4  63.0  1:53pm   48.9  5:53am   6.3  0.0  0.08  11  21  00:00   WSW  28.8 64.9
16   58.9  75.0  4:53pm   51.1  1:53am   0.0  2.0  0.00  10  18  00:00     S  28.8 64.4
17   65.7  82.0  2:53pm   50.0  5:53am   0.0  8.9  0.00  18  35  00:00   SSE  28.6 41.9
18   59.8  73.0  4:53pm   51.1  4:53am   0.0  1.4  0.00   9  16  00:00   SSE  28.6 52.3
19   41.5  53.1 12:53am   39.2  5:58am  17.7  0.0  0.00   9  17  00:00   ENE  29.5 78.5
20   46.5  61.0  2:53pm   39.2  7:22am  11.2  0.0  0.00  17  32  00:00     S  29.2 59.1
21   56.3  73.0  1:53pm   39.9  1:53am   0.3  0.0  0.00   6  12  00:00     S  28.9 46.8
22   61.9  79.0  3:53pm   48.0  5:53am   0.0  5.5  0.00  10  18  00:00    SE  28.8 41.9
23   64.5  81.0  2:53pm   46.9  5:53am   0.0  7.8  0.04  10  20  00:00     S  29.0 48.4
24   57.3  69.1  4:53pm   54.0  1:53am   1.8  0.0  0.81  14  28  00:00   WSW  29.2 79.0
25   55.9  66.9 12:53pm   50.0  3:53am   3.6  0.0  0.00   9  17  00:00   SSW  29.0 80.5
26   62.4  78.1  1:53pm   48.9  5:53am   0.0  5.3  0.00   9  16  00:00    SW  28.8 51.9
27     68  82.0  2:53pm   61.0  2:53am   0.0 10.0  0.00  10  18  00:00   SSE  28.9 41.7
28   66.2  82.9  2:53pm   57.9  2:53am   0.0  9.6  0.00   7  13  00:00   SSW  28.8 52.3
29   73.2  93.0  1:53pm   61.0  2:53am   0.0 18.1  0.05  21  40  00:00    SW  28.7 32.8
30   69.1  86.0 12:53pm   59.0 11:53pm   0.0 12.6  0.00  11  21  00:00     S  28.7 42.1
31   63.1  77.0  1:53pm   57.9  1:53am   0.0  5.1  0.24  16  31  00:00   SSW  28.7 59.4