NOAA-Style Climate Reports

Select a Year or Month report
2018: Jan Feb Mar Apr May Jun Jul Aug Sep Oct Nov Dec
2017: Jan Feb Mar Apr May Jun Jul Aug Sep Oct Nov Dec
2016: Jan Feb Mar Apr May Jun Jul Aug Sep Oct Nov Dec
2015: Jan Feb Mar Apr May Jun Jul Aug Sep Oct Nov Dec
2014: Jan Feb Mar Apr May Jun Jul Aug Sep Oct Nov Dec
2013: Jan Feb Mar Apr May Jun Jul Aug Sep Oct Nov Dec
2012: Jan Feb Mar Apr May Jun Jul Aug Sep Oct Nov Dec
2011: Jan Feb Mar Apr May Jun Jul Aug Sep Oct Nov Dec
2010: Jan Feb Mar Apr May Jun Jul Aug Sep Oct Nov Dec
2009: Jan Feb Mar Apr May Jun Jul Aug Sep Oct Nov Dec
2008: Jan Feb Mar Apr May Jun Jul Aug Sep Oct Nov Dec
2007: Jan Feb Mar Apr May Jun Jul Aug Sep Oct Nov Dec
2006: Jan Feb Mar Apr May Jun Jul Aug Sep Oct Nov Dec
2005: Jan Feb Mar Apr May Jun Jul Aug Sep Oct Nov Dec
2004: Jan Feb Mar Apr May Jun Jul Aug Sep Oct Nov Dec
2003: Jan Feb Mar Apr May Jun Jul Aug Sep Oct Nov Dec
2002: Jan Feb Mar Apr May Jun Jul Aug Sep Oct Nov Dec
2001: Jan Feb Mar Apr May Jun Jul Aug Sep Oct Nov Dec
2000: Jan Feb Mar Apr May Jun Jul Aug Sep Oct Nov Dec
1999: Jan Feb Mar Apr May Jun Jul Aug Sep Oct Nov Dec
1998: Jan Feb Mar Apr May Jun Jul Aug Sep Oct Nov Dec
1997: Jan Feb Mar Apr May Jun Jul Aug Sep Oct Nov Dec
1996: Jan Feb Mar Apr May Jun Jul Aug Sep Oct Nov Dec
1995: Jan Feb Mar Apr May Jun Jul Aug Sep Oct Nov Dec
1994: Jan Feb Mar Apr May Jun Jul Aug Sep Oct Nov Dec
1993: Jan Feb Mar Apr May Jun Jul Aug Sep Oct Nov Dec
1992: Jan Feb Mar Apr May Jun Jul Aug Sep Oct Nov Dec
1991: Jan Feb Mar Apr May Jun Jul Aug Sep Oct Nov Dec
1990: Jan Feb Mar Apr May Jun Jul Aug Sep Oct Nov Dec
1989: Jan Feb Mar Apr May Jun Jul Aug Sep Oct Nov Dec
1988: Jan Feb Mar Apr May Jun Jul Aug Sep Oct Nov Dec
1987: Jan Feb Mar Apr May Jun Jul Aug Sep Oct Nov Dec
1986: Jan Feb Mar Apr May Jun Jul Aug Sep Oct Nov Dec

Report for 2003 June
                  MONTHLY CLIMATOLOGICAL SUMMARY FOR 6/2003
                                        HEAT  COOL        
     MEAN                               DEG   DEG       WIND SPEED       DOM MEAN  MEAN
DAY  TEMP  HIGH   TIME     LOW   TIME   DAYS  DAYS RAIN AVG  HI  TIME    DIR BAROM HUM
---------------------------------------------------------------------------------------
1    59.4  72.0  5:53pm   53.6 11:58am   0.0  0.7  1.07  20  38  00:00   SSW  28.7 59.6
2      57  75.0  5:53pm   50.0  2:53am   0.0  1.0  0.00  25  50  00:00   SSW  29.0 64.7
3    54.8  66.9  2:53pm   50.0  4:53am   4.1  0.0  0.00  10  20  00:00    SE  28.9 68.5
4    50.7  59.0 10:53am   46.9 10:53pm  10.1  0.0  0.00  14  28  00:00   WSW  29.2 78.9
5    47.9  60.1  4:53pm   46.0  2:53am  11.0  0.0  0.49  10  18  00:00   SSW  29.0 78.1
6      51  66.9  3:53pm   42.8 11:28pm   6.0  0.0  0.29  14  29  00:00   ESE  29.0 71.5
7    46.6  57.9  2:53pm   41.0  5:53am  12.7  0.0  0.07   6  12  00:00   ENE  29.0 69.8
8    58.9  73.9  3:53pm   42.1  4:53am   0.0  1.4  0.00   7  14  00:00     S  28.6 41.9
9    61.7  79.0  1:53pm   51.1 11:53pm   0.0  5.4  0.11  23  45  00:00     S  28.9 48.8
10   60.4  80.1  2:53pm   48.9  4:53am   0.0  5.3  0.65  16  30  00:00   SSE  28.8 58.6
11     64  82.0  4:53pm   51.1  4:53am   0.0  8.0  0.00  17  32  00:00    SE  28.6 45.2
12   59.2  75.0 12:53pm   50.0  5:53am   0.0  2.1  0.00  13  25  00:00   SSW  28.4 48.8
13   57.8  69.8  3:53pm   55.4  7:53am   1.2  0.0  0.00   6  13  00:00    NW  28.2 56.2
14     61  75.9  2:53pm   52.0  2:53am   0.0  3.5  0.00   9  17  00:00   SSE  28.6 49.4
15   68.5  82.9  2:53pm   57.2  5:53am   0.0 10.7  0.00   8  15  00:00   SSE  28.7 35.6
16   63.3  78.8  2:53pm   55.4  5:53am   0.0  6.1  0.00   9  16  00:00    SW  28.8 53.5
17   58.4  73.0  1:53pm   55.0  5:53am   0.0  0.7  1.78  26  51  00:00   SSE  29.1 74.7
18   56.3  66.9  3:53pm   52.0  4:53am   3.4  0.0  0.49   6  12  00:00     S  29.4 85.1
19     59  70.0  1:53pm   51.1  5:53am   0.5  0.0  0.00   9  16  00:00    SW  28.8 67.7
20   60.2  73.4 12:25pm   53.1  4:53am   0.0  1.8  0.19  20  39  00:00    SW  28.9 63.6
21     64  81.0  2:53pm   48.9  4:53am   0.0  7.5  0.00  15  29  00:00   SSW  28.5 45.8
22   61.4  78.1  4:53pm   51.1  5:53am   0.0  4.8  0.00  12  23  00:00     S  28.5 51.5
23   62.2  75.9  5:53pm   55.9  1:53am   0.0  4.1  0.00  10  18  00:00    SW  28.5 60.1
24   54.4  64.4 12:25am   48.0 11:53pm   5.6  0.0  0.02   9  16  00:00   SSE  29.1 87.3
25   54.2  64.9  1:53pm   46.0  4:53am   5.4  0.0  0.00   9  16  00:00    SE  28.9 62.5
26   58.5  73.0  4:53pm   46.9  4:53am   0.0  0.8  0.00   6  10  00:00   SSE  29.0 52.0
27   65.4  81.0  3:53pm   53.1  5:53am   0.0  8.2  0.00   6  12  00:00    SE  28.8 37.0
28   66.7  84.9 12:53pm   54.0  4:53am   0.0 10.8  0.20  14  28  00:00     S  28.9 40.6
29   61.7  73.9 12:53pm   55.9  5:53am   0.0  2.8  0.07  13  25  00:00     S  29.3 66.5
30   69.6  88.0  4:53pm   55.9 12:53am   0.0 13.8  0.00   8  15  00:00    SE  28.8 46.2