NOAA-Style Climate Reports

Select a Year or Month report
2018: Jan Feb Mar Apr May Jun Jul Aug Sep Oct Nov Dec
2017: Jan Feb Mar Apr May Jun Jul Aug Sep Oct Nov Dec
2016: Jan Feb Mar Apr May Jun Jul Aug Sep Oct Nov Dec
2015: Jan Feb Mar Apr May Jun Jul Aug Sep Oct Nov Dec
2014: Jan Feb Mar Apr May Jun Jul Aug Sep Oct Nov Dec
2013: Jan Feb Mar Apr May Jun Jul Aug Sep Oct Nov Dec
2012: Jan Feb Mar Apr May Jun Jul Aug Sep Oct Nov Dec
2011: Jan Feb Mar Apr May Jun Jul Aug Sep Oct Nov Dec
2010: Jan Feb Mar Apr May Jun Jul Aug Sep Oct Nov Dec
2009: Jan Feb Mar Apr May Jun Jul Aug Sep Oct Nov Dec
2008: Jan Feb Mar Apr May Jun Jul Aug Sep Oct Nov Dec
2007: Jan Feb Mar Apr May Jun Jul Aug Sep Oct Nov Dec
2006: Jan Feb Mar Apr May Jun Jul Aug Sep Oct Nov Dec
2005: Jan Feb Mar Apr May Jun Jul Aug Sep Oct Nov Dec
2004: Jan Feb Mar Apr May Jun Jul Aug Sep Oct Nov Dec
2003: Jan Feb Mar Apr May Jun Jul Aug Sep Oct Nov Dec
2002: Jan Feb Mar Apr May Jun Jul Aug Sep Oct Nov Dec
2001: Jan Feb Mar Apr May Jun Jul Aug Sep Oct Nov Dec
2000: Jan Feb Mar Apr May Jun Jul Aug Sep Oct Nov Dec
1999: Jan Feb Mar Apr May Jun Jul Aug Sep Oct Nov Dec
1998: Jan Feb Mar Apr May Jun Jul Aug Sep Oct Nov Dec
1997: Jan Feb Mar Apr May Jun Jul Aug Sep Oct Nov Dec
1996: Jan Feb Mar Apr May Jun Jul Aug Sep Oct Nov Dec
1995: Jan Feb Mar Apr May Jun Jul Aug Sep Oct Nov Dec
1994: Jan Feb Mar Apr May Jun Jul Aug Sep Oct Nov Dec
1993: Jan Feb Mar Apr May Jun Jul Aug Sep Oct Nov Dec
1992: Jan Feb Mar Apr May Jun Jul Aug Sep Oct Nov Dec
1991: Jan Feb Mar Apr May Jun Jul Aug Sep Oct Nov Dec
1990: Jan Feb Mar Apr May Jun Jul Aug Sep Oct Nov Dec
1989: Jan Feb Mar Apr May Jun Jul Aug Sep Oct Nov Dec
1988: Jan Feb Mar Apr May Jun Jul Aug Sep Oct Nov Dec
1987: Jan Feb Mar Apr May Jun Jul Aug Sep Oct Nov Dec
1986: Jan Feb Mar Apr May Jun Jul Aug Sep Oct Nov Dec

Report for 2003 July
                  MONTHLY CLIMATOLOGICAL SUMMARY FOR 7/2003
                                        HEAT  COOL        
     MEAN                               DEG   DEG       WIND SPEED       DOM MEAN  MEAN
DAY  TEMP  HIGH   TIME     LOW   TIME   DAYS  DAYS RAIN AVG  HI  TIME    DIR BAROM HUM
---------------------------------------------------------------------------------------
1    75.6  91.9  3:53pm   62.1  4:53am   0.0 18.8  0.00  18  35  00:00   SSE  28.7 28.3
2    75.6  91.9  2:53pm   66.0  5:53am   0.0 18.8  0.00   6  12  00:00     S  28.6 23.2
3    75.6  93.0  1:53pm   62.1  5:53am   0.0 19.3  0.00   6  10  00:00   SSE  28.6 26.0
4    75.5  91.9  2:53pm   63.0  3:53am   0.0 18.7  0.00   8  15  00:00     S  28.6 22.4
5    74.5  93.0  1:53pm   59.0  5:53am   0.0 18.8  0.00  12  22  00:00    SE  28.6 25.5
6    74.8  91.0 12:53pm   63.0  3:53am   0.0 17.9  0.00  19  37  00:00     S  28.7 25.7
7      70  86.0 12:53pm   57.0  4:53am   0.0 13.0  0.00  13  25  00:00   WSW  28.8 39.5
8    76.9  98.6  4:16pm   55.9  4:53am   0.0 22.8  0.00   7  14  00:00     S  28.7 29.3
9    70.1  87.1  4:53pm   60.1  5:53am   0.0 13.6  0.00   4   8  00:00   SSW  28.8 30.3
10   72.5  91.0  2:53pm   60.1  3:53am   0.0 16.8  0.00   9  17  00:00     S  28.8 23.8
11   73.8  90.0  3:53pm   63.0  3:53am   0.0 16.9  0.00   9  16  00:00     W  28.8 29.0
12   73.4  91.9  3:53pm   60.1  5:53am   0.0 17.7  0.00   8  15  00:00    SW  28.8 40.3
13   79.6 100.0  2:53pm   63.0  5:53am   0.0 24.8  0.00   9  16  00:00   WSW  28.7 26.5
14   78.8  93.9  1:53pm   63.0  5:53am   0.0 21.4  0.00  16  30  00:00    SE  28.8 20.4
15     77  93.0 12:53pm   66.9  2:53am   0.0 20.0  0.00  16  30  00:00    SW  28.9 29.3
16   79.4  98.1  1:53pm   72.0 12:53am   0.0 23.8  0.00  14  27  00:00   WSW  28.7 24.2
17   79.5  98.1  2:53pm   66.9  3:53am   0.0 23.8  0.00  10  20  00:00     S  28.8 27.0
18   75.8  95.0  3:53pm   60.1 10:53pm   0.0 20.4  0.05  19  37  00:00    NW  28.9 40.1
19   70.8  91.9  3:53pm   62.1  3:53am   0.0 16.4  0.02  18  36  00:00   ESE  29.0 57.7
20   72.2  88.0  2:53pm   62.1  4:53am   0.0 15.1  0.00   8  15  00:00    SW  28.8 44.0
21   78.2  95.0  1:53pm   64.0  5:53am   0.0 21.6  0.00  18  36  00:00   WSW  28.9 31.5
22   72.1  86.0  4:53pm   64.0  5:53am   0.0 14.1  0.00   6  12  00:00     S  28.8 36.1
23   73.5  93.0  4:53pm   61.0  5:53am   0.0 18.3  0.00  11  21  00:00    SW  28.7 38.2
24   82.1  98.1  4:53pm   72.0  4:53am   0.0 25.1  0.00  15  29  00:00   WSW  28.7 23.8
25   77.6  95.0 12:53pm   68.0  6:53am   0.0 21.3  0.00  20  39  00:00   SSW  28.6 29.8
26   74.5  93.0  3:53pm   64.0 11:53pm   0.0 18.8  0.44  16  30  00:00     S  29.1 47.7
27   69.1  84.9 12:53pm   63.0 12:53am   0.0 12.0  0.07  10  18  00:00     S  29.0 60.6
28   65.8  78.1  1:53pm   62.1  5:53am   0.0  7.0  0.00  15  29  00:00   WSW  29.2 69.7
29   64.6  80.1  1:53pm   59.0  5:53am   0.0  7.4  0.36  17  33  00:00   WSW  29.1 68.9
30   69.2  84.9  2:53pm   55.9  5:53am   0.0 12.1  0.00  12  23  00:00     S  28.9 46.3
31   74.8  93.0  1:53pm   63.0  2:53am   0.0 18.9  0.00  17  33  00:00   WSW  28.8 31.4