NOAA-Style Climate Reports

Select a Year or Month report
2018: Jan Feb Mar Apr May Jun Jul Aug Sep Oct Nov Dec
2017: Jan Feb Mar Apr May Jun Jul Aug Sep Oct Nov Dec
2016: Jan Feb Mar Apr May Jun Jul Aug Sep Oct Nov Dec
2015: Jan Feb Mar Apr May Jun Jul Aug Sep Oct Nov Dec
2014: Jan Feb Mar Apr May Jun Jul Aug Sep Oct Nov Dec
2013: Jan Feb Mar Apr May Jun Jul Aug Sep Oct Nov Dec
2012: Jan Feb Mar Apr May Jun Jul Aug Sep Oct Nov Dec
2011: Jan Feb Mar Apr May Jun Jul Aug Sep Oct Nov Dec
2010: Jan Feb Mar Apr May Jun Jul Aug Sep Oct Nov Dec
2009: Jan Feb Mar Apr May Jun Jul Aug Sep Oct Nov Dec
2008: Jan Feb Mar Apr May Jun Jul Aug Sep Oct Nov Dec
2007: Jan Feb Mar Apr May Jun Jul Aug Sep Oct Nov Dec
2006: Jan Feb Mar Apr May Jun Jul Aug Sep Oct Nov Dec
2005: Jan Feb Mar Apr May Jun Jul Aug Sep Oct Nov Dec
2004: Jan Feb Mar Apr May Jun Jul Aug Sep Oct Nov Dec
2003: Jan Feb Mar Apr May Jun Jul Aug Sep Oct Nov Dec
2002: Jan Feb Mar Apr May Jun Jul Aug Sep Oct Nov Dec
2001: Jan Feb Mar Apr May Jun Jul Aug Sep Oct Nov Dec
2000: Jan Feb Mar Apr May Jun Jul Aug Sep Oct Nov Dec
1999: Jan Feb Mar Apr May Jun Jul Aug Sep Oct Nov Dec
1998: Jan Feb Mar Apr May Jun Jul Aug Sep Oct Nov Dec
1997: Jan Feb Mar Apr May Jun Jul Aug Sep Oct Nov Dec
1996: Jan Feb Mar Apr May Jun Jul Aug Sep Oct Nov Dec
1995: Jan Feb Mar Apr May Jun Jul Aug Sep Oct Nov Dec
1994: Jan Feb Mar Apr May Jun Jul Aug Sep Oct Nov Dec
1993: Jan Feb Mar Apr May Jun Jul Aug Sep Oct Nov Dec
1992: Jan Feb Mar Apr May Jun Jul Aug Sep Oct Nov Dec
1991: Jan Feb Mar Apr May Jun Jul Aug Sep Oct Nov Dec
1990: Jan Feb Mar Apr May Jun Jul Aug Sep Oct Nov Dec
1989: Jan Feb Mar Apr May Jun Jul Aug Sep Oct Nov Dec
1988: Jan Feb Mar Apr May Jun Jul Aug Sep Oct Nov Dec
1987: Jan Feb Mar Apr May Jun Jul Aug Sep Oct Nov Dec
1986: Jan Feb Mar Apr May Jun Jul Aug Sep Oct Nov Dec

Report for 2003 August
                  MONTHLY CLIMATOLOGICAL SUMMARY FOR 8/2003
                                        HEAT  COOL        
     MEAN                               DEG   DEG       WIND SPEED       DOM MEAN  MEAN
DAY  TEMP  HIGH   TIME     LOW   TIME   DAYS  DAYS RAIN AVG  HI  TIME    DIR BAROM HUM
---------------------------------------------------------------------------------------
1    71.9  86.0  2:53pm   63.0  5:53am   0.0 14.0  0.00  10  18  00:00   SSW  28.8 38.4
2    71.7  91.0  4:53pm   59.0  2:53am   0.0 16.4  0.00  18  35  00:00     S  28.7 45.0
3    72.3  91.0  1:53pm   64.9  5:53am   0.0 16.7  0.02  16  30  00:00    SW  28.8 47.3
4    73.8  89.1  4:53pm   62.1  5:53am   0.0 16.5  0.00  10  18  00:00    SW  28.7 41.2
5      74  90.0  3:53pm   64.0  4:53am   0.0 17.0  0.00  18  36  00:00   SSW  28.9 37.1
6    74.6  93.9 12:53pm   60.1  4:53am   0.0 19.3  0.00  14  27  00:00   SSW  28.8 37.1
7    75.1  93.0 12:53pm   63.0  5:53am   0.0 19.1  0.00  14  27  00:00   SSW  28.9 35.3
8    72.1  88.0  4:53pm   66.0  4:53am   0.0 15.1  0.18  16  32  00:00   SSW  29.1 48.3
9    72.4  89.1  4:53pm   60.1  3:53am   0.0 15.8  0.00   7  14  00:00     S  28.8 44.3
10   73.4  90.0  3:53pm   64.0  3:53am   0.0 16.7  0.00   7  13  00:00   SSW  28.8 42.5
11   73.4  91.0 12:53pm   62.1  5:53am   0.0 17.2  0.92  16  31  00:00   SSW  29.2 46.7
12   71.4  87.1  3:53pm   62.1  5:53am   0.0 14.3  0.00  15  29  00:00   SSE  28.8 49.2
13   71.2  88.0  2:53pm   61.0  5:53am   0.0 14.6  0.00  17  32  00:00   SSE  28.8 42.3
14   68.7  84.9  2:53pm   55.9  5:53am   0.0 11.8  0.00  15  29  00:00     S  28.9 38.7
15   69.1  86.0  3:53pm   55.9  5:53am   0.0 12.6  0.00  14  28  00:00    SE  28.9 39.8
16   70.7  88.0  3:53pm   62.1  6:53am   0.0 14.4  0.00   9  16  00:00   SSW  28.8 37.3
17     68  80.1 12:53pm   59.0  5:53am   0.0  9.1  0.00  10  18  00:00     W  28.7 42.0
18   61.4  82.0 12:53pm   57.0  9:53pm   0.0  6.7  0.37  18  35  00:00     S  29.1 69.5
19     66  82.0  4:53pm   55.0  5:53am   0.0  9.0  0.00   9  17  00:00    SE  28.8 51.1
20   72.8  91.0  4:53pm   59.0  5:53am   0.0 16.9  0.00   6  12  00:00   SSE  28.7 34.8
21     71  84.9  1:53pm   62.1  6:53am   0.0 13.0  0.00   5   9  00:00    SW  28.8 40.0
22     73  91.4  2:19pm   64.0  4:53am   0.0 17.2  0.02  18  35  00:00   SSW  29.0 44.2
23   72.2  86.0 12:53pm   61.0  6:53am   0.0 14.1  0.02  14  28  00:00    SW  29.1 43.4
24   69.7  86.0  3:53pm   59.0  3:53am   0.0 12.9  0.00  13  24  00:00    SW  28.9 48.1
25   69.6  84.9  1:53pm   63.0  6:53am   0.0 12.3  0.01   9  16  00:00   SSW  28.8 46.4
26   69.4  84.9  2:53pm   59.0  5:53am   0.0 12.2  0.00   6  10  00:00     S  28.8 42.4
27   72.4  87.1 12:53pm   60.1  6:53am   0.0 14.8  0.00  15  30  00:00   SSW  28.9 41.4
28   68.3  80.1  4:53pm   64.0  5:53am   0.0  9.2  0.02  10  18  00:00    SW  28.7 45.3
29   61.5  75.9  2:53pm   53.1  4:53am   0.0  3.7  0.23  15  29  00:00    SW  29.1 66.0
30   55.2  69.8  2:53pm   51.8  3:02am   2.5  0.0  1.36  14  28  00:00     S  29.4 87.2
31   56.1  66.9  3:53pm   50.0  5:53am   3.5  0.0  0.01   6  10  00:00   WSW  29.0 77.9